{"id":295,"date":"2024-09-13T17:49:05","date_gmt":"2024-09-13T17:49:05","guid":{"rendered":"https:\/\/lofimusic.com.es\/index.php\/producto\/b0cwp7cxl9_de\/"},"modified":"2024-09-13T17:49:05","modified_gmt":"2024-09-13T17:49:05","slug":"b0cwp7cxl9_de","status":"publish","type":"product","link":"https:\/\/lofimusic.com.es\/index.php\/producto\/b0cwp7cxl9_de\/","title":{"rendered":"B0CWP7CXL9_DE"},"content":{"rendered":"<p>&#8211; \u3010Solar Brunnen Aussen\u3011Ausgestattet mit hochwertigen Solarzellen wird der umweltfreundliche Solarbrunnen vollst\u00e4ndig durch Sonnenenergie gesteuert und ben\u00f6tigt keine Batterien oder Strom. Stellen Sie die Solarbrunnenpumpe einfach ins Wasser und das Solarmodul wird die Pumpe bei voller Sonneneinstrahlung automatisch in 3 Sekunden in Betrieb nehmen.<br \/>\n&#8211; \u3010Verbesserte Materialien\u3011Das Solarpanel mit einem Durchmesser von 160 mm zeichnet sich auf dem Markt durch seine hohe Qualit\u00e4t und hervorragende Haltbarkeit aus, die sich besser an raue Umgebungen anpassen l\u00e4sst. Und es ist nicht leicht zu brechen, was die Lebensdauer des Solarbrunnens effektiv verl\u00e4ngert.<br \/>\n&#8211; \u3010MEHRFACHE SPRAY-EFFEKTE\u3011Eingebaut in 6 verschiedenen D\u00fcsen, k\u00f6nnen Sie die H\u00f6he des Brunnens durch einfaches Wechseln der D\u00fcsen \u00e4ndern, um ein \u00dcberlaufen des Wassers aus dem Becken zu vermeiden. Inzwischen k\u00f6nnen verschiedene D\u00fcsenmodelle Ihre unterschiedlichen Anforderungen an die H\u00f6he oder Form der Wassers\u00e4ule erf\u00fcllen.<br \/>\n&#8211; \u3010EINFACHE INSTALLATION\u3011Es sind keine komplizierten Installationsvorg\u00e4nge erforderlich, stellen Sie die Pumpe einfach ins Wasser und lassen Sie die Sonne den Rest erledigen. Je mehr Sonnenlicht sie erh\u00e4lt, desto effektiver wird sie sein. Die Wasserpumpe sollte regelm\u00e4\u00dfig gereinigt werden, um Staubverstopfung zu verhindern und die Lebensdauer des Brunnens effektiv zu verl\u00e4ngern.<br \/>\n&#8211; \u3010Geeignet f\u00fcr viele Szenarien\u3011Diese Solarpumpe ist perfekt f\u00fcr G\u00e4rten, Vogelb\u00e4der, Schwimmb\u00e4der, Aquarien, kleine Teiche, Wasserzirkulation und Sauerstoffzufuhr. Dekorieren Sie Ihren Garten und ziehen Sie die Aufmerksamkeit der Passanten auf sich. Wenn Sie irgendwelche Fragen haben, z\u00f6gern Sie bitte nicht, uns zu kontaktieren. (Wir werden Ihnen innerhalb von 24 Stunden antworten).<\/p>\n","protected":false},"excerpt":{"rendered":"<p>Werbung<br \/>\nAMZtime Solar Springbrunnen f\u00fcr Au\u00dfen 2024 Upgrade Solar Teichpumpe mit 6 Effekte Solarbrunnen f\u00fcr Draussen Teichpumpe Solar Font\u00e4ne Pumpe f\u00fcr Garten VogelBad Wasserspiel<\/p>\n","protected":false},"featured_media":294,"comment_status":"open","ping_status":"closed","template":"","meta":[],"product_cat":[15],"product_tag":[],"class_list":{"0":"post-295","1":"product","2":"type-product","3":"status-publish","4":"has-post-thumbnail","6":"product_cat-sin-categorizar","7":"nodate","8":"item-wrap","10":"first","11":"instock","12":"shipping-taxable","13":"product-type-external"},"_links":{"self":[{"href":"https:\/\/lofimusic.com.es\/index.php\/wp-json\/wp\/v2\/product\/295","targetHints":{"allow":["GET"]}}],"collection":[{"href":"https:\/\/lofimusic.com.es\/index.php\/wp-json\/wp\/v2\/product"}],"about":[{"href":"https:\/\/lofimusic.com.es\/index.php\/wp-json\/wp\/v2\/types\/product"}],"replies":[{"embeddable":true,"href":"https:\/\/lofimusic.com.es\/index.php\/wp-json\/wp\/v2\/comments?post=295"}],"wp:featuredmedia":[{"embeddable":true,"href":"https:\/\/lofimusic.com.es\/index.php\/wp-json\/wp\/v2\/media\/294"}],"wp:attachment":[{"href":"https:\/\/lofimusic.com.es\/index.php\/wp-json\/wp\/v2\/media?parent=295"}],"wp:term":[{"taxonomy":"product_cat","embeddable":true,"href":"https:\/\/lofimusic.com.es\/index.php\/wp-json\/wp\/v2\/product_cat?post=295"},{"taxonomy":"product_tag","embeddable":true,"href":"https:\/\/lofimusic.com.es\/index.php\/wp-json\/wp\/v2\/product_tag?post=295"}],"curies":[{"name":"wp","href":"https:\/\/api.w.org\/{rel}","templated":true}]}}