{"id":293,"date":"2024-09-13T17:49:05","date_gmt":"2024-09-13T17:49:05","guid":{"rendered":"https:\/\/lofimusic.com.es\/index.php\/producto\/b0d7zrxs4d_fr\/"},"modified":"2024-09-13T17:49:05","modified_gmt":"2024-09-13T17:49:05","slug":"b0d7zrxs4d_fr","status":"publish","type":"product","link":"https:\/\/lofimusic.com.es\/index.php\/producto\/b0d7zrxs4d_fr\/","title":{"rendered":"B0D7ZRXS4D_FR"},"content":{"rendered":"<p>&#8211; \u2705\u3010\u00c9nergie solaire\u3011 : afin de garder notre environnement propre, nous menons l&#8217;utilisation de l&#8217;\u00e9nergie solaire respectueuse de l&#8217;environnement et de la batterie rechargeable pour le r\u00e9pulsif solaire \u00e0 ultrasons. Il peut absorber le soleil pour une fonction quotidienne. De plus, il doit \u00eatre utilis\u00e9 CONTINUELLEMENT pendant 7 \u00e0 14 jours avant que les rongeurs terrestres ne commencent \u00e0 s&#8217;\u00e9loigner de la zone.<br \/>\n&#8211; \u2705\u3010Sans produits chimiques\u3011les impulsions ultrasoniques p\u00e9n\u00e8trent dans le sol pour g\u00e9n\u00e9rer des ondes sonores et des vibrations pour chasser les parasites enfouis tels que les gophers, les serpents, les souris, les taupes, les scorpions et autres parasites sans utiliser de produits chimiques nocifs et de poisons qui peuvent nuire \u00e0 votre sol, vos animaux de compagnie et votre famille<br \/>\n&#8211; \u2705\u3010Large gamme d&#8217;applications\u3011appliquer sur votre jardin, ferme, rizi\u00e8re; il peut repousser les taupes, les gophers, les campagnols, les hangars et autres rongeurs destructeurs<br \/>\n&#8211; \u2705\u3010Large couverture et vibration ultrasonique\u3011 : lorsque l&#8217;animal entre dans la zone, le capteur infrarouge se d\u00e9clenche. L&#8217;angle gauche et droit du capteur infrarouge est de 110 degr\u00e9s et la distance effective est de 6 \u00e0 8 m\u00e8tres, ce qui d\u00e9pend de la taille de l&#8217;animal. Pour de meilleurs r\u00e9sultats, nous recommandons 2 unit\u00e9s par 80 pieds.<br \/>\n&#8211; \u2705 \u3010Facile \u00e0 installer et excellente performance \u00e9tanche\u3011ce produit est facile \u00e0 installer et ne n\u00e9cessite aucun c\u00e2blage. Il a les propri\u00e9t\u00e9s imperm\u00e9ables et imperm\u00e9ables et peut fonctionner en continu m\u00eame les jours de pluie. Mais il ne peut pas \u00eatre tremp\u00e9 dans l&#8217;eau pendant une longue p\u00e9riode<\/p>\n","protected":false},"excerpt":{"rendered":"<p>publicit\u00e9<br \/>\nHONGXIAN Lot de 4 Piquets R\u00e9pulsifs Anti &#8211; R\u00e9pulsifs Solaires pour Taupes &#8211; R\u00e9pulsif sonique Contre Les Taupes et Les campagnols pour pelouse Jardin et Cour &#8211; Appareils \u00e9lectroniques d&#8217;ext\u00e9rieur<\/p>\n","protected":false},"featured_media":292,"comment_status":"open","ping_status":"closed","template":"","meta":[],"product_cat":[15],"product_tag":[],"class_list":{"0":"post-293","1":"product","2":"type-product","3":"status-publish","4":"has-post-thumbnail","6":"product_cat-sin-categorizar","7":"nodate","8":"item-wrap","10":"first","11":"instock","12":"shipping-taxable","13":"product-type-external"},"_links":{"self":[{"href":"https:\/\/lofimusic.com.es\/index.php\/wp-json\/wp\/v2\/product\/293","targetHints":{"allow":["GET"]}}],"collection":[{"href":"https:\/\/lofimusic.com.es\/index.php\/wp-json\/wp\/v2\/product"}],"about":[{"href":"https:\/\/lofimusic.com.es\/index.php\/wp-json\/wp\/v2\/types\/product"}],"replies":[{"embeddable":true,"href":"https:\/\/lofimusic.com.es\/index.php\/wp-json\/wp\/v2\/comments?post=293"}],"wp:featuredmedia":[{"embeddable":true,"href":"https:\/\/lofimusic.com.es\/index.php\/wp-json\/wp\/v2\/media\/292"}],"wp:attachment":[{"href":"https:\/\/lofimusic.com.es\/index.php\/wp-json\/wp\/v2\/media?parent=293"}],"wp:term":[{"taxonomy":"product_cat","embeddable":true,"href":"https:\/\/lofimusic.com.es\/index.php\/wp-json\/wp\/v2\/product_cat?post=293"},{"taxonomy":"product_tag","embeddable":true,"href":"https:\/\/lofimusic.com.es\/index.php\/wp-json\/wp\/v2\/product_tag?post=293"}],"curies":[{"name":"wp","href":"https:\/\/api.w.org\/{rel}","templated":true}]}}