{"id":265,"date":"2024-09-13T17:30:06","date_gmt":"2024-09-13T17:30:06","guid":{"rendered":"https:\/\/lofimusic.com.es\/index.php\/producto\/b0d8lg17g4_it\/"},"modified":"2024-09-13T17:30:06","modified_gmt":"2024-09-13T17:30:06","slug":"b0d8lg17g4_it","status":"publish","type":"product","link":"https:\/\/lofimusic.com.es\/index.php\/producto\/b0d8lg17g4_it\/","title":{"rendered":"B0D8LG17G4_IT"},"content":{"rendered":"<p>&#8211; <\/p>\n<p>Stimolatore muscolare elettrico: utilizzato per esercizi addominali. EMS (stimolazione muscolare elettrica) utilizza la stimolazione elettrica per trasmettere segnali elettrici direttamente ai muscoli, in modo che i muscoli vengano messi in uno stato di allenamento. <\/p>\n<p>&#8211; <\/p>\n<p>8 modalit\u00e0 e 19 intensit\u00e0: questo attrezzo per addominali offre 8 modalit\u00e0 e 19 livelli di intensit\u00e0. Regola l&#8217;intensit\u00e0 in base alle esigenze del tuo corpo in modo che i tuoi muscoli possano allenarsi. Molto adatto per braccia, petto, addome superiore e inferiore, schiena, gambe, glutei, cosce, polpacci e vita. <\/p>\n<p>&#8211; <\/p>\n<p>Effetto migliorato: solo 20 minuti al giorno, 1-2 volte al giorno, per pi\u00f9 di 6 settimane. Questo pu\u00f2 aiutare a modellare, tonificare e rafforzare i muscoli dell&#8217;addome, delle braccia e delle gambe, in modo da avere un corpo perfetto quest&#8217;estate. <\/p>\n<p>&#8211; <\/p>\n<p>Sicurezza: gel ipoallergenico inodore importato, innocuo per il corpo umano, nessun odore particolare. Tecnologia intelligente di microelettronica EMS. Certificazione CE, RoHS, FCC e prodotti di protezione ambientale. <\/p>\n<p>&#8211; <\/p>\n<p>GARANZIA DI RIMBORSO AL 100%: Speriamo che tu sia soddisfatto della tua esperienza con il prodotto; Se questo prodotto non \u00e8 adatto a te, offriamo un servizio di 24 ore e una garanzia del prodotto di 12 mesi. <\/p>\n","protected":false},"excerpt":{"rendered":"<p>pubblicit\u00e0<br \/>\nWUGEIN Elettrostimolatore per Addominali, Elettrostimolatore Muscolare Professionale, ABS Trainer\/Toner per Addome\/Braccio\/Vita\/Gambe, 8 modalit\u00e0 e 19 intensit\u00e0<\/p>\n","protected":false},"featured_media":264,"comment_status":"open","ping_status":"closed","template":"","meta":[],"product_cat":[15],"product_tag":[],"class_list":{"0":"post-265","1":"product","2":"type-product","3":"status-publish","4":"has-post-thumbnail","6":"product_cat-sin-categorizar","7":"nodate","8":"item-wrap","10":"first","11":"instock","12":"shipping-taxable","13":"product-type-external"},"_links":{"self":[{"href":"https:\/\/lofimusic.com.es\/index.php\/wp-json\/wp\/v2\/product\/265","targetHints":{"allow":["GET"]}}],"collection":[{"href":"https:\/\/lofimusic.com.es\/index.php\/wp-json\/wp\/v2\/product"}],"about":[{"href":"https:\/\/lofimusic.com.es\/index.php\/wp-json\/wp\/v2\/types\/product"}],"replies":[{"embeddable":true,"href":"https:\/\/lofimusic.com.es\/index.php\/wp-json\/wp\/v2\/comments?post=265"}],"wp:featuredmedia":[{"embeddable":true,"href":"https:\/\/lofimusic.com.es\/index.php\/wp-json\/wp\/v2\/media\/264"}],"wp:attachment":[{"href":"https:\/\/lofimusic.com.es\/index.php\/wp-json\/wp\/v2\/media?parent=265"}],"wp:term":[{"taxonomy":"product_cat","embeddable":true,"href":"https:\/\/lofimusic.com.es\/index.php\/wp-json\/wp\/v2\/product_cat?post=265"},{"taxonomy":"product_tag","embeddable":true,"href":"https:\/\/lofimusic.com.es\/index.php\/wp-json\/wp\/v2\/product_tag?post=265"}],"curies":[{"name":"wp","href":"https:\/\/api.w.org\/{rel}","templated":true}]}}