{"id":263,"date":"2024-09-13T17:29:45","date_gmt":"2024-09-13T17:29:45","guid":{"rendered":"https:\/\/lofimusic.com.es\/index.php\/producto\/b0df6zzj85_fr\/"},"modified":"2024-09-13T17:29:45","modified_gmt":"2024-09-13T17:29:45","slug":"b0df6zzj85_fr","status":"publish","type":"product","link":"https:\/\/lofimusic.com.es\/index.php\/producto\/b0df6zzj85_fr\/","title":{"rendered":"B0DF6ZZJ85_FR"},"content":{"rendered":"<p>&#8211; \u3010Soutiens-gorge adh\u00e9sifs invisibles\u3011le soutien-gorge sans bretelles est con\u00e7u avec un type de mangue, permettant aux soutiens-gorge collants sans bretelles pour femmes de s&#8217;adapter parfaitement \u00e0 votre peau. Les soutiens-gorge invisibles pour femmes sont livr\u00e9s avec une nouvelle conception de clip avant en m\u00e9tal robuste qui offre un soutien maximal tout en sculptant des seins sexy. Avec nos cache-t\u00e9tons r\u00e9utilisables en silicone, vous pouvez \u00e9viter compl\u00e8tement de porter un soutien-gorge tout en conservant une forme naturelle.<br \/>\n&#8211; \u3010Doux pour la peau et collant\u3011 Ce soutien-gorge invisible est compos\u00e9 \u00e0 85 % de nylon, \u00e0 15 % d&#8217;\u00e9lasthanne et d&#8217;un adh\u00e9sif en silicone doux pour la peau. La fermeture \u00e0 boucle, respirante et l\u00e9g\u00e8re vous permet de vous sentir d\u00e9tendu m\u00eame lorsque vous ne le portez pas.La conception \u00e0 micro-bords sans bretelles le rend sans couture et invisible sous vos v\u00eatements de mani\u00e8re confortable et naturelle.<br \/>\n&#8211; \u3010Sans couture et invisible\u3011notre soutien-gorge sans bretelles offre la couverture et le soutien d&#8217;un soutien-gorge normal sans bretelles disgracieuses aux \u00e9paules ou au dos. La conception \u00e0 micro-bords sans bretelles le rend sans couture et invisible sous vos v\u00eatements de mani\u00e8re confortable et naturelle.<br \/>\n&#8211; \u3010Lavable et r\u00e9utilisable\u30111. Mouillez la surface du soutien-gorge collant push-up avec de l&#8217;eau ti\u00e8de ; 2. Prenez une petite quantit\u00e9 de d\u00e9tergent doux pour nettoyer la surface adh\u00e9sive du soutien-gorge dos nu dans un mouvement circulaire ; 3. Rincez le soutien-gorge collant sans bretelles r\u00e9siduel avec un nettoyant \u00e0 l&#8217;eau ti\u00e8de; 4. Apr\u00e8s avoir drain\u00e9 les gouttelettes d&#8217;eau, placez les soutiens-gorge invisibles pour femmes dans un endroit frais et ventil\u00e9 pour s\u00e9cher.<br \/>\n&#8211; \u3010Convient \u00e0 de nombreuses occasions\u3011 Il est parfait pour une robe de soir\u00e9e, une robe dos nu sans bretelles, un haut chemisier dos nu, une robe de club\/f\u00eate ou la plupart des tenues d\u00e9collet\u00e9es. Les soutiens-gorge plongeants sans bretelles conviennent pour les mariages, les f\u00eates, les d\u00eeners, les bals de fin d&#8217;ann\u00e9e, les retrouvailles et au quotidien.<\/p>\n","protected":false},"excerpt":{"rendered":"<p>publicit\u00e9Taichaeu Soutien Gorge Adhesif sans Bretelles Dos Nu pour Femme, Lot de 2 Soutien Gorge Invisible Push Up avec 2 Cache t\u00e9tons en Silicone<\/p>\n","protected":false},"featured_media":262,"comment_status":"open","ping_status":"closed","template":"","meta":[],"product_cat":[15],"product_tag":[],"class_list":{"0":"post-263","1":"product","2":"type-product","3":"status-publish","4":"has-post-thumbnail","6":"product_cat-sin-categorizar","7":"nodate","8":"item-wrap","10":"first","11":"instock","12":"shipping-taxable","13":"product-type-external"},"_links":{"self":[{"href":"https:\/\/lofimusic.com.es\/index.php\/wp-json\/wp\/v2\/product\/263","targetHints":{"allow":["GET"]}}],"collection":[{"href":"https:\/\/lofimusic.com.es\/index.php\/wp-json\/wp\/v2\/product"}],"about":[{"href":"https:\/\/lofimusic.com.es\/index.php\/wp-json\/wp\/v2\/types\/product"}],"replies":[{"embeddable":true,"href":"https:\/\/lofimusic.com.es\/index.php\/wp-json\/wp\/v2\/comments?post=263"}],"wp:featuredmedia":[{"embeddable":true,"href":"https:\/\/lofimusic.com.es\/index.php\/wp-json\/wp\/v2\/media\/262"}],"wp:attachment":[{"href":"https:\/\/lofimusic.com.es\/index.php\/wp-json\/wp\/v2\/media?parent=263"}],"wp:term":[{"taxonomy":"product_cat","embeddable":true,"href":"https:\/\/lofimusic.com.es\/index.php\/wp-json\/wp\/v2\/product_cat?post=263"},{"taxonomy":"product_tag","embeddable":true,"href":"https:\/\/lofimusic.com.es\/index.php\/wp-json\/wp\/v2\/product_tag?post=263"}],"curies":[{"name":"wp","href":"https:\/\/api.w.org\/{rel}","templated":true}]}}