{"id":261,"date":"2024-09-13T17:29:37","date_gmt":"2024-09-13T17:29:37","guid":{"rendered":"https:\/\/lofimusic.com.es\/index.php\/producto\/b0cp2dcwfw_fr\/"},"modified":"2024-09-13T17:29:37","modified_gmt":"2024-09-13T17:29:37","slug":"b0cp2dcwfw_fr","status":"publish","type":"product","link":"https:\/\/lofimusic.com.es\/index.php\/producto\/b0cp2dcwfw_fr\/","title":{"rendered":"B0CP2DCWFW_FR"},"content":{"rendered":"<p>&#8211; \u3010Nouvelle Mise \u00e0 Niveau Gonflage Rapide 2X et 160 PSI\u3011 La gonfleur pneus voiture UABRLA avec noyau de pompe haute performance int\u00e9gr\u00e9 peut fournir une pression maximale de 160 PSI et un d\u00e9bit d&#8217;air de 32 L\/min, 2 fois plus rapide que les autres pompes. Lorsqu&#8217;il est compl\u00e8tement charg\u00e9, un pneu de voiture 205\/55 R16 (0-36 PSI) peut \u00eatre compl\u00e8tement gonfl\u00e9 en 6 minutes, et 29-36 PSI prend 1 minute pour se gonfler. De plus, il faut moins de 40 secondes pour gonfler compl\u00e8tement un pneu de v\u00e9lo de route.<br \/>\n&#8211; \u3010Pompe \u00e0 Air \u00e0 Batterie Puissante\u3011Avec une batterie int\u00e9gr\u00e9e de 7 500 mAh, ce gonfleur de pneus portable peut gonfler 5 pneus de voiture ou 29 pneus de v\u00e9lo de route avec une seule charge. Quatre unit\u00e9s de pression sont disponibles au choix (PSI, BAR, KPA et KG\/CM\u00b2). Ce compresseurs d&#8217;air portatifs intelligent est parfait pour les conducteurs, les cyclistes et les aventuriers!<br \/>\n&#8211; \u3010Double Affichage LCD de Pression Pr\u00e9cis et en Temps R\u00e9el\u3011 Le double \u00e9cran LCD haute r\u00e9solution affiche la valeur de pression en temps r\u00e9el et la valeur de pression pr\u00e9d\u00e9finie ! Affiche la pression actuelle des pneus apr\u00e8s avoir connect\u00e9 le tuyau \u00e0 la valve du pneu, ainsi que plusieurs 5 modes pr\u00e9d\u00e9finis (voiture\/moto\/v\u00e9lo\/balle\/personnalis\u00e9). UABRLA air pump pompe s&#8217;\u00e9teint automatiquement lorsque la pression pr\u00e9d\u00e9finie est atteinte, garantissant ainsi la s\u00e9curit\u00e9 et la tranquillit\u00e9 d&#8217;esprit.<br \/>\n&#8211; \u3010Tuyau de Connexion Rapide\u3011 Notre compresseur \u00e0 air \u00e9lectrique est livr\u00e9 avec un tuyau plus long que la plupart des produits du march\u00e9. L&#8217;interface pivotante rapide est plus pratique et plus rapide que la connexion pivotante traditionnelle, il ne faut que 1 seconde pour connecter le tuyau et la pompe.<br \/>\n&#8211; \u3010Compresseur \u00e0 Air Portable et Excellente Dissipation de la Chaleur\u3011 La pompe \u00e0 pneu \u00e0 batterie sans fil UABRLA a un design plus compact et plus l\u00e9ger que les autres pompes \u00e0 air, ce qui la rend facile \u00e0 emporter avec vous. La tresse ext\u00e9rieure du tuyau augmente la protection isolante pour \u00e9viter les br\u00fblures. De plus, le ventilateur int\u00e9gr\u00e9 assure une bonne dissipation de la chaleur.<br \/>\n&#8211; \u3010Alimentation Mobile et \u00e9clairage D&#8217;urgence\u3011 La sortie USB 5 V\/2 A sur le dessus de la pompe \u00e0 v\u00e9lo en fait une source d&#8217;alimentation de secours pour votre t\u00e9l\u00e9phone ou d&#8217;autres appareils num\u00e9riques. La taille mini est facile \u00e0 transporter et peut facilement se glisser dans votre porte-v\u00e9los ou votre sac \u00e0 dos. La lumi\u00e8re LED lumineuse en haut de la pompe \u00e0 air de la voiture vous offre la commodit\u00e9 d&#8217;un \u00e9clairage de secours.<\/p>\n","protected":false},"excerpt":{"rendered":"<p>publicit\u00e9UABRLA Compresseur \u00e0 Air Portatif 2X Plus Rapide et Puissant 160PSI, 7500mAh Gonfleur Pneus Voiture Sans Fil &#8211; Compresseur Moto avec Affichage Num\u00e9rique Lumi\u00e8re LED pour V\u00e9lo,Moto,Balle,etc<\/p>\n","protected":false},"featured_media":260,"comment_status":"open","ping_status":"closed","template":"","meta":[],"product_cat":[15],"product_tag":[],"class_list":{"0":"post-261","1":"product","2":"type-product","3":"status-publish","4":"has-post-thumbnail","6":"product_cat-sin-categorizar","7":"nodate","8":"item-wrap","10":"first","11":"instock","12":"shipping-taxable","13":"product-type-external"},"_links":{"self":[{"href":"https:\/\/lofimusic.com.es\/index.php\/wp-json\/wp\/v2\/product\/261","targetHints":{"allow":["GET"]}}],"collection":[{"href":"https:\/\/lofimusic.com.es\/index.php\/wp-json\/wp\/v2\/product"}],"about":[{"href":"https:\/\/lofimusic.com.es\/index.php\/wp-json\/wp\/v2\/types\/product"}],"replies":[{"embeddable":true,"href":"https:\/\/lofimusic.com.es\/index.php\/wp-json\/wp\/v2\/comments?post=261"}],"wp:featuredmedia":[{"embeddable":true,"href":"https:\/\/lofimusic.com.es\/index.php\/wp-json\/wp\/v2\/media\/260"}],"wp:attachment":[{"href":"https:\/\/lofimusic.com.es\/index.php\/wp-json\/wp\/v2\/media?parent=261"}],"wp:term":[{"taxonomy":"product_cat","embeddable":true,"href":"https:\/\/lofimusic.com.es\/index.php\/wp-json\/wp\/v2\/product_cat?post=261"},{"taxonomy":"product_tag","embeddable":true,"href":"https:\/\/lofimusic.com.es\/index.php\/wp-json\/wp\/v2\/product_tag?post=261"}],"curies":[{"name":"wp","href":"https:\/\/api.w.org\/{rel}","templated":true}]}}