{"id":239,"date":"2024-09-13T17:17:04","date_gmt":"2024-09-13T17:17:04","guid":{"rendered":"https:\/\/lofimusic.com.es\/index.php\/producto\/b0d47bq7k1_fr\/"},"modified":"2024-09-13T17:17:04","modified_gmt":"2024-09-13T17:17:04","slug":"b0d47bq7k1_fr","status":"publish","type":"product","link":"https:\/\/lofimusic.com.es\/index.php\/producto\/b0d47bq7k1_fr\/","title":{"rendered":"B0D47BQ7K1_FR"},"content":{"rendered":"<p>&#8211; Large compatibilit\u00e9 : l&#8217;adaptateur de cam\u00e9ra USB fonctionne avec iPhone 14 Pro Max\/14 Pro\/14 Plus\/13\/13 Pro\/13 Pro Max\/12\/12 Pro\/iPhone 12 Pro Max\/iPhone 11\/iPhone 11 Pro Max\/iPhone Xs\/Xs Max\/X\/iPhone 8\/8 Plus\/iPhone 7\/7Plus\/iPhone 6\/6 Plus\/iPhone 6 Plus\/iPhone 5 5S \/ L&#8217;iPhone SE et l&#8217;i-Pad Air\/Mini\/Pro en font un accessoire indispensable pour ceux qui veulent \u00e9tendre les capacit\u00e9s de leur appareil.<br \/>\n&#8211; Importation et exportation de donn\u00e9es faciles : prend en charge le transfert de donn\u00e9es bidirectionnel pour iOS 13 et sup\u00e9rieur, la transmission unidirectionnelle pour iOS 9.2-12.4. Vous pouvez importer et exporter des photos, des vid\u00e9os, des fichiers MP3, MP4, Excel, Word, PPT, PDF sur l&#8217;application \u00abFichiers\u00bb ou \u00abPhotos\u00bb de l&#8217;appareil photo vers le t\u00e9l\u00e9phone, tablette. Plug and Play, aucune application n\u00e9cessaire. Compact et portable, pratique \u00e0 utiliser.<br \/>\n&#8211; Connexion et utilisation : aucune connexion r\u00e9seau ou application tierce n&#8217;est n\u00e9cessaire. Veuillez connecter cet adaptateur USB OTG pour iPhone avec des appareils \u00e0 votre iPhone i-Pad. Notre adaptateur USB OTG pour iPhone est fabriqu\u00e9 \u00e0 partir de mat\u00e9riaux de haute qualit\u00e9 et offre une durabilit\u00e9 et une fiabilit\u00e9 exceptionnelles.<br \/>\n&#8211; Service fiable et excellent: sa taille compacte vous permet de transporter l&#8217;adaptateur de cam\u00e9ra USB pour iPhone n&#8217;importe o\u00f9. Nous offrons une garantie de 3 mois pour cet adaptateur USB OTG. Si vous avez des questions, veuillez nous contacter, nous r\u00e9soudrons votre probl\u00e8me dans les 24 heures.<\/p>\n","protected":false},"excerpt":{"rendered":"<p>publicit\u00e9<br \/>\nAdaptateur Lightning vers USB pour iPhone, certifi\u00e9 MFi &#8211; Adaptateur de c\u00e2ble USB 3.0 OTG &#8211; Prise en Charge du Lecteur de Carte, cl\u00e9 USB, Clavier, Souris, concentrateur, MIDI, Lecteur de Carte &#8211; Noir<\/p>\n","protected":false},"featured_media":238,"comment_status":"open","ping_status":"closed","template":"","meta":[],"product_cat":[15],"product_tag":[],"class_list":{"0":"post-239","1":"product","2":"type-product","3":"status-publish","4":"has-post-thumbnail","6":"product_cat-sin-categorizar","7":"nodate","8":"item-wrap","10":"first","11":"instock","12":"shipping-taxable","13":"product-type-external"},"_links":{"self":[{"href":"https:\/\/lofimusic.com.es\/index.php\/wp-json\/wp\/v2\/product\/239","targetHints":{"allow":["GET"]}}],"collection":[{"href":"https:\/\/lofimusic.com.es\/index.php\/wp-json\/wp\/v2\/product"}],"about":[{"href":"https:\/\/lofimusic.com.es\/index.php\/wp-json\/wp\/v2\/types\/product"}],"replies":[{"embeddable":true,"href":"https:\/\/lofimusic.com.es\/index.php\/wp-json\/wp\/v2\/comments?post=239"}],"wp:featuredmedia":[{"embeddable":true,"href":"https:\/\/lofimusic.com.es\/index.php\/wp-json\/wp\/v2\/media\/238"}],"wp:attachment":[{"href":"https:\/\/lofimusic.com.es\/index.php\/wp-json\/wp\/v2\/media?parent=239"}],"wp:term":[{"taxonomy":"product_cat","embeddable":true,"href":"https:\/\/lofimusic.com.es\/index.php\/wp-json\/wp\/v2\/product_cat?post=239"},{"taxonomy":"product_tag","embeddable":true,"href":"https:\/\/lofimusic.com.es\/index.php\/wp-json\/wp\/v2\/product_tag?post=239"}],"curies":[{"name":"wp","href":"https:\/\/api.w.org\/{rel}","templated":true}]}}