{"id":223,"date":"2024-09-13T17:05:04","date_gmt":"2024-09-13T17:05:04","guid":{"rendered":"https:\/\/lofimusic.com.es\/index.php\/producto\/b0d46wwcjx_fr\/"},"modified":"2024-09-13T17:05:04","modified_gmt":"2024-09-13T17:05:04","slug":"b0d46wwcjx_fr","status":"publish","type":"product","link":"https:\/\/lofimusic.com.es\/index.php\/producto\/b0d46wwcjx_fr\/","title":{"rendered":"B0D46WWCJX_FR"},"content":{"rendered":"<p>&#8211; Collier anti-aboiements : Le collier anti-aboiement pour chien propose 4 modes de fonctionnement (son, son+vibration, vibration intense) et 5 niveaux de sensibilit\u00e9 r\u00e9glables. Vous pouvez choisir parmi ces modes de dressage, adapt\u00e9s \u00e0 la personnalit\u00e9 de votre chien, tout en respectant la l\u00e9gislation fran\u00e7aise<br \/>\n&#8211; Collier anti-aboiements intelligent : Nous avons am\u00e9lior\u00e9 les capteurs en utilisant une technologie de pointe pour comprendre les habitudes d&#8217;aboiement de votre chien. Il filtre de mani\u00e8re pr\u00e9cise les bruits ind\u00e9sirables, \u00e9vitant les d\u00e9clenchements involontaires, et corrige le comportement aboyant de votre chien, assurant la tranquillit\u00e9 d&#8217;esprit de votre chien et de vos voisins.<br \/>\n&#8211; Collier de dressage s\u00fbr et efficace : Le collier anti-aboiements est class\u00e9 , r\u00e9sistant \u00e0 l&#8217;eau, qu&#8217;il pleuve ou que le soleil brille. Votre dispositif de contr\u00f4le des aboiements continue de fonctionner, sans risque de court-circuit, vous offrant une formation plus s\u00fbre et sereine pour votre chien.<br \/>\n&#8211; Affichage LED et Collier Anti-aboiement Sensibilit\u00e9 R\u00e9glable: Ce collier anti-aboiement est con\u00e7u avec 5 niveaux de r\u00e9glage de la sensibilit\u00e9, de sorte que vous pouvez ajuster le niveau pour obtenir l&#8217;effet d\u00e9sir\u00e9. Et v\u00e9rifiez l&#8217;\u00e9tat de fonctionnement et quantit\u00e9 d&#8217;\u00e9lectricit\u00e9 collier anti-aboiement via l&#8217;affichage LED.<br \/>\n&#8211; COLLIER ANTI-ABOIEMENT \u00c0 TAILLE AJUSTABLE: Les colliers anti-aboiements pour chiens conviennent aux petits, moyens et grands chiens de toutes races, les chiens de 4 \u00e0 68 kg et de plus de 6 mois peuvent utiliser ce collier anti-aboiement. Le collier en nylon durable vous permet d&#8217;ajuster facilement la taille du collier anti-aboiement, vous pourrez donc continuer \u00e0 l&#8217;utiliser lorsque votre chien sera plus \u00e2g\u00e9.<\/p>\n","protected":false},"excerpt":{"rendered":"<p>publicit\u00e9<br \/>\nCollier Anti Aboiement Chien &#8211; R\u00e9glable 5 Niveaux de Sensibilit\u00e9, D\u00e9tection Intelligente des Aboiements, \u00c9tanche pour Petit Moyen Grand Chiens<\/p>\n","protected":false},"featured_media":222,"comment_status":"open","ping_status":"closed","template":"","meta":[],"product_cat":[15],"product_tag":[],"class_list":{"0":"post-223","1":"product","2":"type-product","3":"status-publish","4":"has-post-thumbnail","6":"product_cat-sin-categorizar","7":"nodate","8":"item-wrap","10":"first","11":"instock","12":"shipping-taxable","13":"product-type-external"},"_links":{"self":[{"href":"https:\/\/lofimusic.com.es\/index.php\/wp-json\/wp\/v2\/product\/223","targetHints":{"allow":["GET"]}}],"collection":[{"href":"https:\/\/lofimusic.com.es\/index.php\/wp-json\/wp\/v2\/product"}],"about":[{"href":"https:\/\/lofimusic.com.es\/index.php\/wp-json\/wp\/v2\/types\/product"}],"replies":[{"embeddable":true,"href":"https:\/\/lofimusic.com.es\/index.php\/wp-json\/wp\/v2\/comments?post=223"}],"wp:featuredmedia":[{"embeddable":true,"href":"https:\/\/lofimusic.com.es\/index.php\/wp-json\/wp\/v2\/media\/222"}],"wp:attachment":[{"href":"https:\/\/lofimusic.com.es\/index.php\/wp-json\/wp\/v2\/media?parent=223"}],"wp:term":[{"taxonomy":"product_cat","embeddable":true,"href":"https:\/\/lofimusic.com.es\/index.php\/wp-json\/wp\/v2\/product_cat?post=223"},{"taxonomy":"product_tag","embeddable":true,"href":"https:\/\/lofimusic.com.es\/index.php\/wp-json\/wp\/v2\/product_tag?post=223"}],"curies":[{"name":"wp","href":"https:\/\/api.w.org\/{rel}","templated":true}]}}