{"id":155,"date":"2024-09-13T16:29:05","date_gmt":"2024-09-13T16:29:05","guid":{"rendered":"https:\/\/lofimusic.com.es\/index.php\/producto\/b08pfxq822_de\/"},"modified":"2024-09-13T16:29:05","modified_gmt":"2024-09-13T16:29:05","slug":"b08pfxq822_de","status":"publish","type":"product","link":"https:\/\/lofimusic.com.es\/index.php\/producto\/b08pfxq822_de\/","title":{"rendered":"B08PFXQ822_DE"},"content":{"rendered":"<p>&#8211; Nat\u00fcrlicher Turmalin: Man sagt von diesem Stein, der reinigt, reinigt und wandelt dichte Energie in leichtere um. Anh\u00e4nger in verschiedenen Formen von Natursteinen, Einzelst\u00fccken, die sich voneinander unterscheiden. Geeignet f\u00fcr Geschenke: Geburtstag an einen geliebten Menschen oder Partner usw. Elegant und charmant. Passt zu jedem Anlass, egal ob im Alltag, auf Partys, am Strand usw.<br \/>\n&#8211; Halsband, Halskette oder Anh\u00e4nger: Mit einem dehnbaren Seil-Design passt er sich der Gr\u00f6\u00dfe an, die Sie tragen m\u00f6chten, kurz oder lang.<br \/>\n&#8211; Herren\/Damen: Sie k\u00f6nnen es als Fu\u00dfkettchen tragen, da es sich dehnen und schrumpft. Gehen Sie zweimal \u00fcber den Fu\u00df und schlie\u00dfen Sie es dann, so dass ein sch\u00f6nes Fu\u00dfkettchen entsteht.<br \/>\n&#8211; \u3010 Unsere Kunden sind ein Geschenk f\u00fcr Freunde, Freundin oder Familie. Der Boden passt zu allen Arten von Kleidungsst\u00fccken, ein Geschenk f\u00fcr mein Kind<br \/>\n&#8211; Qualit\u00e4tsgarantie: Sicheres Einkaufen, wir verkaufen Qualit\u00e4tsprodukte und stellen sicher, dass der volle Wert bei unseren Kunden erreicht wird. Wenn Sie also feststellen, dass dieses Produkt nicht das ist, was Sie erwartet haben, k\u00f6nnen Sie es ohne Erkl\u00e4rungen zur\u00fcckgeben.<\/p>\n","protected":false},"excerpt":{"rendered":"<p>Werbung<br \/>\nHAND-PRO Halskette Turmalin Anh\u00e4nger (Funktion Halskette und Armband) Schwarzer Turmalin Stein Azabache Turmalin Nat\u00fcrlicher schwarzer Turmalin Anh\u00e4nger<\/p>\n","protected":false},"featured_media":154,"comment_status":"open","ping_status":"closed","template":"","meta":[],"product_cat":[15],"product_tag":[],"class_list":{"0":"post-155","1":"product","2":"type-product","3":"status-publish","4":"has-post-thumbnail","6":"product_cat-sin-categorizar","7":"nodate","8":"item-wrap","10":"first","11":"instock","12":"shipping-taxable","13":"product-type-external"},"_links":{"self":[{"href":"https:\/\/lofimusic.com.es\/index.php\/wp-json\/wp\/v2\/product\/155","targetHints":{"allow":["GET"]}}],"collection":[{"href":"https:\/\/lofimusic.com.es\/index.php\/wp-json\/wp\/v2\/product"}],"about":[{"href":"https:\/\/lofimusic.com.es\/index.php\/wp-json\/wp\/v2\/types\/product"}],"replies":[{"embeddable":true,"href":"https:\/\/lofimusic.com.es\/index.php\/wp-json\/wp\/v2\/comments?post=155"}],"wp:featuredmedia":[{"embeddable":true,"href":"https:\/\/lofimusic.com.es\/index.php\/wp-json\/wp\/v2\/media\/154"}],"wp:attachment":[{"href":"https:\/\/lofimusic.com.es\/index.php\/wp-json\/wp\/v2\/media?parent=155"}],"wp:term":[{"taxonomy":"product_cat","embeddable":true,"href":"https:\/\/lofimusic.com.es\/index.php\/wp-json\/wp\/v2\/product_cat?post=155"},{"taxonomy":"product_tag","embeddable":true,"href":"https:\/\/lofimusic.com.es\/index.php\/wp-json\/wp\/v2\/product_tag?post=155"}],"curies":[{"name":"wp","href":"https:\/\/api.w.org\/{rel}","templated":true}]}}