{"id":14601,"date":"2025-04-07T18:50:39","date_gmt":"2025-04-07T18:50:39","guid":{"rendered":"https:\/\/lofimusic.com.es\/index.php\/producto\/b0ddk9cw7g_es\/"},"modified":"2025-04-07T18:50:39","modified_gmt":"2025-04-07T18:50:39","slug":"b0ddk9cw7g_es","status":"publish","type":"product","link":"https:\/\/lofimusic.com.es\/index.php\/producto\/b0ddk9cw7g_es\/","title":{"rendered":"B0DDK9CW7G_ES"},"content":{"rendered":"<p>&#8211; Capacidad de carga de 800 kg: este polipasto el\u00e9ctrico puede levantar f\u00e1cilmente motores peque\u00f1os, cajas de cambios, herramientas de taller grandes o materiales de construcci\u00f3n. Con una velocidad de elevaci\u00f3n de hasta 6 m\/min (elevaci\u00f3n simple) y 12 m\/min (elevaci\u00f3n doble), el polipasto el\u00e9ctrico funciona de forma m\u00e1s r\u00e1pida y segura. Capacidad de elevaci\u00f3n: 400 kg (elevaci\u00f3n simple), 800 kg (elevaci\u00f3n doble).<br \/>\n&#8211; Potente motor de cobre puro de 1450 W: rotor de acero al silicio alargado, motor enrollado con alambre de cobre, m\u00e1s potente, capaz de soportar grandes fuerzas sin deformaci\u00f3n ni da\u00f1os y tiene una vida \u00fatil m\u00e1s larga. Adem\u00e1s, el gran ventilador de refrigeraci\u00f3n puede enfriar r\u00e1pidamente la m\u00e1quina y evitar el sobrecalentamiento, lo que garantiza un funcionamiento eficiente y le ahorra tiempo y energ\u00eda.<br \/>\n&#8211; Limitador flexible: Dise\u00f1ado con un final de carrera y un gancho de acero al manganeso, frena y corta autom\u00e1ticamente el suministro el\u00e9ctrico al llegar al l\u00edmite para evitar ca\u00eddas repentinas y garantizar la tranquilidad.<br \/>\n&#8211; Hermoso y seguro: el cabrestante el\u00e9ctrico adopta una carcasa de aleaci\u00f3n de aluminio, un tubo brillante y un cable met\u00e1lico rizado, con una apariencia hermosa. El cable de acero antirotaci\u00f3n est\u00e1 hecho de un fuerte cable de acero galvanizado, que est\u00e1 firmemente girado y enrollado, no es f\u00e1cil de romper y se puede utilizar con confianza.<br \/>\n&#8211; Amplio rango de trabajo: motor de alto rendimiento sin mantenimiento, ideal para una variedad de trabajos de elevaci\u00f3n. Adecuado para f\u00e1bricas, almacenes, construcci\u00f3n, edificios, levantamiento de carga, ferrocarriles, empresas industriales y mineras, etc. Adecuado para diversas ocasiones, m\u00faltiples usos y satisfacer diferentes necesidades.<\/p>\n","protected":false},"excerpt":{"rendered":"<p>Publicidad TEENO Polipasto el\u00e9ctrico de 1450 W, sobrecarga, elevador, cabrestante el\u00e9ctrico, 220 V 20 M, suspensi\u00f3n simple y doble 400 kg,800 kg, 6 m\/min, 12 m\/min, color rojo (400 kg\/800 kg)<\/p>\n","protected":false},"featured_media":14600,"comment_status":"open","ping_status":"closed","template":"","meta":[],"product_cat":[15],"product_tag":[],"class_list":{"0":"post-14601","1":"product","2":"type-product","3":"status-publish","4":"has-post-thumbnail","6":"product_cat-sin-categorizar","7":"nodate","8":"item-wrap","10":"first","11":"instock","12":"shipping-taxable","13":"product-type-external"},"_links":{"self":[{"href":"https:\/\/lofimusic.com.es\/index.php\/wp-json\/wp\/v2\/product\/14601","targetHints":{"allow":["GET"]}}],"collection":[{"href":"https:\/\/lofimusic.com.es\/index.php\/wp-json\/wp\/v2\/product"}],"about":[{"href":"https:\/\/lofimusic.com.es\/index.php\/wp-json\/wp\/v2\/types\/product"}],"replies":[{"embeddable":true,"href":"https:\/\/lofimusic.com.es\/index.php\/wp-json\/wp\/v2\/comments?post=14601"}],"wp:featuredmedia":[{"embeddable":true,"href":"https:\/\/lofimusic.com.es\/index.php\/wp-json\/wp\/v2\/media\/14600"}],"wp:attachment":[{"href":"https:\/\/lofimusic.com.es\/index.php\/wp-json\/wp\/v2\/media?parent=14601"}],"wp:term":[{"taxonomy":"product_cat","embeddable":true,"href":"https:\/\/lofimusic.com.es\/index.php\/wp-json\/wp\/v2\/product_cat?post=14601"},{"taxonomy":"product_tag","embeddable":true,"href":"https:\/\/lofimusic.com.es\/index.php\/wp-json\/wp\/v2\/product_tag?post=14601"}],"curies":[{"name":"wp","href":"https:\/\/api.w.org\/{rel}","templated":true}]}}