{"id":14593,"date":"2025-04-07T09:31:41","date_gmt":"2025-04-07T09:31:41","guid":{"rendered":"https:\/\/lofimusic.com.es\/index.php\/producto\/b0ds2cdn5b_it\/"},"modified":"2025-04-07T09:31:41","modified_gmt":"2025-04-07T09:31:41","slug":"b0ds2cdn5b_it","status":"publish","type":"product","link":"https:\/\/lofimusic.com.es\/index.php\/producto\/b0ds2cdn5b_it\/","title":{"rendered":"B0DS2CDN5B_IT"},"content":{"rendered":"<p>&#8211; Qualit\u00e0 del Suono Stereo Coinvolgente e Chiamate Chiare: HD65 cuffie wireless utilizza un altoparlante dinamico da 14.2 mm, che offre un suono cristallino coinvolgente e professionale con alti setosi, medi fluidi e bassi incisivi a qualsiasi volume. Cuffie bluetooth utilizzano la tecnologia ENC di riduzione del rumore, che blocca efficacemente l&#8217;80% dei rumori di fondo, che pu\u00f2 fornire una voce chiara anche in ambienti rumorosi, assicurando che l&#8217;interlocutore possa sentirti pi\u00f9 chiaramente.<br \/>\n&#8211; 75 Ore di Riproduzione e Display LED: Cuffie in-ear Con una durata della batteria migliorata, ti offrono finoa 15 ore di riproduzione con una singola carica e fino a 60 ore con la custodia di ricarica, non dovrai cosl preoccuparti di rimanere senza energia, goditi la tua musica ovunque. Cuffie wireless bluetooth nell&#8217;orecchio del nuovo dotato di cavo di ricarica rapida di USB-C. Il display LED mostra la carica residua quando viene utilizzato per caricare gli cuffie.<br \/>\n&#8211; Tecnologia Bluetooth 5.4 e Accoppiamento Automatico: Auricolari wireless sono dotati di un chip bluetooth 5.4, garantiscono una portata di trasmissione bluetooth di 15 metri e un miglioramento del segnale del 50%. La velocit\u00e0 di trasmissione \u00e8 pi\u00f9 elevata, la connessione \u00e8 pi\u00f9 stabile e la portata \u00e8 maggiore, per un&#8217;esperienza audio senza paragoni.Quando apri la custodia di ricarica(senza estrarre gli auricolari bluetooth), questi si collegano automaticamente al tuo dispositivo in pochi secondi.<br \/>\n&#8211; Design Ergonomico e IP7 Impermeabile: Auricolari bluetooth sport con una struttura curva uguale alla forma del condotto uditivo, progettate ergonomicamente, gli cuffie senza fili sono progettate per adattarsi in modo sicuro e confortevole alle orecchie, si sente a disagio o doloroso da indossar anche in esercizio intenso. Inoltre, gli cuffie sport hanno un nano rivestimento che permette loro di resistere a sudore,e gocce di pioggia ed \u00e8 ideale per lo sport, l&#8217;allenamento, la corsa.<br \/>\n&#8211; Controllo dei Pulsanti Sensibili e Ampia Compatibilit\u00e0: Queste auricolari sport offrono il massimo controllo senza utilizzare il telefono, comprese funzioni come volume +\/-, risposta\/interruzione delle chiamate e chiamata degli assistenti vocali, Semplice e pratico. Quindi puoi controllarlo facilmente senza utilizzare il telefono, liberare completamente le mani quando sei impegnato a fare esercizio, guidare o correre. Cuffie sport bluetooth sono compatibili cellulari, tablet, computer, ecc.<\/p>\n","protected":false},"excerpt":{"rendered":"<p>pubblicit\u00e0STECEi Cuffie Bluetooth Sport, 75 Ore Auricolari Bluetooth 5.4 HiFi Stereo, Cuffie Senza Fili con 4 ENC HD Mic, IP7 Impermeabili Cuffiette, Cuffie Wireless per Running\/Palestra, Blu(2025)<\/p>\n","protected":false},"featured_media":14592,"comment_status":"open","ping_status":"closed","template":"","meta":[],"product_cat":[15],"product_tag":[],"class_list":{"0":"post-14593","1":"product","2":"type-product","3":"status-publish","4":"has-post-thumbnail","6":"product_cat-sin-categorizar","7":"nodate","8":"item-wrap","10":"first","11":"instock","12":"shipping-taxable","13":"product-type-external"},"_links":{"self":[{"href":"https:\/\/lofimusic.com.es\/index.php\/wp-json\/wp\/v2\/product\/14593","targetHints":{"allow":["GET"]}}],"collection":[{"href":"https:\/\/lofimusic.com.es\/index.php\/wp-json\/wp\/v2\/product"}],"about":[{"href":"https:\/\/lofimusic.com.es\/index.php\/wp-json\/wp\/v2\/types\/product"}],"replies":[{"embeddable":true,"href":"https:\/\/lofimusic.com.es\/index.php\/wp-json\/wp\/v2\/comments?post=14593"}],"wp:featuredmedia":[{"embeddable":true,"href":"https:\/\/lofimusic.com.es\/index.php\/wp-json\/wp\/v2\/media\/14592"}],"wp:attachment":[{"href":"https:\/\/lofimusic.com.es\/index.php\/wp-json\/wp\/v2\/media?parent=14593"}],"wp:term":[{"taxonomy":"product_cat","embeddable":true,"href":"https:\/\/lofimusic.com.es\/index.php\/wp-json\/wp\/v2\/product_cat?post=14593"},{"taxonomy":"product_tag","embeddable":true,"href":"https:\/\/lofimusic.com.es\/index.php\/wp-json\/wp\/v2\/product_tag?post=14593"}],"curies":[{"name":"wp","href":"https:\/\/api.w.org\/{rel}","templated":true}]}}