{"id":13440,"date":"2025-03-17T22:15:35","date_gmt":"2025-03-17T22:15:35","guid":{"rendered":"https:\/\/lofimusic.com.es\/index.php\/producto\/b0dcjkf6dl_fr\/"},"modified":"2025-03-17T22:15:35","modified_gmt":"2025-03-17T22:15:35","slug":"b0dcjkf6dl_fr","status":"publish","type":"product","link":"https:\/\/lofimusic.com.es\/index.php\/producto\/b0dcjkf6dl_fr\/","title":{"rendered":"B0DCJKF6DL_FR"},"content":{"rendered":"<p>&#8211; \ud83d\ude93\u3010Voiture de police cool et amusante :\u3011Con\u00e7ue avec des autocollants de police d\u00e9licats, des voyants d&#8217;avertissement clignotants et un m\u00e9gaphone, cette porteur permet aux enfants de se sentir comme un vrai policier.<br \/>\n&#8211; \ud83d\ude93\u3010Panneau de commande et stockage cach\u00e9 :\u3011Le lecteur multim\u00e9dia offre aux enfants plus de joie de rouler. Le port USB suppl\u00e9mentaire et l&#8217;interface TF lui permettent de se connecter \u00e0 des appareils externes pour plus de musique.<br \/>\n&#8211; \ud83d\ude93\u3010Design s\u00fbr et confortable :\u3011Ce voiture \u00e0 pousser pour tout-petits dispose d&#8217;un dispositif anti-basculement inf\u00e9rieur et d&#8217;un dossier s\u00e9curis\u00e9 pour \u00e9viter que les enfants ne se penchent en arri\u00e8re et mieux assurer leur s\u00e9curit\u00e9.<br \/>\n&#8211; \ud83d\ude93\u3010Exp\u00e9rience de conduite r\u00e9aliste :\u3011Avec une batterie rechargeable de 6 V et un moteur puissant int\u00e9gr\u00e9, notre jouet voiture de police peut atteindre une vitesse de s\u00e9curit\u00e9 de 3 km\/h et \u00eatre adapt\u00e9 \u00e0 diff\u00e9rentes conditions de route.<br \/>\n&#8211; \ud83d\ude93\u3010Cadeau parfait:\u3011Notre voiture de police avec des perspectives cool est un cadeau id\u00e9al pour les enfants de 1.5 \u00e0 5 ans. Les enfants peuvent exercer leur capacit\u00e9 d&#8217;\u00e9quilibre, leur motricit\u00e9 et leur coordination \u0153il-main pendant le processus de jeu.<\/p>\n","protected":false},"excerpt":{"rendered":"<p>publicit\u00e9COSTWAY Porteur Enfants avec M\u00e9gaphone &amp; Autocollant de Police, Voiture \u00e0 Pousser avec Lumi\u00e8res et Sonore, Dispositif Anti-basculement &amp; Stockage Cach\u00e9, Charge 25 kg pour Enfants de 18-60 Mois (Rose)<\/p>\n","protected":false},"featured_media":13439,"comment_status":"open","ping_status":"closed","template":"","meta":[],"product_cat":[15],"product_tag":[],"class_list":{"0":"post-13440","1":"product","2":"type-product","3":"status-publish","4":"has-post-thumbnail","6":"product_cat-sin-categorizar","7":"nodate","8":"item-wrap","10":"first","11":"instock","12":"shipping-taxable","13":"product-type-external"},"_links":{"self":[{"href":"https:\/\/lofimusic.com.es\/index.php\/wp-json\/wp\/v2\/product\/13440","targetHints":{"allow":["GET"]}}],"collection":[{"href":"https:\/\/lofimusic.com.es\/index.php\/wp-json\/wp\/v2\/product"}],"about":[{"href":"https:\/\/lofimusic.com.es\/index.php\/wp-json\/wp\/v2\/types\/product"}],"replies":[{"embeddable":true,"href":"https:\/\/lofimusic.com.es\/index.php\/wp-json\/wp\/v2\/comments?post=13440"}],"wp:featuredmedia":[{"embeddable":true,"href":"https:\/\/lofimusic.com.es\/index.php\/wp-json\/wp\/v2\/media\/13439"}],"wp:attachment":[{"href":"https:\/\/lofimusic.com.es\/index.php\/wp-json\/wp\/v2\/media?parent=13440"}],"wp:term":[{"taxonomy":"product_cat","embeddable":true,"href":"https:\/\/lofimusic.com.es\/index.php\/wp-json\/wp\/v2\/product_cat?post=13440"},{"taxonomy":"product_tag","embeddable":true,"href":"https:\/\/lofimusic.com.es\/index.php\/wp-json\/wp\/v2\/product_tag?post=13440"}],"curies":[{"name":"wp","href":"https:\/\/api.w.org\/{rel}","templated":true}]}}