{"id":13428,"date":"2025-03-17T21:43:50","date_gmt":"2025-03-17T21:43:50","guid":{"rendered":"https:\/\/lofimusic.com.es\/index.php\/producto\/b0dwf16myy_fr\/"},"modified":"2025-03-17T21:43:50","modified_gmt":"2025-03-17T21:43:50","slug":"b0dwf16myy_fr","status":"publish","type":"product","link":"https:\/\/lofimusic.com.es\/index.php\/producto\/b0dwf16myy_fr\/","title":{"rendered":"B0DWF16MYY_FR"},"content":{"rendered":"<p>&#8211; LIT DE JARDIN EXT\u00c9RIEUR 2 EN 1 : La grande jardini\u00e8re de 53 L offre suffisamment d&#8217;espace de plantation pour vos l\u00e9gumes, fleurs, herbes et plus encore. Ce lit de jardin est \u00e9galement \u00e9quip\u00e9 d&#8217;un treillis \u00e0 3 hauteurs (150 cm, 113 cm et 76 cm) pour vos plantes grimpantes ou suspendre des plantes en pot.<br \/>\n&#8211; R\u00c9SERVOIR AJOUT\u00c9 POUR L&#8217;ARROSAGE : Cette jardini\u00e8re est livr\u00e9e avec un r\u00e9servoir d&#8217;eau de 9 L avec un indicateur de niveau d&#8217;eau pour un syst\u00e8me d&#8217;auto-arrosage int\u00e9gr\u00e9. L&#8217;indicateur de niveau d&#8217;eau vous aide \u00e0 v\u00e9rifier l&#8217;eau restante. Ainsi, vous n\u2019avez pas besoin d\u2019arroser fr\u00e9quemment toutes vos plantes.<br \/>\n&#8211; SYST\u00c8ME DE DRAINAGE PRATIQUE : L&#8217;exc\u00e8s d&#8217;eau sera \u00e9vacu\u00e9 par le trou de drainage, emp\u00eachant efficacement l&#8217;engorgement. De plus, le s\u00e9parateur de sol maintient le sol frais sans exc\u00e8s d&#8217;eau et permet une excellente circulation de l&#8217;air, aidant ainsi les plantes \u00e0 pousser en meilleure sant\u00e9.<br \/>\n&#8211; MAT\u00c9RIAU PP R\u00c9SISTANT AUX INTEMP\u00c9RIES : Le mat\u00e9riau PP de qualit\u00e9 sup\u00e9rieure garantit une r\u00e9sistance \u00e0 la d\u00e9coloration et aux fissures, ce qui est suffisamment solide pour r\u00e9sister \u00e0 diff\u00e9rentes conditions m\u00e9t\u00e9orologiques. Cette jardini\u00e8re d&#8217;ext\u00e9rieur convient aux patios, porches, jardins, balcons et plus encore.<br \/>\n&#8211; INSTALLATION ET DIMENSIONS FACILES : La structure simple et le manuel d&#8217;utilisation d\u00e9taill\u00e9 facilitent l&#8217;installation. Vous pouvez terminer l&#8217;assemblage rapidement et sans effort et sans outils. Les dimensions de la jardini\u00e8re sont de 76 x 45 x 150 cm (L x l x H).<\/p>\n","protected":false},"excerpt":{"rendered":"<p>publicit\u00e9RELAX4LIFE Jardini\u00e8re Sur\u00e9lev\u00e9e Verticale 53L avec Treillis \u00e0 3 Hauteurs, Indicateur d&#8217;eau, Trou de Drainage et S\u00e9parateurs Amovibles, Lit de Jardin \u00c9lev\u00e9 sur Pied pour Terrasse Jardin (Caf\u00e9)<\/p>\n","protected":false},"featured_media":13427,"comment_status":"open","ping_status":"closed","template":"","meta":[],"product_cat":[15],"product_tag":[],"class_list":{"0":"post-13428","1":"product","2":"type-product","3":"status-publish","4":"has-post-thumbnail","6":"product_cat-sin-categorizar","7":"nodate","8":"item-wrap","10":"first","11":"instock","12":"shipping-taxable","13":"product-type-external"},"_links":{"self":[{"href":"https:\/\/lofimusic.com.es\/index.php\/wp-json\/wp\/v2\/product\/13428","targetHints":{"allow":["GET"]}}],"collection":[{"href":"https:\/\/lofimusic.com.es\/index.php\/wp-json\/wp\/v2\/product"}],"about":[{"href":"https:\/\/lofimusic.com.es\/index.php\/wp-json\/wp\/v2\/types\/product"}],"replies":[{"embeddable":true,"href":"https:\/\/lofimusic.com.es\/index.php\/wp-json\/wp\/v2\/comments?post=13428"}],"wp:featuredmedia":[{"embeddable":true,"href":"https:\/\/lofimusic.com.es\/index.php\/wp-json\/wp\/v2\/media\/13427"}],"wp:attachment":[{"href":"https:\/\/lofimusic.com.es\/index.php\/wp-json\/wp\/v2\/media?parent=13428"}],"wp:term":[{"taxonomy":"product_cat","embeddable":true,"href":"https:\/\/lofimusic.com.es\/index.php\/wp-json\/wp\/v2\/product_cat?post=13428"},{"taxonomy":"product_tag","embeddable":true,"href":"https:\/\/lofimusic.com.es\/index.php\/wp-json\/wp\/v2\/product_tag?post=13428"}],"curies":[{"name":"wp","href":"https:\/\/api.w.org\/{rel}","templated":true}]}}