{"id":13406,"date":"2025-03-17T21:04:51","date_gmt":"2025-03-17T21:04:51","guid":{"rendered":"https:\/\/lofimusic.com.es\/index.php\/producto\/b0dcg1nmdl_fr-2\/"},"modified":"2025-03-17T21:04:51","modified_gmt":"2025-03-17T21:04:51","slug":"b0dcg1nmdl_fr-2","status":"publish","type":"product","link":"https:\/\/lofimusic.com.es\/index.php\/producto\/b0dcg1nmdl_fr-2\/","title":{"rendered":"B0DCG1NMDL_FR"},"content":{"rendered":"<p>&#8211; \ud83d\udef4 \ufe5f\ud835\udc6f\ud835\udc82\ud835\udc96\ud835\udc95\ud835\udc86\ud835\udc96\ud835\udc93 \ud835\udc79\u00e9\ud835\udc88\ud835\udc8d\ud835\udc82\ud835\udc83\ud835\udc8d\ud835\udc86\ufe5fLa hauteur du guidon de la trottinette peut \u00eatre r\u00e9gl\u00e9e en 3 niveaux 70cm\/75cm\/80cm. La trottinette est con\u00e7ue pour les enfants de diff\u00e9rentes tailles \u00e0 partir de 3 ans, ainsi votre enfant peut jouer \u00e0 diff\u00e9rents \u00e2ges. \uff08 \ud835\udc15\ud835\udc1e\ud835\udc2e\ud835\udc22\ud835\udc25\ud835\udc25\ud835\udc1e\ud835\udc33 \ud835\udc23\ud835\udc2e\ud835\udc20\ud835\udc1e\ud835\udc2b \ud835\udc2c\ud835\udc22 \ud835\udc25\ud835\udc1a \ud835\udc21\ud835\udc1a\ud835\udc2e\ud835\udc2d\ud835\udc1e\ud835\udc2e\ud835\udc2b \ud835\udc1d\ud835\udc1e \ud835\udc25\ud835\udc1a \ud835\udc2d\ud835\udc2b\ud835\udc28\ud835\udc2d\ud835\udc2d\ud835\udc22\ud835\udc27\ud835\udc1e\ud835\udc2d\ud835\udc2d\ud835\udc1e \ud835\udc1c\ud835\udc28\ud835\udc27\ud835\udc2f\ud835\udc22\ud835\udc1e\ud835\udc27\ud835\udc2d \u00e0 \ud835\udc25\ud835\udc1a \ud835\udc2d\ud835\udc1a\ud835\udc22\ud835\udc25\ud835\udc25\ud835\udc1e \ud835\udc1d\ud835\udc1e \ud835\udc2f\ud835\udc28\ud835\udc2d\ud835\udc2b\ud835\udc1e \ud835\udc1e\ud835\udc27\ud835\udc1f\ud835\udc1a\ud835\udc27\ud835\udc2d \ud835\udc1c\ud835\udc28\ud835\udc27\ud835\udc2f\ud835\udc22\ud835\udc1e\ud835\udc27\ud835\udc27\ud835\udc1e\ud835\udc27\ud835\udc2d \ud835\udc1a\ud835\udc2f\ud835\udc1a\ud835\udc27\ud835\udc2d \ud835\udc25&#8217;\ud835\udc1a\ud835\udc1c\ud835\udc21\ud835\udc1a\ud835\udc2d. \uff09<br \/>\n&#8211; \ud83d\udef4 \ufe5f\ud835\udc79\ud835\udc90\ud835\udc96\ud835\udc86\ud835\udc94 \ud835\udc73\ud835\udc96\ud835\udc8e\ud835\udc8a\ud835\udc8f\ud835\udc86\ud835\udc96\ud835\udc94\ud835\udc86\ud835\udc94\ufe5fLes roues de la trottinette de diam\u00e8tre de 12 cm, sont \u00e9lastiques et dot\u00e9es de roulements amortisseurs, s&#8217;adaptant facilement \u00e0 toutes sortes de surfaces. Les roues sont \u00e9quip\u00e9es de lumi\u00e8res LED, qui rendent non seulement l&#8217;exp\u00e9rience de conduite plus cool, mais aussi plus s\u00fbre lorsque l&#8217;enfant joue la nuit.<br \/>\n&#8211; \ud83d\udef4 \ufe5f\ud835\udc6e\ud835\udc82\ud835\udc93\ud835\udc82\ud835\udc8f\ud835\udc95\ud835\udc8a\ud835\udc86 \ud835\udc85\ud835\udc86 \ud835\udc7a\u00e9\ud835\udc84\ud835\udc96\ud835\udc93\ud835\udc8a\ud835\udc95\u00e9\ufe5fLa trottinette en aluminium, robuste et durable, a une capacit\u00e9 de charge allant jusqu&#8217;\u00e0 50 kg. Son guidon antid\u00e9rapant et son p\u00e9dale pont antid\u00e9rapant permettent aux enfants de se tenir debout en s\u00e9curit\u00e9. De plus, le frein sensible rend l&#8217;utilisation plus s\u00fbre.<br \/>\n&#8211; \ud83d\udef4 \ufe5f\ud835\udc6b\ud835\udc86\ud835\udc94\ud835\udc8a\ud835\udc88\ud835\udc8f \ud835\udc77\ud835\udc8d\ud835\udc8a\ud835\udc82\ud835\udc83\ud835\udc8d\ud835\udc86\ufe5fLe corps et le guidon se replient pour gagner de la place et vous pouvez facilement le ranger dans le coffre de votre voiture ou dans un placard. La trottinette ne p\u00e8se que 2,2 kg et est facile \u00e0 transporter. Qu&#8217;il s&#8217;agisse d&#8217;un voyage en voiture ou d&#8217;une sortie au parc voisin, la trottinette tiendra compagnie aux enfants !<br \/>\n&#8211; \ud83d\udef4 \ufe5f\ud835\udc6a\ud835\udc82\ud835\udc85\ud835\udc86\ud835\udc82\ud835\udc96 \ud835\udc91\ud835\udc90\ud835\udc96\ud835\udc93 \ud835\udc6c\ud835\udc8f\ud835\udc87\ud835\udc82\ud835\udc8f\ud835\udc95\ud835\udc94\ufe5fCette trottinette entra\u00eenera l&#8217;\u00e9quilibre et la coordination du corps de votre enfant. Cette trottinette est un cadeau cr\u00e9atif pour les enfants \u00e0 partir de 3 ans et peut \u00eatre utilis\u00e9e comme r\u00e9compense pour les vacances et les anniversaires.<\/p>\n","protected":false},"excerpt":{"rendered":"<p>publicit\u00e9GYMAX Trottinette Enfants 3 Ans+, Hauteur R\u00e9glable 70-75-80CM, avec Roues Lumineuses \u00e0 LED et Frein Arri\u00e9re, Design Pliable(Bleu Clair)<\/p>\n","protected":false},"featured_media":13405,"comment_status":"open","ping_status":"closed","template":"","meta":[],"product_cat":[15],"product_tag":[],"class_list":{"0":"post-13406","1":"product","2":"type-product","3":"status-publish","4":"has-post-thumbnail","6":"product_cat-sin-categorizar","7":"nodate","8":"item-wrap","10":"first","11":"instock","12":"shipping-taxable","13":"product-type-external"},"_links":{"self":[{"href":"https:\/\/lofimusic.com.es\/index.php\/wp-json\/wp\/v2\/product\/13406","targetHints":{"allow":["GET"]}}],"collection":[{"href":"https:\/\/lofimusic.com.es\/index.php\/wp-json\/wp\/v2\/product"}],"about":[{"href":"https:\/\/lofimusic.com.es\/index.php\/wp-json\/wp\/v2\/types\/product"}],"replies":[{"embeddable":true,"href":"https:\/\/lofimusic.com.es\/index.php\/wp-json\/wp\/v2\/comments?post=13406"}],"wp:featuredmedia":[{"embeddable":true,"href":"https:\/\/lofimusic.com.es\/index.php\/wp-json\/wp\/v2\/media\/13405"}],"wp:attachment":[{"href":"https:\/\/lofimusic.com.es\/index.php\/wp-json\/wp\/v2\/media?parent=13406"}],"wp:term":[{"taxonomy":"product_cat","embeddable":true,"href":"https:\/\/lofimusic.com.es\/index.php\/wp-json\/wp\/v2\/product_cat?post=13406"},{"taxonomy":"product_tag","embeddable":true,"href":"https:\/\/lofimusic.com.es\/index.php\/wp-json\/wp\/v2\/product_tag?post=13406"}],"curies":[{"name":"wp","href":"https:\/\/api.w.org\/{rel}","templated":true}]}}