{"id":13402,"date":"2025-03-17T21:01:31","date_gmt":"2025-03-17T21:01:31","guid":{"rendered":"https:\/\/lofimusic.com.es\/index.php\/producto\/b0dttj4mmh_fr\/"},"modified":"2025-03-17T21:01:31","modified_gmt":"2025-03-17T21:01:31","slug":"b0dttj4mmh_fr","status":"publish","type":"product","link":"https:\/\/lofimusic.com.es\/index.php\/producto\/b0dttj4mmh_fr\/","title":{"rendered":"B0DTTJ4MMH_FR"},"content":{"rendered":"<p>&#8211; Grand Carr\u00e9 potager avec Cloisons : Notre carr\u00e9 potager de jardin comprend 2 grands bacs \u00e0 plantation spacieux, offrant une capacit\u00e9 totale de 0,26 m3 de sol, parfait pour accueillir divers types de plantes, comme les l\u00e9gumes, les fruits et les herbes. Les cloisons amovibles aident \u00e9galement \u00e0 g\u00e9rer efficacement diff\u00e9rentes esp\u00e8ces de plantes.<br \/>\n&#8211; Construction 100 % Bois : Le carr\u00e9 potager de jardin sur\u00e9lev\u00e9 est construit en bois de pin massif de haute qualit\u00e9 connu pour sa robustesse et sa r\u00e9sistance non d\u00e9formable. L&#8217;absence de peinture de surface vous offre la libert\u00e9 de personnaliser le design du parterre selon vos pr\u00e9f\u00e9rences.<br \/>\n&#8211; Fond Ouvert : \u00c9quip\u00e9 d&#8217;une base ouverte, le lit de jardin de plantation rectangulaire emp\u00eachera l&#8217;accumulation d&#8217;eau et pr\u00e9servera les nutriments du sol. En garantissant une circulation d&#8217;air ad\u00e9quate et un drainage d&#8217;eau, vos plantes sont pr\u00eates \u00e0 prosp\u00e9rer dans un environnement sain et propice.<br \/>\n&#8211; Conception Robuste et Facile \u00e0 Assembler : Gr\u00e2ce aux pieds rainur\u00e9s, le conteneur de plantes est facile \u00e0 assembler. De plus, la cloison amovible permet des configurations personnalis\u00e9es. Les coins des bacs \u00e0 plantation sont renforc\u00e9s pour une robustesse accrue.<br \/>\n&#8211; Applicable \u00e0 Plusieurs Environnements : Mesurant 228 x 62 x 25cm, le jardini\u00e8re sur\u00e9lev\u00e9e s&#8217;adapte parfaitement \u00e0 une vari\u00e9t\u00e9 d&#8217;espaces ext\u00e9rieurs. Que vous ayez un grand jardin, un patio modeste ou un balcon ensoleill\u00e9, le parterre en bois s&#8217;adapte facilement.<\/p>\n","protected":false},"excerpt":{"rendered":"<p>publicit\u00e9GOPLUS Carr\u00e9 Potager en Bois de pin 0,26m\u00b3, Carr\u00e9 Potager Sur\u00e9lev\u00e9 avec 2 Bacs \u00e0 Plantation et Cloisons, 1 Bac Divis\u00e9 en 4 pour Fleurs L\u00e9gumes Fruits Herbes, 228 x 62 x 25cm<\/p>\n","protected":false},"featured_media":13401,"comment_status":"open","ping_status":"closed","template":"","meta":[],"product_cat":[15],"product_tag":[],"class_list":{"0":"post-13402","1":"product","2":"type-product","3":"status-publish","4":"has-post-thumbnail","6":"product_cat-sin-categorizar","7":"nodate","8":"item-wrap","10":"first","11":"instock","12":"shipping-taxable","13":"product-type-external"},"_links":{"self":[{"href":"https:\/\/lofimusic.com.es\/index.php\/wp-json\/wp\/v2\/product\/13402","targetHints":{"allow":["GET"]}}],"collection":[{"href":"https:\/\/lofimusic.com.es\/index.php\/wp-json\/wp\/v2\/product"}],"about":[{"href":"https:\/\/lofimusic.com.es\/index.php\/wp-json\/wp\/v2\/types\/product"}],"replies":[{"embeddable":true,"href":"https:\/\/lofimusic.com.es\/index.php\/wp-json\/wp\/v2\/comments?post=13402"}],"wp:featuredmedia":[{"embeddable":true,"href":"https:\/\/lofimusic.com.es\/index.php\/wp-json\/wp\/v2\/media\/13401"}],"wp:attachment":[{"href":"https:\/\/lofimusic.com.es\/index.php\/wp-json\/wp\/v2\/media?parent=13402"}],"wp:term":[{"taxonomy":"product_cat","embeddable":true,"href":"https:\/\/lofimusic.com.es\/index.php\/wp-json\/wp\/v2\/product_cat?post=13402"},{"taxonomy":"product_tag","embeddable":true,"href":"https:\/\/lofimusic.com.es\/index.php\/wp-json\/wp\/v2\/product_tag?post=13402"}],"curies":[{"name":"wp","href":"https:\/\/api.w.org\/{rel}","templated":true}]}}