{"id":13384,"date":"2025-03-17T18:55:26","date_gmt":"2025-03-17T18:55:26","guid":{"rendered":"https:\/\/lofimusic.com.es\/index.php\/producto\/b0czcfb2bm_de\/"},"modified":"2025-03-17T18:55:26","modified_gmt":"2025-03-17T18:55:26","slug":"b0czcfb2bm_de","status":"publish","type":"product","link":"https:\/\/lofimusic.com.es\/index.php\/producto\/b0czcfb2bm_de\/","title":{"rendered":"B0CZCFB2BM_DE"},"content":{"rendered":"<p>&#8211; \u3010100% Kompatibilit\u00e4t\u3011Dieser neueste 3 in 1 gummi eingabestift stift ist kompatibel mit allen Touchscreen Handys, Tablets und Autonavigations system usw, wie Sam-sung, Hua-wei, Xiao-mi, usw.<br \/>\n&#8211; \u3010Hohe Empfindlichkeit\u3011 Auf beiden Seiten des Stifts befinden sich 3 verschiedene Gr\u00f6\u00dfen von hochempfindlichen Gummispitzen (7 mm \/ 5 mm\/ einer Scheibenspitze), um Ihren unterschiedlichen Anforderungen gerecht zu werden. Es bietet Ihnen ein fl\u00fcssiges Zeichen- und Schreiberlebnis auf dem Touchscreen und reagiert gut ohne Kratzer auf dem Display.<br \/>\n&#8211; \u3010Sch\u00fctzen Sie Bildschirm\u3011Unsere Touchscreen-Stiftspitze wurde aus weichem und kratzfestem Gummi hergestellt. Beide Gummispitzen sind sehr weich und haltbar. Fingerabdrucksichere und antihaftbeschichtete Bildschirmspitze, der Stylus stift ist perfekt zum Notieren, Schreiben, Spiel und Navigation.<br \/>\n&#8211; \u3010Ersatz-Silikonspitzen konfigurieren\u3011 Dieser Eingabestift wird mit 4 7-mm-Silikonspitzen und 4 5-mm-Silikonspitzen geliefert und 2 einer Scheibenspitze, die ersetzt werden k\u00f6nnen, wenn die Spitzen besch\u00e4digt sind oder verloren gehen. Es verl\u00e4ngert effektiv die Lebensdauer des Stifts.<br \/>\n&#8211; \u3010Einfach zu tragen\u3011 Der Touch-Stift ist 15,3 cm lang und wiegt etwa 13,5 Gramm, was leicht und bequem ist. Es ben\u00f6tigt weder Bluetooth noch Strom und kann in eine Tasche gesteckt und jederzeit und \u00fcberall verwendet werden. Auch wenn Sie nicht zufrieden sind oder Fragen haben, wenden Sie sich bitte an das liuchanghe-Team. Wir werden Ihnen auf jeden Fall innerhalb von 24 Stunden eine zufriedenstellende Antwort geben!<\/p>\n","protected":false},"excerpt":{"rendered":"<p>Werbungliuchanghe Tablet Stift, 2er Pack Touchscreen Stift 3 in 1 Gummi Disc Stylus Touch Pen f\u00fcr alle Tablets\/Handys (Schwarz+Ros\u00e9gold)<\/p>\n","protected":false},"featured_media":13383,"comment_status":"open","ping_status":"closed","template":"","meta":[],"product_cat":[15],"product_tag":[],"class_list":{"0":"post-13384","1":"product","2":"type-product","3":"status-publish","4":"has-post-thumbnail","6":"product_cat-sin-categorizar","7":"nodate","8":"item-wrap","10":"first","11":"instock","12":"shipping-taxable","13":"product-type-external"},"_links":{"self":[{"href":"https:\/\/lofimusic.com.es\/index.php\/wp-json\/wp\/v2\/product\/13384","targetHints":{"allow":["GET"]}}],"collection":[{"href":"https:\/\/lofimusic.com.es\/index.php\/wp-json\/wp\/v2\/product"}],"about":[{"href":"https:\/\/lofimusic.com.es\/index.php\/wp-json\/wp\/v2\/types\/product"}],"replies":[{"embeddable":true,"href":"https:\/\/lofimusic.com.es\/index.php\/wp-json\/wp\/v2\/comments?post=13384"}],"wp:featuredmedia":[{"embeddable":true,"href":"https:\/\/lofimusic.com.es\/index.php\/wp-json\/wp\/v2\/media\/13383"}],"wp:attachment":[{"href":"https:\/\/lofimusic.com.es\/index.php\/wp-json\/wp\/v2\/media?parent=13384"}],"wp:term":[{"taxonomy":"product_cat","embeddable":true,"href":"https:\/\/lofimusic.com.es\/index.php\/wp-json\/wp\/v2\/product_cat?post=13384"},{"taxonomy":"product_tag","embeddable":true,"href":"https:\/\/lofimusic.com.es\/index.php\/wp-json\/wp\/v2\/product_tag?post=13384"}],"curies":[{"name":"wp","href":"https:\/\/api.w.org\/{rel}","templated":true}]}}