{"id":13380,"date":"2025-03-17T18:54:23","date_gmt":"2025-03-17T18:54:23","guid":{"rendered":"https:\/\/lofimusic.com.es\/index.php\/producto\/b0czcfb2bm_fr-2\/"},"modified":"2025-03-17T18:54:23","modified_gmt":"2025-03-17T18:54:23","slug":"b0czcfb2bm_fr-2","status":"publish","type":"product","link":"https:\/\/lofimusic.com.es\/index.php\/producto\/b0czcfb2bm_fr-2\/","title":{"rendered":"B0CZCFB2BM_FR"},"content":{"rendered":"<p>&#8211; Stylet 3-en-1: En s&#8217;appuyant sur la base des doubles pointes en caoutchouc, cette nouvelle version ajoute une pointe de disque transparente plus pr\u00e9cise et sensible, et est livr\u00e9e avec un capuchon de protection. Ce stylet pour tablette r\u00e9pond \u00e0 divers besoins dans votre vie quotidienne, qu&#8217;il s&#8217;agisse de cliquer sur des ic\u00f4nes, d&#8217;\u00e9crire, de dessiner ou de jouer \u00e0 des jeux, il peut tout g\u00e9rer avec facilit\u00e9.<br \/>\n&#8211; Protection de l&#8217;\u00e9cran: La pointe du stylet de l&#8217;\u00e9cran tactile est faite de mat\u00e9riau en silicone souple, qui prot\u00e8ge votre \u00e9cran des rayures et ne laisse pas de traces de doigts.<br \/>\n&#8211; Large gamme de compatibilit\u00e9: Le stylet tactile est compatible avec tous les t\u00e9l\u00e9phones mobiles capacitifs, les tablettes, les ordinateurs portables \u00e0 \u00e9cran tactile et les liseuses. Ils fonctionnent en rempla\u00e7ant votre doigt sur l&#8217;\u00e9cran.<br \/>\n&#8211; Simple et Pratique: Ce stylet universel ne n\u00e9cessite pas de Bluetooth ni de recharge et ne p\u00e8se que 13,5 g. Vous pouvez le mettre dans votre poche lorsque vous \u00eates en d\u00e9placement et l&#8217;utiliser quand vous le souhaitez &#8211; c&#8217;est aussi simple et pratique que cela.<br \/>\n&#8211; Le paquet comprend: 2 stylets tablette, 4 pointes en caoutchouc de 5 mm, 4 pointes en caoutchouc de 7 mm, 2 pointes \u00e0 disque pour prolonger la dur\u00e9e de vie de votre stylet. Les 3 pointes sont rempla\u00e7ables et peuvent \u00eatre remplac\u00e9es en quelques secondes.<\/p>\n","protected":false},"excerpt":{"rendered":"<p>publicit\u00e9liuchanghe Stylet Tablette, 3 en 1 Stylet Universel pour \u00e9crans tactiles, Stylet Tactile Compatible avec Smartphones, Tablettes, Sam-Sung Galaxy, Hua-wei, Mi (Noir + Or Rose)<\/p>\n","protected":false},"featured_media":13379,"comment_status":"open","ping_status":"closed","template":"","meta":[],"product_cat":[15],"product_tag":[],"class_list":{"0":"post-13380","1":"product","2":"type-product","3":"status-publish","4":"has-post-thumbnail","6":"product_cat-sin-categorizar","7":"nodate","8":"item-wrap","10":"first","11":"instock","12":"shipping-taxable","13":"product-type-external"},"_links":{"self":[{"href":"https:\/\/lofimusic.com.es\/index.php\/wp-json\/wp\/v2\/product\/13380","targetHints":{"allow":["GET"]}}],"collection":[{"href":"https:\/\/lofimusic.com.es\/index.php\/wp-json\/wp\/v2\/product"}],"about":[{"href":"https:\/\/lofimusic.com.es\/index.php\/wp-json\/wp\/v2\/types\/product"}],"replies":[{"embeddable":true,"href":"https:\/\/lofimusic.com.es\/index.php\/wp-json\/wp\/v2\/comments?post=13380"}],"wp:featuredmedia":[{"embeddable":true,"href":"https:\/\/lofimusic.com.es\/index.php\/wp-json\/wp\/v2\/media\/13379"}],"wp:attachment":[{"href":"https:\/\/lofimusic.com.es\/index.php\/wp-json\/wp\/v2\/media?parent=13380"}],"wp:term":[{"taxonomy":"product_cat","embeddable":true,"href":"https:\/\/lofimusic.com.es\/index.php\/wp-json\/wp\/v2\/product_cat?post=13380"},{"taxonomy":"product_tag","embeddable":true,"href":"https:\/\/lofimusic.com.es\/index.php\/wp-json\/wp\/v2\/product_tag?post=13380"}],"curies":[{"name":"wp","href":"https:\/\/api.w.org\/{rel}","templated":true}]}}