{"id":131,"date":"2024-09-13T16:19:03","date_gmt":"2024-09-13T16:19:03","guid":{"rendered":"https:\/\/lofimusic.com.es\/index.php\/producto\/b0c3mft118_de\/"},"modified":"2024-09-13T16:19:03","modified_gmt":"2024-09-13T16:19:03","slug":"b0c3mft118_de","status":"publish","type":"product","link":"https:\/\/lofimusic.com.es\/index.php\/producto\/b0c3mft118_de\/","title":{"rendered":"B0C3MFT118_DE"},"content":{"rendered":"<p>&#8211; Erleben Sie komfortables Schwimmen: Die WLSCTY Schwimmst\u00f6psel sind aus weichem, nicht allergenem Silikon und mit einer ergonomischen, dreilagigen Ohrmuschel ausgestattet, die auch nach stundenlangem Tragen keine Schmerzen oder Beschwerden verursacht. W\u00e4hlen Sie unsere Ohrst\u00f6psel f\u00fcr Ihren n\u00e4chsten Schwimmausflug und genie\u00dfen Sie ununterbrochenen Komfort.<br \/>\n&#8211; Doppelt wasserdichter Schutz: Unsere hochwertigen Schwimmst\u00f6psel verf\u00fcgen \u00fcber dreieckige, rutschfeste Ohrfl\u00fcgel und eine wasserdichte Netzschicht, die zusammen mit der Ohrw\u00f6lbung f\u00fcr einen sicheren Sitz sorgen und beim Wassersport nicht verrutschen. Mehrere wasserabweisende Strukturen sch\u00fctzen Ihre Ohren wirksam vor Wasser und Schwimmerohrentz\u00fcndungen und sorgen f\u00fcr sorgenfreies Schwimmen.<br \/>\n&#8211; Bewahren Sie den Klang, Nicht das Wasser: Unsere wiederverwendbaren Schwimmohrst\u00f6psel sind mit schall\u00fcbertragenden R\u00f6hrchen ausgestattet, die das H\u00f6ren von Gespr\u00e4chen, Alarmen und Rufen erm\u00f6glichen und gleichzeitig das Eindringen von Wasser verhindern, so dass Ihre Ohren trocken bleiben. Unsere Ohrst\u00f6psel eignen sich sowohl f\u00fcr Kinder ab 10 Jahren als auch f\u00fcr Erwachsene und sind eine unverzichtbare Erg\u00e4nzung zu jeder Schwimmausr\u00fcstung.<br \/>\n&#8211; Modisch und vielseitig: Unser Paket enth\u00e4lt 3 Paar Schwimmohrst\u00f6psel in verschiedenen Farben, die perfekt zum Schwimmen, Baden, Duschen, Surfen und Schnorcheln passen. Die bunten Farben sind nicht nur ein Hingucker im Schwimmbad, sondern auch ein tolles Geschenk f\u00fcr Erwachsene und Kinder.<br \/>\n&#8211; Einfach aufzubewahren und wiederverwendbar: Jedes Paar Ohrst\u00f6psel wird in einer durchsichtigen Box geliefert, in der sie einfach aufbewahrt werden k\u00f6nnen, wenn sie nicht gebraucht werden. Testen Sie unsere Ohrst\u00f6psel noch heute und erleben Sie komfortables und sorgenfreies Schwimmen!<\/p>\n","protected":false},"excerpt":{"rendered":"<p>Werbung<br \/>\nSchwimm Ohrst\u00f6psel f\u00fcr Erwachsene &#8211; Wasserdichte Wiederverwendbare Weich Silikon Ohrst\u00f6psel Ohrschutz zum Duschen Schwimmen Surfen Schnorcheln und andere Wassersportarten(3 Paar) (Dunkel)<\/p>\n","protected":false},"featured_media":130,"comment_status":"open","ping_status":"closed","template":"","meta":[],"product_cat":[15],"product_tag":[],"class_list":{"0":"post-131","1":"product","2":"type-product","3":"status-publish","4":"has-post-thumbnail","6":"product_cat-sin-categorizar","7":"nodate","8":"item-wrap","10":"first","11":"instock","12":"shipping-taxable","13":"product-type-external"},"_links":{"self":[{"href":"https:\/\/lofimusic.com.es\/index.php\/wp-json\/wp\/v2\/product\/131","targetHints":{"allow":["GET"]}}],"collection":[{"href":"https:\/\/lofimusic.com.es\/index.php\/wp-json\/wp\/v2\/product"}],"about":[{"href":"https:\/\/lofimusic.com.es\/index.php\/wp-json\/wp\/v2\/types\/product"}],"replies":[{"embeddable":true,"href":"https:\/\/lofimusic.com.es\/index.php\/wp-json\/wp\/v2\/comments?post=131"}],"wp:featuredmedia":[{"embeddable":true,"href":"https:\/\/lofimusic.com.es\/index.php\/wp-json\/wp\/v2\/media\/130"}],"wp:attachment":[{"href":"https:\/\/lofimusic.com.es\/index.php\/wp-json\/wp\/v2\/media?parent=131"}],"wp:term":[{"taxonomy":"product_cat","embeddable":true,"href":"https:\/\/lofimusic.com.es\/index.php\/wp-json\/wp\/v2\/product_cat?post=131"},{"taxonomy":"product_tag","embeddable":true,"href":"https:\/\/lofimusic.com.es\/index.php\/wp-json\/wp\/v2\/product_tag?post=131"}],"curies":[{"name":"wp","href":"https:\/\/api.w.org\/{rel}","templated":true}]}}