{"id":1257,"date":"2024-09-14T12:07:04","date_gmt":"2024-09-14T12:07:04","guid":{"rendered":"https:\/\/lofimusic.com.es\/index.php\/producto\/b0d6bn2lzz_de-2\/"},"modified":"2024-09-14T12:07:04","modified_gmt":"2024-09-14T12:07:04","slug":"b0d6bn2lzz_de-2","status":"publish","type":"product","link":"https:\/\/lofimusic.com.es\/index.php\/producto\/b0d6bn2lzz_de-2\/","title":{"rendered":"B0D6BN2LZZ_DE"},"content":{"rendered":"<p>&#8211; Hocheffizienter Elektroschock: Insektenvernichter verwenden UV-Licht mit einer Wellenl\u00e4nge von 365-395nm, um Insekten anzulocken. Unser Netz ist in der Lage, innerhalb von 1 Sekunde einen Superschock von 4000V zu erzeugen. Diese schnelle Wirkung macht eine Vielzahl von Insekten, einschlie\u00dflich M\u00fccken, Fliegen, Motten und andere, unsch\u00e4dlich und vernichtet sie.<br \/>\n&#8211; LED Moskito-Falle Perlen: 3 eingebaute LED-Birnen, 365nm t\u00f6dliche Moskito-Fallen Lichtwellen nicht nur finden, anziehen und t\u00f6ten Insekten, sondern kann auch als ein Nachtlicht in der Nacht verwendet werden.<br \/>\n&#8211; 2 Arten zu verwenden: PALONE M\u00fcckenlampe unterst\u00fctzt die freie Kombination der Verwendung, kann an der Wand oder flach auf dem Tisch aufgeh\u00e4ngt werden, geeignet f\u00fcr eine Vielzahl von Nutzungsszenarien.<br \/>\n&#8211; Umweltfreundliche wiederaufladbare Batterie: Ausgestattet mit einem langlebigen, wiederaufladbaren Lithium-Ionen-Akku mit einer Kapazit\u00e4t von 1200mAh, wodurch die Umweltverschmutzung durch Einwegbatterien vermieden wird. Er kann \u00fcber ein 1,2 m langes USB-Kabel aufgeladen werden und ist f\u00fcr den Au\u00dfeneinsatz geeignet.<br \/>\n&#8211; Hohe Sicherheit: Das M\u00fcckenlampe ist mit einem dreilagigen Sicherheitsnetz ausgestattet, damit Ihre H\u00e4nde jederzeit vor dem Hochspannungsnetz gesch\u00fctzt sind. Das \u00e4u\u00dfere Netz ist aus ABS und das innere ist aus Aluminium, das Produkt hat \u00dcberladung, \u00dcberentladung, \u00dcberstrom und Lastkurzschlussschutz.<\/p>\n","protected":false},"excerpt":{"rendered":"<p>Werbung<br \/>\nPALONE Elektrischer Insektenvernichter M\u00fcckenvernichter, 4000V USB C Elektrische M\u00fcckenlampe 1200mAh, M\u00fcckenfalle mit 3 UV LED-Birnen f\u00fcr Innen und Au\u00dfen &#8211; H\u00e4ngbar<\/p>\n","protected":false},"featured_media":1256,"comment_status":"open","ping_status":"closed","template":"","meta":[],"product_cat":[15],"product_tag":[],"class_list":{"0":"post-1257","1":"product","2":"type-product","3":"status-publish","4":"has-post-thumbnail","6":"product_cat-sin-categorizar","7":"nodate","8":"item-wrap","10":"first","11":"instock","12":"shipping-taxable","13":"product-type-external"},"_links":{"self":[{"href":"https:\/\/lofimusic.com.es\/index.php\/wp-json\/wp\/v2\/product\/1257","targetHints":{"allow":["GET"]}}],"collection":[{"href":"https:\/\/lofimusic.com.es\/index.php\/wp-json\/wp\/v2\/product"}],"about":[{"href":"https:\/\/lofimusic.com.es\/index.php\/wp-json\/wp\/v2\/types\/product"}],"replies":[{"embeddable":true,"href":"https:\/\/lofimusic.com.es\/index.php\/wp-json\/wp\/v2\/comments?post=1257"}],"wp:featuredmedia":[{"embeddable":true,"href":"https:\/\/lofimusic.com.es\/index.php\/wp-json\/wp\/v2\/media\/1256"}],"wp:attachment":[{"href":"https:\/\/lofimusic.com.es\/index.php\/wp-json\/wp\/v2\/media?parent=1257"}],"wp:term":[{"taxonomy":"product_cat","embeddable":true,"href":"https:\/\/lofimusic.com.es\/index.php\/wp-json\/wp\/v2\/product_cat?post=1257"},{"taxonomy":"product_tag","embeddable":true,"href":"https:\/\/lofimusic.com.es\/index.php\/wp-json\/wp\/v2\/product_tag?post=1257"}],"curies":[{"name":"wp","href":"https:\/\/api.w.org\/{rel}","templated":true}]}}