{"id":1229,"date":"2024-09-14T11:03:31","date_gmt":"2024-09-14T11:03:31","guid":{"rendered":"https:\/\/lofimusic.com.es\/index.php\/producto\/b0d2l8ldsy_it\/"},"modified":"2024-09-14T11:03:31","modified_gmt":"2024-09-14T11:03:31","slug":"b0d2l8ldsy_it","status":"publish","type":"product","link":"https:\/\/lofimusic.com.es\/index.php\/producto\/b0d2l8ldsy_it\/","title":{"rendered":"B0D2L8LDSY_IT"},"content":{"rendered":"<p>&#8211; Nuovo 1,96&#8243; Touch Screen Completo e Quadrante Personalizzato\uff1aLo orologio uomo \u00e8 dotato di un touch screen a colori TFT da 1,96pollici, che offre una comoda visualizzazione e funzionamento, un tocco confortevole e flessibile e un&#8217;esperienza visiva eccellente. Gli smartwatch donna sono stati attentamente progettati, offrendo una selezione di oltre 250+ bellissimi quadranti tra cui scegliere. \u00c8 possibile anche personalizzare un quadrante esclusivo caricando le proprie immagini.<br \/>\n&#8211; Chiamata Bluetooth 5.3 e Notifica del Messaggio: Lo smartwatch uomo con funzione telefono adotta la versione Bluetooth 5.3, la connessione \u00e8 pi\u00f9 veloce e pi\u00f9 stabile. Una volta che lo orologio smartwatch donna \u00e8 collegato con successo al telefono cellulare tramite Bluetooth, \u00e8 possibile effettuare chiamate, rispondere e rifiutare le chiamate direttamente dallo orologio smartwatch uomo. c&#8217;\u00e8 una funzione di notifica intelligente che pu\u00f2 ricordarti SMS, WhatsApp, Facebook o altri messaggi APP.<br \/>\n&#8211; cardiofrequenzimetro 24H e Monitoraggio Del Sonno\uff1aIl nostro orologio smartwatch uomo il sensore di movimento integrato ad alte prestazioni monitora e rileva automaticamente la frequenza cardiaca in tempo reale, aiutandoti a regolare in modo ottimale l&#8217;intensit\u00e0 dell&#8217;allenamento. cardiofrequenzimetro da polso pu\u00f2 anche misurare il sonno automaticamente, registrare il sonno mite, il sonno profondo e la veglia.aiutarti a regolare meglio il tuo corpo e renderti pi\u00f9 sano.<br \/>\n&#8211; 113+ Modalit\u00e0 Sportive e IP68 Impermeabili : Lo smart watch uomo fitness tracker offre 113+ modalit\u00e0 sportive, tra cui corsa, yoga e altro, tracciando con precisione i tuoi passi, il tempo, la distanza e le calorie bruciate, oltre ad altre metriche quotidiane. Con impermeabilit\u00e0 IP68, questo Smart Watch donna pu\u00f2 soddisfare le vostre esigenze quotidiane impermeabili. (Docce calde, immersioni, surf e altri scenari non sono raccomandati.)<br \/>\n&#8211; Altre Funzioni e Lunga Durata Della Batteria : Questo orologio donna smartwatch ha molte funzioni pratiche, come previsioni del tempo, sveglia, timer, cronometro, controllo della musica, controllo della fotocamera, promemoria sedentario, monitoraggio dei cicli femminili, trova telefono, ecc. L&#8217; Orologio contapassi polso donna Batteria al litio da 300mAh mAh,sicura efficiente, una carica completa 2 ore pu\u00f2 fornire fino a 7 giorni di tempo di lavoro e 26 giorni di standby.<br \/>\n&#8211; Note : Please download the APP-\u00abGloryFit\u00bb \uff0cAssociando l&#8217; smartwatch con l&#8217;applicazione \u00abGloryFit\u00bb sul cellulare, \u00e8 possibile registrare tutti i dati sanitari giornalieri, come passi, consumo calorico e altri dati. Sia l&#8217;app che l&#8217; Sportive Orologio supportano le lingue multinazionali.<\/p>\n","protected":false},"excerpt":{"rendered":"<p>pubblicit\u00e0Smartwatch Uomo Donna,1.96&#8243; Orologio Smartwatch con Effettua\/Risposta Chiamate,113+Sportive Smart Watch con Contapassi\/24H Cardiofrequenzimetro\/Sonno, Impermeabile IP68,Tracker per Android iOS Beige<\/p>\n","protected":false},"featured_media":1228,"comment_status":"open","ping_status":"closed","template":"","meta":[],"product_cat":[15],"product_tag":[],"class_list":{"0":"post-1229","1":"product","2":"type-product","3":"status-publish","4":"has-post-thumbnail","6":"product_cat-sin-categorizar","7":"nodate","8":"item-wrap","10":"first","11":"instock","12":"shipping-taxable","13":"product-type-external"},"_links":{"self":[{"href":"https:\/\/lofimusic.com.es\/index.php\/wp-json\/wp\/v2\/product\/1229","targetHints":{"allow":["GET"]}}],"collection":[{"href":"https:\/\/lofimusic.com.es\/index.php\/wp-json\/wp\/v2\/product"}],"about":[{"href":"https:\/\/lofimusic.com.es\/index.php\/wp-json\/wp\/v2\/types\/product"}],"replies":[{"embeddable":true,"href":"https:\/\/lofimusic.com.es\/index.php\/wp-json\/wp\/v2\/comments?post=1229"}],"wp:featuredmedia":[{"embeddable":true,"href":"https:\/\/lofimusic.com.es\/index.php\/wp-json\/wp\/v2\/media\/1228"}],"wp:attachment":[{"href":"https:\/\/lofimusic.com.es\/index.php\/wp-json\/wp\/v2\/media?parent=1229"}],"wp:term":[{"taxonomy":"product_cat","embeddable":true,"href":"https:\/\/lofimusic.com.es\/index.php\/wp-json\/wp\/v2\/product_cat?post=1229"},{"taxonomy":"product_tag","embeddable":true,"href":"https:\/\/lofimusic.com.es\/index.php\/wp-json\/wp\/v2\/product_tag?post=1229"}],"curies":[{"name":"wp","href":"https:\/\/api.w.org\/{rel}","templated":true}]}}