{"id":11309,"date":"2025-02-12T09:09:41","date_gmt":"2025-02-12T09:09:41","guid":{"rendered":"https:\/\/lofimusic.com.es\/index.php\/producto\/b0dmvxv361_de\/"},"modified":"2025-02-12T09:09:41","modified_gmt":"2025-02-12T09:09:41","slug":"b0dmvxv361_de","status":"publish","type":"product","link":"https:\/\/lofimusic.com.es\/index.php\/producto\/b0dmvxv361_de\/","title":{"rendered":"B0DMVXV361_DE"},"content":{"rendered":"<p>&#8211; \u3010Effizientes Fettverbrennen, Fitness und Formen\u3011: Die Muskel-Fitness-Stimulatoren bieten 8 Modi und 19 Intensit\u00e4tsstufen. W\u00e4hlen Sie den gew\u00fcnschten Modus und die Intensit\u00e4tsstufe, um den gew\u00fcnschten Trainingseffekt zu erzielen. Dieses Ger\u00e4t liefert Ergebnisse in k\u00fcrzerer Zeit als herk\u00f6mmliche Fitnessstudio-Workouts.<br \/>\n&#8211; \u3010USB-Laden und Tragbarkeit\u3011: Unser Muskeltoner ist \u00fcber USB aufladbar und ben\u00f6tigt nur eine Stunde, um vollst\u00e4ndig aufzuladen. Eine Ladung h\u00e4lt bis zu zwei Wochen. Bitte beachten Sie, dass es automatisch ausschaltet, wenn die empfohlene Nutzungsdauer von 15 Minuten erreicht ist.<br \/>\n&#8211; \u3010Ergonomisches Design\u3011: Die innovative 8-Elektroden-Form des Muskelstimulators bietet eine ergonomische und \u00e4u\u00dferst komfortable Haftung an den Muskeln des Bauchgurts. Die hochwertigen, atmungsaktiven und weichen Pads haften besser an den K\u00f6rperlinien und sind klein, d\u00fcnn und bequem mit energiesparenden Eigenschaften.<br \/>\n&#8211; \u3010Professioneller EMS-Muskelstimulator\u3011: Die neueste Version des EMS-Muskeltrainers sendet Mikrostromsignale an den K\u00f6rper, stimuliert Muskelkontraktionen und erm\u00f6glicht somit das Verbrennen von Fett und die Formung des K\u00f6rpers. Durch die konsequente Nutzung des Muskelstimulators f\u00fcr etwa 2 Monate kann eine bessere Figur erzielt werden.<br \/>\n&#8211; \u3010Erreichen Sie Ihren Traumk\u00f6rper\u3011: Suchen Sie nach einer nat\u00fcrlichen und m\u00fchelosen L\u00f6sung, um diese paar zus\u00e4tzlichen Pfunde und hartn\u00e4ckigen Zentimeter um Ihren Bauch loszuwerden? Hemmt Sie Ihr voller Terminkalender daran, so oft ins Fitnessstudio zu gehen, wie Sie m\u00f6chten? Der Abs-Stimulator ist eine erstklassige Wahl, um Ihren Traumk\u00f6rper zu erreichen!<\/p>\n","protected":false},"excerpt":{"rendered":"<p>Werbung<br \/>\nLEMENG EMS trainingsger\u00e4t bauchmuskeltrainer, EMS Bauchmuskeltrainer, Bauchmuskeltrainer,USB Wiederaufladbar Bauchmuskeln Stimulationsger\u00e4t<\/p>\n","protected":false},"featured_media":11308,"comment_status":"open","ping_status":"closed","template":"","meta":[],"product_cat":[15],"product_tag":[],"class_list":{"0":"post-11309","1":"product","2":"type-product","3":"status-publish","4":"has-post-thumbnail","6":"product_cat-sin-categorizar","7":"nodate","8":"item-wrap","10":"first","11":"instock","12":"shipping-taxable","13":"product-type-external"},"_links":{"self":[{"href":"https:\/\/lofimusic.com.es\/index.php\/wp-json\/wp\/v2\/product\/11309","targetHints":{"allow":["GET"]}}],"collection":[{"href":"https:\/\/lofimusic.com.es\/index.php\/wp-json\/wp\/v2\/product"}],"about":[{"href":"https:\/\/lofimusic.com.es\/index.php\/wp-json\/wp\/v2\/types\/product"}],"replies":[{"embeddable":true,"href":"https:\/\/lofimusic.com.es\/index.php\/wp-json\/wp\/v2\/comments?post=11309"}],"wp:featuredmedia":[{"embeddable":true,"href":"https:\/\/lofimusic.com.es\/index.php\/wp-json\/wp\/v2\/media\/11308"}],"wp:attachment":[{"href":"https:\/\/lofimusic.com.es\/index.php\/wp-json\/wp\/v2\/media?parent=11309"}],"wp:term":[{"taxonomy":"product_cat","embeddable":true,"href":"https:\/\/lofimusic.com.es\/index.php\/wp-json\/wp\/v2\/product_cat?post=11309"},{"taxonomy":"product_tag","embeddable":true,"href":"https:\/\/lofimusic.com.es\/index.php\/wp-json\/wp\/v2\/product_tag?post=11309"}],"curies":[{"name":"wp","href":"https:\/\/api.w.org\/{rel}","templated":true}]}}