{"id":11307,"date":"2025-02-12T09:09:33","date_gmt":"2025-02-12T09:09:33","guid":{"rendered":"https:\/\/lofimusic.com.es\/index.php\/producto\/b0cvq6rxhn_de\/"},"modified":"2025-02-12T09:09:33","modified_gmt":"2025-02-12T09:09:33","slug":"b0cvq6rxhn_de","status":"publish","type":"product","link":"https:\/\/lofimusic.com.es\/index.php\/producto\/b0cvq6rxhn_de\/","title":{"rendered":"B0CVQ6RXHN_DE"},"content":{"rendered":"<p>&#8211; [Ultraschall-Technologie] Effektiver im Kampf gegen Maus und Ratten, diese neue Version des Ultraschall-Repellers verwendet einen leistungsst\u00e4rkeren und verbesserten Chip, der Umgang mit Parasiten und Nagetieren ist effektiver als je zuvor. Es gilt f\u00fcr M\u00e4use, Kakerlaken, Spinnen, Wanzen, M\u00fccken, Wanzen, M\u00e4use, Nagetiere, Fliegen, Ameisen, Fl\u00f6he und andere Parasiten.<br \/>\n&#8211; [Breite Abdeckung und Energieeinsparung] Insektenschutzmittel sind auf Fl\u00e4chen von weniger als 130 Quadratmetern wirksam. Erreichen Sie maximale Effizienz in Haus und Wohnung, B\u00fcro, Garage, Dachboden, Keller, Lager, Gew\u00e4chshaus und Garten. Da W\u00e4nde und feste Gegenst\u00e4nde jedoch den Ultraschalleffekt schw\u00e4chen k\u00f6nnen, empfehlen wir, dass jeder Raum mit mindestens einer Ausr\u00fcstung ausgestattet ist.<br \/>\n&#8211; [Sicher und einfach zu bedienen] Das Produkt schiebt M\u00e4use und Parasiten aus dem Haus, t\u00f6tet sie aber nicht. Ungiftig, keine Strahlung, absolut sicher f\u00fcr Familie und Haustiere. Halten Sie sich von gef\u00e4hrlichen Fallen f\u00fcr Ratten, Nagetiere und M\u00fccken fern.<br \/>\n&#8211; [Einfach zu bedienen] Elektronisches Insektenschutzmittel ist ein Plug-and-Play-Ger\u00e4t, das sich jedes Mal einschaltet, wenn eine Stromquelle angeschlossen wird. Zus\u00e4tzliche Erinnerung: F\u00fcr optimale Ergebnisse installieren Sie bitte Nagerschutzvorrichtungen unter einem Meter vom Boden entfernt. Sie k\u00f6nnen jedoch den Installationsort anhand der Art des Parasiten bestimmen.<br \/>\n&#8211; [Hochwertiger Service] Wir widmen uns der Optimierung von Ultraschallantrieben, der Verbesserung ihrer Leistung, der Bereitstellung hochwertiger, langlebiger und zufriedenstellender Produkte. Wenn Sie irgendwelche Probleme mit dem Produkt haben, kontaktieren Sie uns bitte und wir bieten Ihnen eine zufriedenstellende L\u00f6sung.<\/p>\n","protected":false},"excerpt":{"rendered":"<p>Werbung<br \/>\nltraschall f\u00fcr M\u00e4use, M\u00fcckenschutz,elektrischer Ultraschall-Abwehr, Anti-M\u00fccken, Innenbereich, Anti-Toppen, Insekten, M\u00fccken, Kakerlaken, Ratten, Formen, Spinnen, 4 St\u00fcck<\/p>\n","protected":false},"featured_media":11306,"comment_status":"open","ping_status":"closed","template":"","meta":[],"product_cat":[15],"product_tag":[],"class_list":{"0":"post-11307","1":"product","2":"type-product","3":"status-publish","4":"has-post-thumbnail","6":"product_cat-sin-categorizar","7":"nodate","8":"item-wrap","10":"first","11":"instock","12":"shipping-taxable","13":"product-type-external"},"_links":{"self":[{"href":"https:\/\/lofimusic.com.es\/index.php\/wp-json\/wp\/v2\/product\/11307","targetHints":{"allow":["GET"]}}],"collection":[{"href":"https:\/\/lofimusic.com.es\/index.php\/wp-json\/wp\/v2\/product"}],"about":[{"href":"https:\/\/lofimusic.com.es\/index.php\/wp-json\/wp\/v2\/types\/product"}],"replies":[{"embeddable":true,"href":"https:\/\/lofimusic.com.es\/index.php\/wp-json\/wp\/v2\/comments?post=11307"}],"wp:featuredmedia":[{"embeddable":true,"href":"https:\/\/lofimusic.com.es\/index.php\/wp-json\/wp\/v2\/media\/11306"}],"wp:attachment":[{"href":"https:\/\/lofimusic.com.es\/index.php\/wp-json\/wp\/v2\/media?parent=11307"}],"wp:term":[{"taxonomy":"product_cat","embeddable":true,"href":"https:\/\/lofimusic.com.es\/index.php\/wp-json\/wp\/v2\/product_cat?post=11307"},{"taxonomy":"product_tag","embeddable":true,"href":"https:\/\/lofimusic.com.es\/index.php\/wp-json\/wp\/v2\/product_tag?post=11307"}],"curies":[{"name":"wp","href":"https:\/\/api.w.org\/{rel}","templated":true}]}}