{"id":11299,"date":"2025-02-12T06:24:55","date_gmt":"2025-02-12T06:24:55","guid":{"rendered":"https:\/\/lofimusic.com.es\/index.php\/producto\/b0cjj4g7mc_es\/"},"modified":"2025-02-12T06:24:55","modified_gmt":"2025-02-12T06:24:55","slug":"b0cjj4g7mc_es","status":"publish","type":"product","link":"https:\/\/lofimusic.com.es\/index.php\/producto\/b0cjj4g7mc_es\/","title":{"rendered":"B0CJJ4G7MC_ES"},"content":{"rendered":"<p>&#8211; \ud83d\udc63 [seguimiento de la actividad durante todo el d\u00eda]: los reloj inteligente ni\u00f1o pueden rastrear los pasos, calor\u00edas, kilometraje, frecuencia card\u00edaca y otros datos de los ni\u00f1os las 24 horas del d\u00eda. Los reloj inteligente ni\u00f1a tienen cinco modos de ejercicio: caminar, correr, ciclismo, escalada en roca y nataci\u00f3n. Los smartwatch ni\u00f1os satisfacen las necesidades de las actividades diarias de los ni\u00f1os y son el mejor regalo para los ni\u00f1os<br \/>\n&#8211; \ud83d\udc95 [cuidado de la salud infantil]: El monitoreo del sue\u00f1o de los pulsera actividad ni\u00f1o infantiles monitorea y registra autom\u00e1ticamente la calidad del sue\u00f1o nocturno. La detecci\u00f3n de la frecuencia card\u00edaca de los ni\u00f1os con relojes inteligentes ni\u00f1os detectar\u00e1 autom\u00e1ticamente la frecuencia card\u00edaca. La prueba de presi\u00f3n arterial de smartwatch para ni\u00f1os puede detectar presi\u00f3n arterial, ox\u00edgeno en sangre y fatiga (no se puede usar en pruebas m\u00e9dicas)<br \/>\n&#8211; \ud83c\udf84 [recordatorio inteligente]: el pulsera actividad ni\u00f1a infantil tiene un recordatorio de informaci\u00f3n de llamada \/ mensaje \/ software social. Una vez recibido el mensaje, el smartwatch ni\u00f1a vibrar\u00e1 para recordarle al ni\u00f1o que revise el contenido del mensaje y no se pierda el mensaje de los padres. Los reloj inteligente ni\u00f1o 10 a\u00f1os tambi\u00e9n tienen funciones de despertador \/ sedentarismo \/ agua potable \/ recordatorio de medicamentos para ayudar a los ni\u00f1os a desarrollar buenos h\u00e1bitos<br \/>\n&#8211; \ud83d\udd0b [tama\u00f1o adecuado para usar &amp; impermeable]: el rango de tama\u00f1o adecuado para usar smartwatch ni\u00f1o es: 134mm &#8211; 245 mm, adecuado para ni\u00f1os de 12 a\u00f1os o m\u00e1s. Los reloj inteligente ni\u00f1os tienen el est\u00e1ndar ip67 de impermeabilizaci\u00f3n, y los reloj inteligente ni\u00f1a 10 a\u00f1os se pueden usar bajo lluvia ligera o al lavarse las manos. El reloj inteligente ni\u00f1o 12 a\u00f1os est\u00e1 cargado con una interfaz USB incorporada, lo cual es muy conveniente. Consejo: por favor, no lo use al nadar<br \/>\n&#8211; \ud83c\udf81 [compatibilidad y otras funciones]: el reloj inteligente para ni\u00f1os adolescentes de 0,96 pulgadas utiliza una pantalla t\u00e1ctil de color. Se pueden reemplazar tres diales de reloj inteligente ni\u00f1a 12 a\u00f1os. El relojes inteligentes para ni\u00f1as es compatible con Ios 9.0 y m\u00e1s tarde, Android 5.0 y m\u00e1s tarde, y admite Bluetooth 4.0. Los reloj inteligente ni\u00f1a 8 a\u00f1os tambi\u00e9n tienen funciones como control de c\u00e1mara, cron\u00f3metro y ajuste de brillo<\/p>\n","protected":false},"excerpt":{"rendered":"<p>Publicidad Reloj Inteligente Ni\u00f1o Smartwatch Fitness: Pulsera Actividad ni\u00f1a Smart Watch Chico Impermeable IP67 Pantalla Tactil Deportivo Tracker con Monitor de Sue\u00f1o Calorias Podometro para Android iOS(Azul)<\/p>\n","protected":false},"featured_media":11298,"comment_status":"open","ping_status":"closed","template":"","meta":[],"product_cat":[15],"product_tag":[],"class_list":{"0":"post-11299","1":"product","2":"type-product","3":"status-publish","4":"has-post-thumbnail","6":"product_cat-sin-categorizar","7":"nodate","8":"item-wrap","10":"first","11":"instock","12":"shipping-taxable","13":"product-type-external"},"_links":{"self":[{"href":"https:\/\/lofimusic.com.es\/index.php\/wp-json\/wp\/v2\/product\/11299","targetHints":{"allow":["GET"]}}],"collection":[{"href":"https:\/\/lofimusic.com.es\/index.php\/wp-json\/wp\/v2\/product"}],"about":[{"href":"https:\/\/lofimusic.com.es\/index.php\/wp-json\/wp\/v2\/types\/product"}],"replies":[{"embeddable":true,"href":"https:\/\/lofimusic.com.es\/index.php\/wp-json\/wp\/v2\/comments?post=11299"}],"wp:featuredmedia":[{"embeddable":true,"href":"https:\/\/lofimusic.com.es\/index.php\/wp-json\/wp\/v2\/media\/11298"}],"wp:attachment":[{"href":"https:\/\/lofimusic.com.es\/index.php\/wp-json\/wp\/v2\/media?parent=11299"}],"wp:term":[{"taxonomy":"product_cat","embeddable":true,"href":"https:\/\/lofimusic.com.es\/index.php\/wp-json\/wp\/v2\/product_cat?post=11299"},{"taxonomy":"product_tag","embeddable":true,"href":"https:\/\/lofimusic.com.es\/index.php\/wp-json\/wp\/v2\/product_tag?post=11299"}],"curies":[{"name":"wp","href":"https:\/\/api.w.org\/{rel}","templated":true}]}}