{"id":11285,"date":"2025-02-11T22:22:52","date_gmt":"2025-02-11T22:22:52","guid":{"rendered":"https:\/\/lofimusic.com.es\/index.php\/producto\/b0dpjs9lqf_es-3\/"},"modified":"2025-02-11T22:22:52","modified_gmt":"2025-02-11T22:22:52","slug":"b0dpjs9lqf_es-3","status":"publish","type":"product","link":"https:\/\/lofimusic.com.es\/index.php\/producto\/b0dpjs9lqf_es-3\/","title":{"rendered":"B0DPJS9LQF_ES"},"content":{"rendered":"<p>&#8211; [Contenido del paquete]-Recibir\u00e1 10 bloques de pulido blancos, cada bloque de pulido de u\u00f1as mide 9*2,5*2,52 cm. El tama\u00f1o adecuado y cantidad suficiente para su reemplazo y uso diario.<br \/>\n&#8211; [Materiales de primera calidad]-Los bloques para pulir u\u00f1as est\u00e1n hechos de esponja de alta calidad. Buena flexibilidad, no f\u00e1cil de romper, duradera. La superficie se puede limpiar con agua y reutilizar despu\u00e9s de la limpieza.<br \/>\n&#8211; [Pulido de cuatro lados]-los 4 lados del bloque pulidor de u\u00f1as tienen un lijado extremadamente fino, lo que facilita pulir la superficie de la u\u00f1a para crear una superficie de acabado suave, al tiempo que elimina la grasa y deja las u\u00f1as ligeramente \u00e1speras, lo que permite que el esmalte en gel se adhiera firmemente.<br \/>\n&#8211; [Excelente calidad]-bloques pulidores de u\u00f1as profesionales duraderos y mejorados que no se deformar\u00e1n ni se desmoronar\u00e1n incluso si se aprietan con fuerza o se giran 360 grados, adecuados para todo tipo de u\u00f1as con superficies rugosas.<br \/>\n&#8211; [Multifuncional]-nuestra lima de u\u00f1as es una excelente herramienta para el cuidado de las u\u00f1as, da forma r\u00e1pida y efectiva a las u\u00f1as y pule superficies irregulares, adecuada para salones de belleza o uso dom\u00e9stico, ser\u00e1 una buena opci\u00f3n para su cuidado directo diario.<\/p>\n","protected":false},"excerpt":{"rendered":"<p>Publicidad iCovalescent 10 Piezas Bloque Pulidor de u\u00f1as, Lima de u\u00f1as, Bloque Pulido para U\u00f1as Lima, Bloque de Tamp\u00f3n de Arte De U\u00f1as para Salones de Manicura, Diy Nail Art en Casa<\/p>\n","protected":false},"featured_media":11284,"comment_status":"open","ping_status":"closed","template":"","meta":[],"product_cat":[15],"product_tag":[],"class_list":{"0":"post-11285","1":"product","2":"type-product","3":"status-publish","4":"has-post-thumbnail","6":"product_cat-sin-categorizar","7":"nodate","8":"item-wrap","10":"first","11":"instock","12":"shipping-taxable","13":"product-type-external"},"_links":{"self":[{"href":"https:\/\/lofimusic.com.es\/index.php\/wp-json\/wp\/v2\/product\/11285","targetHints":{"allow":["GET"]}}],"collection":[{"href":"https:\/\/lofimusic.com.es\/index.php\/wp-json\/wp\/v2\/product"}],"about":[{"href":"https:\/\/lofimusic.com.es\/index.php\/wp-json\/wp\/v2\/types\/product"}],"replies":[{"embeddable":true,"href":"https:\/\/lofimusic.com.es\/index.php\/wp-json\/wp\/v2\/comments?post=11285"}],"wp:featuredmedia":[{"embeddable":true,"href":"https:\/\/lofimusic.com.es\/index.php\/wp-json\/wp\/v2\/media\/11284"}],"wp:attachment":[{"href":"https:\/\/lofimusic.com.es\/index.php\/wp-json\/wp\/v2\/media?parent=11285"}],"wp:term":[{"taxonomy":"product_cat","embeddable":true,"href":"https:\/\/lofimusic.com.es\/index.php\/wp-json\/wp\/v2\/product_cat?post=11285"},{"taxonomy":"product_tag","embeddable":true,"href":"https:\/\/lofimusic.com.es\/index.php\/wp-json\/wp\/v2\/product_tag?post=11285"}],"curies":[{"name":"wp","href":"https:\/\/api.w.org\/{rel}","templated":true}]}}