{"id":11277,"date":"2025-02-11T22:22:08","date_gmt":"2025-02-11T22:22:08","guid":{"rendered":"https:\/\/lofimusic.com.es\/index.php\/producto\/b0dpjprlx5_es\/"},"modified":"2025-02-11T22:22:08","modified_gmt":"2025-02-11T22:22:08","slug":"b0dpjprlx5_es","status":"publish","type":"product","link":"https:\/\/lofimusic.com.es\/index.php\/producto\/b0dpjprlx5_es\/","title":{"rendered":"B0DPJPRLX5_ES"},"content":{"rendered":"<p>&#8211; [Contenido del producto]-Recibir\u00e1 7 pares\/caja de pesta\u00f1as postizas, con cejas de aproximadamente 5 mm y colas de cejas de aproximadamente 12 mm, pegatinas transparentes, c\u00f3modas de usar y f\u00e1ciles de usar.<br \/>\n&#8211; [Mezcla natural]-las extensiones de pesta\u00f1as se adhieren a las pesta\u00f1as naturales, mientras que las pesta\u00f1as naturales permanecen en las esquinas internas de los ojos. Las pesta\u00f1as postizas se superponen y combinan naturalmente a la perfecci\u00f3n con las pesta\u00f1as reales para una apariencia m\u00e1s aut\u00e9ntica y natural, haciendo que tus ojos luzcan a\u00fan m\u00e1s impresionantes.<br \/>\n&#8211; [De alta calidad]-las pesta\u00f1as postizas est\u00e1n hechas a mano con fibra sint\u00e9tica de alta calidad, que es suave, liviana, respetuosa con el medio ambiente y no irrita los ojos. Las pesta\u00f1as postizas se pueden reutilizar si se las cuida adecuadamente. Su calidad est\u00e1 pensada para todos tus momentos especiales.<br \/>\n&#8211; [Dise\u00f1o ingenioso] -Pesta\u00f1as de doble capa, extremadamente esponjosas. Son llenos y fluidos, con suficiente volumen extra para iluminar las esquinas y alargar y acentuar tus ojos. Ideal para ojos almendrados y orientados hacia abajo. Las pesta\u00f1as alargan la forma del ojo y se extienden ligeramente en las puntas para una apariencia natural. A\u00f1aden un sutil efecto de alargamiento y lifting a tu look diario.<br \/>\n&#8211; [El regalo perfecto]-Las pesta\u00f1as postizas hacen que tus ojos luzcan m\u00e1s brillantes y atractivos, lo que te garantiza brillar en fiestas, citas, sesiones de fotos y en el uso diario. Regalo perfecto para ni\u00f1as\/mujeres en el d\u00eda de San Valent\u00edn, Acci\u00f3n de Gracias, cumplea\u00f1os, Navidad y Halloween.<\/p>\n","protected":false},"excerpt":{"rendered":"<p>Publicidad iCovalescent 7 Pares Pesta\u00f1as Postizas Naturales, 3D Cat Eye Lashes False Eyelashes, Negras Profesionales Reutilizables para Maquillajes Fiestas Bodas<\/p>\n","protected":false},"featured_media":11276,"comment_status":"open","ping_status":"closed","template":"","meta":[],"product_cat":[15],"product_tag":[],"class_list":{"0":"post-11277","1":"product","2":"type-product","3":"status-publish","4":"has-post-thumbnail","6":"product_cat-sin-categorizar","7":"nodate","8":"item-wrap","10":"first","11":"instock","12":"shipping-taxable","13":"product-type-external"},"_links":{"self":[{"href":"https:\/\/lofimusic.com.es\/index.php\/wp-json\/wp\/v2\/product\/11277","targetHints":{"allow":["GET"]}}],"collection":[{"href":"https:\/\/lofimusic.com.es\/index.php\/wp-json\/wp\/v2\/product"}],"about":[{"href":"https:\/\/lofimusic.com.es\/index.php\/wp-json\/wp\/v2\/types\/product"}],"replies":[{"embeddable":true,"href":"https:\/\/lofimusic.com.es\/index.php\/wp-json\/wp\/v2\/comments?post=11277"}],"wp:featuredmedia":[{"embeddable":true,"href":"https:\/\/lofimusic.com.es\/index.php\/wp-json\/wp\/v2\/media\/11276"}],"wp:attachment":[{"href":"https:\/\/lofimusic.com.es\/index.php\/wp-json\/wp\/v2\/media?parent=11277"}],"wp:term":[{"taxonomy":"product_cat","embeddable":true,"href":"https:\/\/lofimusic.com.es\/index.php\/wp-json\/wp\/v2\/product_cat?post=11277"},{"taxonomy":"product_tag","embeddable":true,"href":"https:\/\/lofimusic.com.es\/index.php\/wp-json\/wp\/v2\/product_tag?post=11277"}],"curies":[{"name":"wp","href":"https:\/\/api.w.org\/{rel}","templated":true}]}}