{"id":11261,"date":"2025-02-11T12:20:11","date_gmt":"2025-02-11T12:20:11","guid":{"rendered":"https:\/\/lofimusic.com.es\/index.php\/producto\/b0dpw51cv7_it\/"},"modified":"2025-02-11T12:20:11","modified_gmt":"2025-02-11T12:20:11","slug":"b0dpw51cv7_it","status":"publish","type":"product","link":"https:\/\/lofimusic.com.es\/index.php\/producto\/b0dpw51cv7_it\/","title":{"rendered":"B0DPW51CV7_IT"},"content":{"rendered":"<p>&#8211; Pacchetto attrezzature podcast: il pacchetto di apparecchiature podcast \u00e8 dotato di microfono a condensatore, supporto per braccio a forbice regolabile, supporto ammortizzatore, cappuccio in schiuma antivento, cavo di alimentazione e scheda audio live. Adatto per podcasting, trasmissione in diretta, streaming, registrazione di musica e brevi video.<br \/>\n&#8211; Eccellente qualit\u00e0 del suono: eccellenti prestazioni audio per un suono cristallino. Alta sensibilit\u00e0 e rapporto segnale-rumore catturano ogni parola in modo chiaro e chiaro. Il pattern renale cattura l&#8217;audio davanti alla sorgente sonora e allo stesso tempo sopprime i suoni indesiderati per garantire una registrazione audio chiara e ricca. Ideale per i principianti in streaming dal vivo, chattare online su Twitch e creare video YouTube\/Tiktok.<br \/>\n&#8211; Plug and Play USB: il kit microfono a condensatore USB \u00e8 facile da configurare, plug and play e pu\u00f2 soddisfare le diverse esigenze. Pu\u00f2 funzionare automaticamente con il computer portatile desktop Mac o Windows, senza bisogno di alimentazione phantom. Fornisce un sistema semplice ed efficiente per le applicazioni vocali, podcast, vocali e voiceover.<br \/>\n&#8211; Effetti sonori ricchi: questo kit podcast offre quattro distorsori di voce (femmina, maschio, bambino e mostro) che ti permettono di regolare la tua voce e goderti 12 divertenti effetti sonori come applausi, risate e applausi. Migliora l&#8217;atmosfera della tua trasmissione in diretta e rendi i tuoi contenuti pi\u00f9 attraenti!<br \/>\n&#8211; Creato per la trasmissione in diretta: cinque canali indipendenti sul mixer possono controllare individualmente il volume dei canali di uscita microfono, ingresso linea, cuffie e linea. 2 suoni mutevoli (alti, bassi) rendono questa interfaccia audio pi\u00f9 divertente e soddisfano pi\u00f9 requisiti di registrazione dal vivo.<br \/>\n&#8211; Compatibile con la maggior parte dei sistemi operativi: questo pacchetto di apparecchiature podcast pu\u00f2 essere utilizzato nella maggior parte dei sistemi operativi comuni ed \u00e8 compatibile con Windows, iOS, Android, ecc. L&#8217;interfaccia audio pu\u00f2 essere utilizzata con qualsiasi telefono cellulare, computer, tablet, iPad, cuffie, microfono, per soddisfare le esigenze della maggior parte dei dispositivi necessari.<\/p>\n","protected":false},"excerpt":{"rendered":"<p>pubblicit\u00e0Podcast microfono bundle interfaccia audio con cardioid Designer BM800 microfono per gamer e mixer all-in-one, perfetto per podcasting, registrazione, canto, streaming e gaming, YouTube, TikTok<\/p>\n","protected":false},"featured_media":11260,"comment_status":"open","ping_status":"closed","template":"","meta":[],"product_cat":[15],"product_tag":[],"class_list":{"0":"post-11261","1":"product","2":"type-product","3":"status-publish","4":"has-post-thumbnail","6":"product_cat-sin-categorizar","7":"nodate","8":"item-wrap","10":"first","11":"instock","12":"shipping-taxable","13":"product-type-external"},"_links":{"self":[{"href":"https:\/\/lofimusic.com.es\/index.php\/wp-json\/wp\/v2\/product\/11261","targetHints":{"allow":["GET"]}}],"collection":[{"href":"https:\/\/lofimusic.com.es\/index.php\/wp-json\/wp\/v2\/product"}],"about":[{"href":"https:\/\/lofimusic.com.es\/index.php\/wp-json\/wp\/v2\/types\/product"}],"replies":[{"embeddable":true,"href":"https:\/\/lofimusic.com.es\/index.php\/wp-json\/wp\/v2\/comments?post=11261"}],"wp:featuredmedia":[{"embeddable":true,"href":"https:\/\/lofimusic.com.es\/index.php\/wp-json\/wp\/v2\/media\/11260"}],"wp:attachment":[{"href":"https:\/\/lofimusic.com.es\/index.php\/wp-json\/wp\/v2\/media?parent=11261"}],"wp:term":[{"taxonomy":"product_cat","embeddable":true,"href":"https:\/\/lofimusic.com.es\/index.php\/wp-json\/wp\/v2\/product_cat?post=11261"},{"taxonomy":"product_tag","embeddable":true,"href":"https:\/\/lofimusic.com.es\/index.php\/wp-json\/wp\/v2\/product_tag?post=11261"}],"curies":[{"name":"wp","href":"https:\/\/api.w.org\/{rel}","templated":true}]}}