{"id":11231,"date":"2025-02-10T18:51:00","date_gmt":"2025-02-10T18:51:00","guid":{"rendered":"https:\/\/lofimusic.com.es\/index.php\/producto\/b0dcvrsc95_es\/"},"modified":"2025-02-10T18:51:00","modified_gmt":"2025-02-10T18:51:00","slug":"b0dcvrsc95_es","status":"publish","type":"product","link":"https:\/\/lofimusic.com.es\/index.php\/producto\/b0dcvrsc95_es\/","title":{"rendered":"B0DCVRSC95_ES"},"content":{"rendered":"<p>&#8211; [Conjunto Vers\u00e1til de Porteria Futbol] Vive la emoci\u00f3n con nuestro conjunto de porteria futbol, completo con 1 porteria futbol, 5 objetivos intercambiables, 1 bolsa de transporte, 2 varillas y 4 conectores en forma de \u00abL\u00bb, proporcionando una experiencia de f\u00fatbol diversa.<br \/>\n&#8211; [Dise\u00f1o Port\u00e1til y Ahorro de Espacio] Nuestras porteria futbol ni\u00f1os plegables garantizan un almacenamiento f\u00e1cil, ahorrando espacio para tus sesiones de f\u00fatbol sobre la marcha; lleva el juego a cualquier lugar con este equipo de juego futbol.<br \/>\n&#8211; [Amplio Rango de Aplicaciones] Ideal para jardines, parques, playas o espacios interiores, nuestras porterias de futbol para jardin se adaptan sin esfuerzo a diferentes entornos, asegurando diversi\u00f3n futbol\u00edstica en cualquier momento y lugar.<br \/>\n&#8211; [M\u00faltiples Modos de Juego] Desbloquea un mundo m\u00e1s all\u00e1 del f\u00fatbol: disfruta del golf para tres personas, tiro con arco, cricket y m\u00e1s con nuestro equipo de porterias de futbol para ni\u00f1os de 4 modos, ofreciendo infinitas posibilidades de entretenimiento.<br \/>\n&#8211; [Regalo de Futbol Ni\u00f1os] M\u00e1s que un conjunto de porteria futbol, es un regalo reflexivo para Navidad, cumplea\u00f1os y otras celebraciones festivas para j\u00f3venes entusiastas del f\u00fatbol o familias que buscan alegr\u00eda al aire libre.<\/p>\n","protected":false},"excerpt":{"rendered":"<p>Publicidad YIMORE Porteria Futbol Ni\u00f1os, 4 Modos Plegable Porterias de Futbol para Ni\u00f1os 120 * 80 * 80cm, Ideal para Juegos Exterior Ni\u00f1os (\u200cAcid Blue)<\/p>\n","protected":false},"featured_media":11230,"comment_status":"open","ping_status":"closed","template":"","meta":[],"product_cat":[15],"product_tag":[],"class_list":{"0":"post-11231","1":"product","2":"type-product","3":"status-publish","4":"has-post-thumbnail","6":"product_cat-sin-categorizar","7":"nodate","8":"item-wrap","10":"first","11":"instock","12":"shipping-taxable","13":"product-type-external"},"_links":{"self":[{"href":"https:\/\/lofimusic.com.es\/index.php\/wp-json\/wp\/v2\/product\/11231","targetHints":{"allow":["GET"]}}],"collection":[{"href":"https:\/\/lofimusic.com.es\/index.php\/wp-json\/wp\/v2\/product"}],"about":[{"href":"https:\/\/lofimusic.com.es\/index.php\/wp-json\/wp\/v2\/types\/product"}],"replies":[{"embeddable":true,"href":"https:\/\/lofimusic.com.es\/index.php\/wp-json\/wp\/v2\/comments?post=11231"}],"wp:featuredmedia":[{"embeddable":true,"href":"https:\/\/lofimusic.com.es\/index.php\/wp-json\/wp\/v2\/media\/11230"}],"wp:attachment":[{"href":"https:\/\/lofimusic.com.es\/index.php\/wp-json\/wp\/v2\/media?parent=11231"}],"wp:term":[{"taxonomy":"product_cat","embeddable":true,"href":"https:\/\/lofimusic.com.es\/index.php\/wp-json\/wp\/v2\/product_cat?post=11231"},{"taxonomy":"product_tag","embeddable":true,"href":"https:\/\/lofimusic.com.es\/index.php\/wp-json\/wp\/v2\/product_tag?post=11231"}],"curies":[{"name":"wp","href":"https:\/\/api.w.org\/{rel}","templated":true}]}}