{"id":11225,"date":"2025-02-10T14:22:20","date_gmt":"2025-02-10T14:22:20","guid":{"rendered":"https:\/\/lofimusic.com.es\/index.php\/producto\/b0dsj2dn3x_it\/"},"modified":"2025-02-10T14:22:20","modified_gmt":"2025-02-10T14:22:20","slug":"b0dsj2dn3x_it","status":"publish","type":"product","link":"https:\/\/lofimusic.com.es\/index.php\/producto\/b0dsj2dn3x_it\/","title":{"rendered":"B0DSJ2DN3X_IT"},"content":{"rendered":"<p>&#8211; \u3010Qualit\u00e0 audio HiFi\/Riduzione del rumore delle chiamate ENC\u3011: Cuffie Bluetooth J90 utilizzano bobine dinamiche in grafene da 13 mm, supportano la qualit\u00e0 audio HiFi, catturano ogni dettaglio della musica, bassi profondi e ricchi e sono inoltre dotati di tecnologia di riduzione del rumore ENC e 4 microfoni ad alta risoluzione, che riducono il rumore ambientale di oltre 40 dB, assicurando che l&#8217;altra estremit\u00e0 possa sentire chiaramente la tua voce.<br \/>\n&#8211; \u3010Custodia di ricarica a LED\/Ricarica rapida Type-C\u3011: Cuffie Wireless Bluetooth hanno una durata della batteria di 8 ore e con la custodia di ricarica, il tempo di utilizzo pu\u00f2 raggiungere le 40 ore. La custodia di ricarica ha un display digitale LED intelligente integrato che mostra lo stato della batteria dall&#8217;1 al 100%. Utilizzando la funzione di ricarica rapida Type-C, ci vogliono solo 1,5 ore per caricare completamente la custodia di ricarica.<br \/>\n&#8211; \u3010Bluetooth 5.3\/Associazione con un clic\u3011: Auricolari Bluetooth adotta il chip Bluetooth 5.3, che garantisce una velocit\u00e0 di connessione stabile, una velocit\u00e0 di trasmissione del segnale pi\u00f9 veloce del 90% e un basso consumo energetico. La portata di trasmissione dell&#8217;auricolare wireless \u00e8 fino a 15 m, collegandosi al telefono cellulare (1S), risparmiando tempo. Dopo la prima connessione riuscita, il dispositivo Bluetooth si connette automaticamente, il che \u00e8 pi\u00f9 veloce e pi\u00f9 conveniente.<br \/>\n&#8211; \u3010Comodo da indossare \/ Impermeabile IPX6\u3011: gli Auricolari Bluetooth adottano un design ergonomico semi-in-ear inclinato di 45\u00b0, che si adatta perfettamente alle tue orecchie e ti offre un comfort duraturo. Un singolo auricolare pesa solo 4 grammi e la scatola di ricarica pesa solo 30 grammi, il che \u00e8 piccolo e facile da trasportare. Gli auricolari wireless adottano la tecnologia impermeabile IPX6, che pu\u00f2 resistere a schizzi, pioggia e sudore nella vita quotidiana.<br \/>\n&#8211; \u3010Smart Touch\/Ampia compatibilit\u00e0\u3011: Cuffie Bluetooth adotta un design smart touch ed \u00e8 dotato di sensori touch ad alta precisione, che consentono di riprodurre, mettere in pausa e regolare il volume con un semplice tocco delle dita. L&#8217;auricolare wireless \u00e8 compatibile con la maggior parte dei dispositivi, come telefoni cellulari, tablet, computer, ecc.<\/p>\n","protected":false},"excerpt":{"rendered":"<p>pubblicit\u00e0Cuffie Bluetooth,Auricolari Bluetooth 5.3 con Stereo HiFi Immersivo,Cuffie Wireless Mini Incorporato 4 HD Mic,40 Ore di Riproduzione, Touch Control,IP6 Impermeabili Cuffie Senza Fil,LED Display,Bianco<\/p>\n","protected":false},"featured_media":11224,"comment_status":"open","ping_status":"closed","template":"","meta":[],"product_cat":[15],"product_tag":[],"class_list":{"0":"post-11225","1":"product","2":"type-product","3":"status-publish","4":"has-post-thumbnail","6":"product_cat-sin-categorizar","7":"nodate","8":"item-wrap","10":"first","11":"instock","12":"shipping-taxable","13":"product-type-external"},"_links":{"self":[{"href":"https:\/\/lofimusic.com.es\/index.php\/wp-json\/wp\/v2\/product\/11225","targetHints":{"allow":["GET"]}}],"collection":[{"href":"https:\/\/lofimusic.com.es\/index.php\/wp-json\/wp\/v2\/product"}],"about":[{"href":"https:\/\/lofimusic.com.es\/index.php\/wp-json\/wp\/v2\/types\/product"}],"replies":[{"embeddable":true,"href":"https:\/\/lofimusic.com.es\/index.php\/wp-json\/wp\/v2\/comments?post=11225"}],"wp:featuredmedia":[{"embeddable":true,"href":"https:\/\/lofimusic.com.es\/index.php\/wp-json\/wp\/v2\/media\/11224"}],"wp:attachment":[{"href":"https:\/\/lofimusic.com.es\/index.php\/wp-json\/wp\/v2\/media?parent=11225"}],"wp:term":[{"taxonomy":"product_cat","embeddable":true,"href":"https:\/\/lofimusic.com.es\/index.php\/wp-json\/wp\/v2\/product_cat?post=11225"},{"taxonomy":"product_tag","embeddable":true,"href":"https:\/\/lofimusic.com.es\/index.php\/wp-json\/wp\/v2\/product_tag?post=11225"}],"curies":[{"name":"wp","href":"https:\/\/api.w.org\/{rel}","templated":true}]}}