{"id":11209,"date":"2025-02-10T08:51:57","date_gmt":"2025-02-10T08:51:57","guid":{"rendered":"https:\/\/lofimusic.com.es\/index.php\/producto\/b0dthmqcsf_fr\/"},"modified":"2025-02-10T08:51:57","modified_gmt":"2025-02-10T08:51:57","slug":"b0dthmqcsf_fr","status":"publish","type":"product","link":"https:\/\/lofimusic.com.es\/index.php\/producto\/b0dthmqcsf_fr\/","title":{"rendered":"B0DTHMQCSF_FR"},"content":{"rendered":"<p>&#8211; Plug femme d\u00e9butante: sex toy\u0301s femme combinant les fonctions de vibration et de rotation, le plug anal et l&#8217;extenseur f\u00e9minin \u00e0 fils sur\u00e9lev\u00e9s s&#8217;adaptent \u00e0 la courbure des fesses, offrant une exp\u00e9rience sensorielle unique. Il stimule non seulement l&#8217;anus, mais masse \u00e9galement le clitoris f\u00e9minin et la prostate masculine, amplifiant ainsi le plaisir sexuel. Gr\u00e2ce \u00e0 son design ergonomique, vous pourrez porter ce vibromasseur plug anal \u00e0 tout moment, m\u00eame en d\u00e9placement, sans ressentir de g\u00eane<br \/>\n&#8211; Plug anale,prostate homme: Ce plug anal vibrant propose 9 modes de vibrations diff\u00e9rents, vous permettant d&#8217;ajuster facilement l&#8217;intensit\u00e9 selon vos pr\u00e9f\u00e9rences. Que vous recherchiez une exp\u00e9rience de stimulation anale ou prostatique, vous \u00eates s\u00fbr de trouver le mode parfait pour vous. Notre vibromasseur est dot\u00e9 d&#8217;une t\u00eate conique pour une insertion plus facile, ce qui le rend id\u00e9al aussi bien pour les d\u00e9butants que pour les experts dans l&#8217;utilisation de vibrateurs masculins<br \/>\n&#8211; Sex toy\u0301s homme avec app: sex toys est livr\u00e9 avec une application exclusive que vous pouvez facilement t\u00e9l\u00e9charger en scannant le code QR dans le manuel d&#8217;instructions ou depuis votre App Store. L&#8217;application propose 7 modes interactifs, gr\u00e2ce au contr\u00f4le \u00e0 distance via l&#8217;application, vous pourrez vivre une exp\u00e9rience sexuelle passionnante aussi bien \u00e0 distance, avec votre partenaire, que seul, o\u00f9 que vous soyez<br \/>\n&#8211; Vibromasseur, femme sextoy avec niveau de r\u00e9sistance \u00e0 l&#8217;eau IPX7 : vibromasseur homme est totalement \u00e9tanche, sextoys vous permet de l&#8217;utiliser m\u00eame sous la douche ou dans la baignoire, ajoutant un niveau de plaisir suppl\u00e9mentaire. La conception r\u00e9sistante \u00e0 l&#8217;eau vous permet d&#8217;explorer librement sans soucis. De plus, la prise se charge rapidement et facilement gr\u00e2ce au c\u00e2ble USB inclus, vous offrant des heures de plaisir ininterrompu<br \/>\n&#8211; Vibro avec telecommande pour couple: Le vibromasseur peut \u00eatre utilis\u00e9 comme stimulateur anal, prostatique ou du point G, offrant une stimulation cibl\u00e9e et intense. Chaque plug anal est envoy\u00e9 dans un emballage discret, garantissant une confidentialit\u00e9 maximale lors de la livraison<\/p>\n","protected":false},"excerpt":{"rendered":"<p>publicit\u00e9Plug Anal Vibromasseur Sex Toy\u0301s Femme Homme Plug Femme D\u00e9butante Plug Vibrant Rotative \u00e0 360\u00b0 avec 9 Mode Sextoy Homme Plug Anale,Prostate Homme Sex Toys Anals Couple Vibromasseurs Feminin \u00e0 Distance<\/p>\n","protected":false},"featured_media":11208,"comment_status":"open","ping_status":"closed","template":"","meta":[],"product_cat":[15],"product_tag":[],"class_list":{"0":"post-11209","1":"product","2":"type-product","3":"status-publish","4":"has-post-thumbnail","6":"product_cat-sin-categorizar","7":"nodate","8":"item-wrap","10":"first","11":"instock","12":"shipping-taxable","13":"product-type-external"},"_links":{"self":[{"href":"https:\/\/lofimusic.com.es\/index.php\/wp-json\/wp\/v2\/product\/11209","targetHints":{"allow":["GET"]}}],"collection":[{"href":"https:\/\/lofimusic.com.es\/index.php\/wp-json\/wp\/v2\/product"}],"about":[{"href":"https:\/\/lofimusic.com.es\/index.php\/wp-json\/wp\/v2\/types\/product"}],"replies":[{"embeddable":true,"href":"https:\/\/lofimusic.com.es\/index.php\/wp-json\/wp\/v2\/comments?post=11209"}],"wp:featuredmedia":[{"embeddable":true,"href":"https:\/\/lofimusic.com.es\/index.php\/wp-json\/wp\/v2\/media\/11208"}],"wp:attachment":[{"href":"https:\/\/lofimusic.com.es\/index.php\/wp-json\/wp\/v2\/media?parent=11209"}],"wp:term":[{"taxonomy":"product_cat","embeddable":true,"href":"https:\/\/lofimusic.com.es\/index.php\/wp-json\/wp\/v2\/product_cat?post=11209"},{"taxonomy":"product_tag","embeddable":true,"href":"https:\/\/lofimusic.com.es\/index.php\/wp-json\/wp\/v2\/product_tag?post=11209"}],"curies":[{"name":"wp","href":"https:\/\/api.w.org\/{rel}","templated":true}]}}