{"id":11199,"date":"2025-02-09T20:20:28","date_gmt":"2025-02-09T20:20:28","guid":{"rendered":"https:\/\/lofimusic.com.es\/index.php\/producto\/b0dlstk9b5_de-2\/"},"modified":"2025-02-09T20:20:28","modified_gmt":"2025-02-09T20:20:28","slug":"b0dlstk9b5_de-2","status":"publish","type":"product","link":"https:\/\/lofimusic.com.es\/index.php\/producto\/b0dlstk9b5_de-2\/","title":{"rendered":"B0DLSTK9B5_DE"},"content":{"rendered":"<p>&#8211; 2.36 Zoll Durchmesser, Dildo Gro\u00df: Der riesige dildos mit einer L\u00e4nge von 8.46 Zoll und einem Durchmesser von 2.36 Zoll bietet eine Penetrationsl\u00e4nge von 5.9 Zoll. Erleben Sie die F\u00fclle wie nie zuvor! Wenn Sie auf eine gr\u00f6\u00dfere Gr\u00f6\u00dfe umsteigen m\u00f6chten, kommen Sie! Erf\u00fcllen Sie sich Ihre gr\u00f6\u00dferen Fantasien mit diesem gro\u00df dildo!<br \/>\n&#8211; Leistungsstarker Dildos mit Saugnapf und freih\u00e4ndiges Spielen: Der 2,36 Zoll gro\u00dfe Dildo ist mit einem leistungsstarken Saugnapf ausgestattet, der an glatten Oberfl\u00e4chen wie Badezimmerw\u00e4nden, K\u00fcchen, Schlafzimmern, Holzt\u00fcren usw. haften kann. Bei der Verwendung realistischer Dildos sind die H\u00e4nde frei und Sie m\u00fcssen sich keine Sorgen machen, dass er beim Orgasmus abf\u00e4llt.<br \/>\n&#8211; 360\u00b0 flexible Penis dildos: Dieser k\u00fcnstliche Penis kann um 360\u00b0 gebogen werden und fast jeden Winkel erreichen, um Stimulation zu erforschen und neue empfindliche Punkte im Spiel zu entdecken. Der realistische und dicke xxl dildo \u00e4hnelt dem Penis eines starken Mannes, mit glatter Eichel, klarer Penisstruktur und einem h\u00e4rteren Inneren, das die harten Muskeln einer Erektion nachahmt.<br \/>\n&#8211; Sex Spielzeug f\u00fcr die Frau, M\u00e4nner und Paare:Dieser xxl dildo ist sogar mit Umschnallgurten kompatibel perfekt f\u00fcr Lesben geeignet ist. Es kann nicht nur von Solo, sondern auch von Paaren verwendet werden. Es kann nicht nur zur G-Punkt Stimulation verwendet werden, sondern auch, um eine Anal Stimulation zu erleben.unsere realistischen dildos sind die idealen sexspielzeuge, egal ob f\u00fcr die solo-erkundung oder zur steigerung der intimit\u00e4t.<br \/>\n&#8211; Diskrete Verpackung und bester Kundenservice: Alle unsere Sexspielzeuge f\u00fcr Erwachsene werden in einer diskreten Verpackung versandt, wodurch Ihre Privatsph\u00e4re streng vertraulich behandelt wird. Nehmen Sie gerne Kontakt mit uns auf, wenn Sie Probleme mit dem Dildo haben, wir werden Ihr Problem innerhalb von 24 Stunden l\u00f6sen.<\/p>\n","protected":false},"excerpt":{"rendered":"<p>Werbung<br \/>\n21.5 * 6 CM Durchmesser Dicker Dildo Anal Dildo Gro\u00df XXl Realistischer Silikon Dildos mit Starkem Saugnapf Stimulate G-Punkt Analdildo Penis Plug Sex Spielzeug f\u00fcr Frau And M\u00e4nner<\/p>\n","protected":false},"featured_media":11198,"comment_status":"open","ping_status":"closed","template":"","meta":[],"product_cat":[15],"product_tag":[],"class_list":{"0":"post-11199","1":"product","2":"type-product","3":"status-publish","4":"has-post-thumbnail","6":"product_cat-sin-categorizar","7":"nodate","8":"item-wrap","10":"first","11":"instock","12":"shipping-taxable","13":"product-type-external"},"_links":{"self":[{"href":"https:\/\/lofimusic.com.es\/index.php\/wp-json\/wp\/v2\/product\/11199","targetHints":{"allow":["GET"]}}],"collection":[{"href":"https:\/\/lofimusic.com.es\/index.php\/wp-json\/wp\/v2\/product"}],"about":[{"href":"https:\/\/lofimusic.com.es\/index.php\/wp-json\/wp\/v2\/types\/product"}],"replies":[{"embeddable":true,"href":"https:\/\/lofimusic.com.es\/index.php\/wp-json\/wp\/v2\/comments?post=11199"}],"wp:featuredmedia":[{"embeddable":true,"href":"https:\/\/lofimusic.com.es\/index.php\/wp-json\/wp\/v2\/media\/11198"}],"wp:attachment":[{"href":"https:\/\/lofimusic.com.es\/index.php\/wp-json\/wp\/v2\/media?parent=11199"}],"wp:term":[{"taxonomy":"product_cat","embeddable":true,"href":"https:\/\/lofimusic.com.es\/index.php\/wp-json\/wp\/v2\/product_cat?post=11199"},{"taxonomy":"product_tag","embeddable":true,"href":"https:\/\/lofimusic.com.es\/index.php\/wp-json\/wp\/v2\/product_tag?post=11199"}],"curies":[{"name":"wp","href":"https:\/\/api.w.org\/{rel}","templated":true}]}}