{"id":11181,"date":"2025-02-09T09:48:48","date_gmt":"2025-02-09T09:48:48","guid":{"rendered":"https:\/\/lofimusic.com.es\/index.php\/producto\/b0dmdtcsq6_es-2\/"},"modified":"2025-02-09T09:48:48","modified_gmt":"2025-02-09T09:48:48","slug":"b0dmdtcsq6_es-2","status":"publish","type":"product","link":"https:\/\/lofimusic.com.es\/index.php\/producto\/b0dmdtcsq6_es-2\/","title":{"rendered":"B0DMDTCSQ6_ES"},"content":{"rendered":"<p>&#8211; Detalles del producto: recibir\u00e1 un rollo de cuerda de cuero negro Fuerte. 2 mm de espesor y 5 m de longitud.<br \/>\n&#8211; Material del producto: la correa de cuero est\u00e1 hecha de cuero genuino, suave y resistente al desgaste. Dentro de un cierto rango de carga y fuerza, su resistencia es m\u00e1s fuerte, duradera y no es f\u00e1cil de romper.<br \/>\n&#8211; Aplicaciones del producto: estos incluyen pulseras, collares, pendientes, llaveros, cazadores de sue\u00f1os, cordones, ropa, zapatos, pulseras, borlas y as\u00ed sucesivamente. Nuestras correas de cuero le ofrecen una relaci\u00f3n calidad &#8211; precio \u00fanica y son ideales para los creativos.<br \/>\n&#8211; Vers\u00e1tiles: cuerdas de cuero muy adecuadas para hacer joyas y pulseras, como ataduras o cors\u00e9s, como cordones, para decorar prendas tradicionales y pantalones cortos de cuero, para deportes ecuestres y para hacer l\u00e1tigos, para artesan\u00edas o decoraciones, diversos proyectos de bricolaje, repeticiones, para medievales y larp, t\u00fanicas, etc.<br \/>\n&#8211; Tenga en cuenta: cuerda de cuero resistente, alta resistencia. Pero si se tiran con fuerza, todav\u00eda se romper\u00e1n. La superficie del recubrimiento es Lisa y sin grietas. El contacto con agua, detergente y altas temperaturas acorta la vida \u00fatil.<\/p>\n","protected":false},"excerpt":{"rendered":"<p>Publicidad 2mm\u00d75m Cuerda Cuero para Manualidades de Piel Redonda Cuero para Manualidades,Cordon Cuero para Colgante,Genuino Cordon Colgante para Pulseras, para Bisuteria DIY,Cordon Cuero de Vaca-Negro<\/p>\n","protected":false},"featured_media":11180,"comment_status":"open","ping_status":"closed","template":"","meta":[],"product_cat":[15],"product_tag":[],"class_list":{"0":"post-11181","1":"product","2":"type-product","3":"status-publish","4":"has-post-thumbnail","6":"product_cat-sin-categorizar","7":"nodate","8":"item-wrap","10":"first","11":"instock","12":"shipping-taxable","13":"product-type-external"},"_links":{"self":[{"href":"https:\/\/lofimusic.com.es\/index.php\/wp-json\/wp\/v2\/product\/11181","targetHints":{"allow":["GET"]}}],"collection":[{"href":"https:\/\/lofimusic.com.es\/index.php\/wp-json\/wp\/v2\/product"}],"about":[{"href":"https:\/\/lofimusic.com.es\/index.php\/wp-json\/wp\/v2\/types\/product"}],"replies":[{"embeddable":true,"href":"https:\/\/lofimusic.com.es\/index.php\/wp-json\/wp\/v2\/comments?post=11181"}],"wp:featuredmedia":[{"embeddable":true,"href":"https:\/\/lofimusic.com.es\/index.php\/wp-json\/wp\/v2\/media\/11180"}],"wp:attachment":[{"href":"https:\/\/lofimusic.com.es\/index.php\/wp-json\/wp\/v2\/media?parent=11181"}],"wp:term":[{"taxonomy":"product_cat","embeddable":true,"href":"https:\/\/lofimusic.com.es\/index.php\/wp-json\/wp\/v2\/product_cat?post=11181"},{"taxonomy":"product_tag","embeddable":true,"href":"https:\/\/lofimusic.com.es\/index.php\/wp-json\/wp\/v2\/product_tag?post=11181"}],"curies":[{"name":"wp","href":"https:\/\/api.w.org\/{rel}","templated":true}]}}