{"id":11141,"date":"2025-02-09T01:16:14","date_gmt":"2025-02-09T01:16:14","guid":{"rendered":"https:\/\/lofimusic.com.es\/index.php\/producto\/b0dpw2plh7_it\/"},"modified":"2025-02-09T01:16:14","modified_gmt":"2025-02-09T01:16:14","slug":"b0dpw2plh7_it","status":"publish","type":"product","link":"https:\/\/lofimusic.com.es\/index.php\/producto\/b0dpw2plh7_it\/","title":{"rendered":"B0DPW2PLH7_IT"},"content":{"rendered":"<p>&#8211; LUCE COLLARE PER ANIMALI DOMESTICI: Riceverete due luci LED per collare per animali domestici, una blu e una verde, la dimensione del singolo prodotto \u00e8 di circa 6,5*3,1*1,2 cm, ciascuna dotata di una batteria CR2032 da 1 pz, tensione 3V\/pz.<br \/>\n&#8211; MATERIALI IMPERMEABILI: il guscio del collare luminoso per animali domestici \u00e8 realizzato in materiale siliconico, impermeabile e facile da pulire. Morbido e delicato sulla pelle, sicuro e affidabile, non far\u00e0 male a voi e al vostro amato animale domestico. La batteria integrata e la luce LED possono essere rimosse semplicemente aprendo il guscio in silicone sul retro.<br \/>\n&#8211; MODALIT\u00c0 DI ILLUMINAZIONE: il collare appeso ha tre diverse modalit\u00e0 di illuminazione. Premendo una volta il lato anteriore (il lato con il disegno della zampa), entrer\u00e0 in modalit\u00e0 lampeggiante veloce, continuando a premere una volta per entrare in modalit\u00e0 lampeggiante lenta, premendo di nuovo per entrare in modalit\u00e0 costante e premendo una volta per spegnerla.<br \/>\n&#8211; Luce lampeggiante colorata: la luce lampeggiante del collare corrisponde al colore del guscio, che \u00e8 luminoso e colorato, e la distanza di illuminazione \u00e8 lontana e la luce lampeggiante \u00e8 evidente, il che \u00e8 conveniente per identificare facilmente la posizione del vostro animale domestico.<br \/>\n&#8211; Multifunzionale: la luce per animali domestici pu\u00f2 essere appesa al collare dell&#8217;animale, in modo da poterlo rintracciare e garantire la sua sicurezza durante la notte. \u00c8 inoltre possibile appendere la luce LED allo zaino, al portachiavi, ecc. e utilizzarla per avvisare il veicolo quando si va in bicicletta, in campeggio e durante le escursioni, oppure utilizzarla come fonte di luce di breve durata in caso di emergenza per garantire la sicurezza durante i viaggi notturni.<\/p>\n","protected":false},"excerpt":{"rendered":"<p>pubblicit\u00e02 Pezzi Luce Lampeggiante a LED di Sicurezza,Luce per Collare Cani e Gatti,Luci di Sicurezza a LED Impermeabili,Lampada a Sospensione per Cani in Silicone,per Cani,Zaini per Bambini(Blu + Verde)<\/p>\n","protected":false},"featured_media":11140,"comment_status":"open","ping_status":"closed","template":"","meta":[],"product_cat":[15],"product_tag":[],"class_list":{"0":"post-11141","1":"product","2":"type-product","3":"status-publish","4":"has-post-thumbnail","6":"product_cat-sin-categorizar","7":"nodate","8":"item-wrap","10":"first","11":"instock","12":"shipping-taxable","13":"product-type-external"},"_links":{"self":[{"href":"https:\/\/lofimusic.com.es\/index.php\/wp-json\/wp\/v2\/product\/11141","targetHints":{"allow":["GET"]}}],"collection":[{"href":"https:\/\/lofimusic.com.es\/index.php\/wp-json\/wp\/v2\/product"}],"about":[{"href":"https:\/\/lofimusic.com.es\/index.php\/wp-json\/wp\/v2\/types\/product"}],"replies":[{"embeddable":true,"href":"https:\/\/lofimusic.com.es\/index.php\/wp-json\/wp\/v2\/comments?post=11141"}],"wp:featuredmedia":[{"embeddable":true,"href":"https:\/\/lofimusic.com.es\/index.php\/wp-json\/wp\/v2\/media\/11140"}],"wp:attachment":[{"href":"https:\/\/lofimusic.com.es\/index.php\/wp-json\/wp\/v2\/media?parent=11141"}],"wp:term":[{"taxonomy":"product_cat","embeddable":true,"href":"https:\/\/lofimusic.com.es\/index.php\/wp-json\/wp\/v2\/product_cat?post=11141"},{"taxonomy":"product_tag","embeddable":true,"href":"https:\/\/lofimusic.com.es\/index.php\/wp-json\/wp\/v2\/product_tag?post=11141"}],"curies":[{"name":"wp","href":"https:\/\/api.w.org\/{rel}","templated":true}]}}