{"id":11109,"date":"2025-02-09T01:01:53","date_gmt":"2025-02-09T01:01:53","guid":{"rendered":"https:\/\/lofimusic.com.es\/index.php\/producto\/b0dcjb3bgl_it\/"},"modified":"2025-02-09T01:01:53","modified_gmt":"2025-02-09T01:01:53","slug":"b0dcjb3bgl_it","status":"publish","type":"product","link":"https:\/\/lofimusic.com.es\/index.php\/producto\/b0dcjb3bgl_it\/","title":{"rendered":"B0DCJB3BGL_IT"},"content":{"rendered":"<p>&#8211; Dettagli del prodotto: Riceverai una confezione da 2 di borse impermeabili da esterno per telefoni cellulari fornite con due cordini.<br \/>\n&#8211; Design del prodotto: protegge il tuo dispositivo da acqua\/neve\/polvere con una chiusura sicura mantenendo la piena funzionalit\u00e0 del touchscreen.<br \/>\n&#8211; Dimensioni del prodotto: Dimensioni del prodotto: La dimensione della borsa trasparente \u00e8 18,5\u00d710,5 cm, la larghezza massima dell&#8217;intera borsa impermeabile \u00e8 11,5 cm, la lunghezza del cordino \u00e8 40 cm e la lunghezza della fibbia del cordino \u00e8 3 cm. Al suo interno \u00e8 possibile installare telefoni cellulari fino a 6,5 \u200b\u200bpollici.<br \/>\n&#8211; Cordino per telefono: la custodia del telefono ha un bellissimo cordino nero facilmente regolabile e che si appende comodamente al collo.<br \/>\n&#8211; Promemoria caldo: prima del primo utilizzo, inserire un tovagliolo di carta asciutto nella custodia del telefono e testarlo in acqua.<\/p>\n","protected":false},"excerpt":{"rendered":"<p>pubblicit\u00e02 Pezzi Custodia Impermeabile Smartphone,Busta Cellulare,Protezione Acqua Cellulare Custodia Telefono Subacquea,Cover Waterproof per Andare Sott&#8217;acqua,Compatibilit\u00e0 per iPhone\/Samsung etc-Nero<\/p>\n","protected":false},"featured_media":11108,"comment_status":"open","ping_status":"closed","template":"","meta":[],"product_cat":[15],"product_tag":[],"class_list":{"0":"post-11109","1":"product","2":"type-product","3":"status-publish","4":"has-post-thumbnail","6":"product_cat-sin-categorizar","7":"nodate","8":"item-wrap","10":"first","11":"instock","12":"shipping-taxable","13":"product-type-external"},"_links":{"self":[{"href":"https:\/\/lofimusic.com.es\/index.php\/wp-json\/wp\/v2\/product\/11109","targetHints":{"allow":["GET"]}}],"collection":[{"href":"https:\/\/lofimusic.com.es\/index.php\/wp-json\/wp\/v2\/product"}],"about":[{"href":"https:\/\/lofimusic.com.es\/index.php\/wp-json\/wp\/v2\/types\/product"}],"replies":[{"embeddable":true,"href":"https:\/\/lofimusic.com.es\/index.php\/wp-json\/wp\/v2\/comments?post=11109"}],"wp:featuredmedia":[{"embeddable":true,"href":"https:\/\/lofimusic.com.es\/index.php\/wp-json\/wp\/v2\/media\/11108"}],"wp:attachment":[{"href":"https:\/\/lofimusic.com.es\/index.php\/wp-json\/wp\/v2\/media?parent=11109"}],"wp:term":[{"taxonomy":"product_cat","embeddable":true,"href":"https:\/\/lofimusic.com.es\/index.php\/wp-json\/wp\/v2\/product_cat?post=11109"},{"taxonomy":"product_tag","embeddable":true,"href":"https:\/\/lofimusic.com.es\/index.php\/wp-json\/wp\/v2\/product_tag?post=11109"}],"curies":[{"name":"wp","href":"https:\/\/api.w.org\/{rel}","templated":true}]}}