{"id":11099,"date":"2025-02-09T00:57:47","date_gmt":"2025-02-09T00:57:47","guid":{"rendered":"https:\/\/lofimusic.com.es\/index.php\/producto\/b0dgq9f4yn_it\/"},"modified":"2025-02-09T00:57:47","modified_gmt":"2025-02-09T00:57:47","slug":"b0dgq9f4yn_it","status":"publish","type":"product","link":"https:\/\/lofimusic.com.es\/index.php\/producto\/b0dgq9f4yn_it\/","title":{"rendered":"B0DGQ9F4YN_IT"},"content":{"rendered":"<p>&#8211; Contenuto della confezione: la confezione contiene 2 ciotole in pelle e 4 rondelle. La quantit\u00e0 \u00e8 sufficiente per soddisfare le tue esigenze di utilizzo e sostituzione, puoi anche condividerla con i tuoi amici.<br \/>\n&#8211; Dimensioni del prodotto: questa guarnizione della pompa con maniglia ha un diametro interno di circa 5,2 cm, un&#8217;altezza di 2 cm e uno spessore di 0,4 cm. Le rondelle sono disponibili in due diverse dimensioni, con diametri interni rispettivamente di circa 5,8 cm e 5,2 cm.<br \/>\n&#8211; Facile da usare: le guarnizioni della pompa della maniglia sono facili da usare, puoi immergerle in acqua prima dell&#8217;uso, dopo l&#8217;immersione le guarnizioni diventano pi\u00f9 elastiche, puoi fissarle sulla pompa pi\u00f9 facilmente e saldamente per evitare perdite, offrendoti grande comodit\u00e0.<br \/>\n&#8211; Sostituzione ideale: l&#8217;anello di tenuta della pompa con maniglia \u00e8 facile da installare e ha un buon effetto di tenuta, rendendo la pompa pi\u00f9 efficiente e risparmiando manodopera e migliorando la capacit\u00e0 del flusso d&#8217;acqua della pompa.<br \/>\n&#8211; Ampia applicazione: questa pompa con maniglia sigillata \u00e8 progettata con un buon effetto sigillante, quindi la pompa dell&#8217;acqua pu\u00f2 essere riutilizzata, risparmiando tempo e fatica. Adatto per la maggior parte delle pompe manuali modello 75 in cortili, giardini, parchi e campi da gioco.<\/p>\n","protected":false},"excerpt":{"rendered":"<p>pubblicit\u00e02 Pezzi Guarnizioni in Pelle e 4 Pezzi Rondella in Pelle,Manicotti in Pelle Parti di Ricambio per Pompa Acqua Manuale Tipo 75,Manicotti a Pistone per Pompa da Giardino e Pompa Fontane (Marrone)<\/p>\n","protected":false},"featured_media":11098,"comment_status":"open","ping_status":"closed","template":"","meta":[],"product_cat":[15],"product_tag":[],"class_list":{"0":"post-11099","1":"product","2":"type-product","3":"status-publish","4":"has-post-thumbnail","6":"product_cat-sin-categorizar","7":"nodate","8":"item-wrap","10":"first","11":"instock","12":"shipping-taxable","13":"product-type-external"},"_links":{"self":[{"href":"https:\/\/lofimusic.com.es\/index.php\/wp-json\/wp\/v2\/product\/11099","targetHints":{"allow":["GET"]}}],"collection":[{"href":"https:\/\/lofimusic.com.es\/index.php\/wp-json\/wp\/v2\/product"}],"about":[{"href":"https:\/\/lofimusic.com.es\/index.php\/wp-json\/wp\/v2\/types\/product"}],"replies":[{"embeddable":true,"href":"https:\/\/lofimusic.com.es\/index.php\/wp-json\/wp\/v2\/comments?post=11099"}],"wp:featuredmedia":[{"embeddable":true,"href":"https:\/\/lofimusic.com.es\/index.php\/wp-json\/wp\/v2\/media\/11098"}],"wp:attachment":[{"href":"https:\/\/lofimusic.com.es\/index.php\/wp-json\/wp\/v2\/media?parent=11099"}],"wp:term":[{"taxonomy":"product_cat","embeddable":true,"href":"https:\/\/lofimusic.com.es\/index.php\/wp-json\/wp\/v2\/product_cat?post=11099"},{"taxonomy":"product_tag","embeddable":true,"href":"https:\/\/lofimusic.com.es\/index.php\/wp-json\/wp\/v2\/product_tag?post=11099"}],"curies":[{"name":"wp","href":"https:\/\/api.w.org\/{rel}","templated":true}]}}