{"id":11081,"date":"2025-02-08T23:38:36","date_gmt":"2025-02-08T23:38:36","guid":{"rendered":"https:\/\/lofimusic.com.es\/index.php\/producto\/b0dt5sszgs_fr\/"},"modified":"2025-02-08T23:38:36","modified_gmt":"2025-02-08T23:38:36","slug":"b0dt5sszgs_fr","status":"publish","type":"product","link":"https:\/\/lofimusic.com.es\/index.php\/producto\/b0dt5sszgs_fr\/","title":{"rendered":"B0DT5SSZGS_FR"},"content":{"rendered":"<p>&#8211; Table en Verre El\u00e9gante et Polyvalente &#8211; Cette table bistrot ronde pour patio est dot\u00e9e d&#8217;un plateau en verre s\u00e9rigraphi\u00e9 de haute qualit\u00e9 et d&#8217;une bordure en m\u00e9tal de qualit\u00e9, ce qui rend la table \u00e9l\u00e9gante et attrayante. Vous pouvez la placer sur votre terrasse, jardin, arri\u00e8re-cour et au bord de la piscine pour cr\u00e9er un endroit relaxant pour vos repas et vos conversations.<br \/>\n&#8211; Trou de Parasol Pr\u00e9r\u00e9gl\u00e9 &#8211; Ce plateau de table a un trou de parasol de 3,5 cm qui peut s&#8217;adapter \u00e0 votre parasol de terrasse, vous prot\u00e9geant du soleil. Vous pouvez bloquer le trou avec le couvercle inclus lorsque le parasol n&#8217;est pas n\u00e9cessaire. De plus, le cadre inf\u00e9rieur avec le trou peut aider \u00e0 maintenir solidement le m\u00e2t du parasol.<br \/>\n&#8211; Structure Robuste et Stable &#8211; Fabriqu\u00e9e avec un plateau en verre s\u00e9rigraphi\u00e9 de qualit\u00e9 sup\u00e9rieure et un cadre en m\u00e9tal robuste, cette table ronde de patio est suffisamment robuste et stable pour supporter jusqu&#8217;\u00e0 40 kg. De plus, le cadre en m\u00e9tal avec rev\u00eatement en poudre offre une excellente r\u00e9sistance \u00e0 l&#8217;eau, \u00e0 la rouille et \u00e0 l&#8217;abrasion, ce qui le rend id\u00e9al pour une utilisation en ext\u00e9rieur.<br \/>\n&#8211; Conception D\u00e9taill\u00e9e et R\u00e9fl\u00e9chie &#8211; Tous les bords de la table de terrasse en verre sont con\u00e7us avec des arcs lisses, vous n&#8217;avez donc pas \u00e0 vous soucier de vous blesser ou d\u2019ab\u00eemer vos v\u00eatements. De plus, les patins anti-rayures en bas peuvent garantir que la table \u00e0 manger d&#8217;ext\u00e9rieur reste stable tout en prot\u00e9geant le sol.<br \/>\n&#8211; Facile \u00e0 Assembler et \u00e0 Nettoyer &#8211; Les instructions d\u00e9taill\u00e9es sont fournies pour une installation sans tracas. Ins\u00e9rez simplement les 4 pieds dans la table et fixez les cadres m\u00e9talliques inf\u00e9rieurs pour terminer l&#8217;assemblage. De plus, elle ne n\u00e9cessite pas d&#8217;entretien particulier et vous pouvez facilement l&#8217;essuyer avec un chiffon humide. Dimensions hors tout : 86 x 71 cm (diam\u00e8tre x hauteur).<\/p>\n","protected":false},"excerpt":{"rendered":"<p>publicit\u00e9Giantex Table Bistrot 86 cm, Table \u00e0 Manger de Jardin avec Trou pour Parasol de 3,5 cm, Plateau en Verre S\u00e9rigraphi\u00e9, Cadre en M\u00e9tal, Table d&#8217;Appoint Ronde, pour Jardin, Terrasse, Noir<\/p>\n","protected":false},"featured_media":11080,"comment_status":"open","ping_status":"closed","template":"","meta":[],"product_cat":[15],"product_tag":[],"class_list":{"0":"post-11081","1":"product","2":"type-product","3":"status-publish","4":"has-post-thumbnail","6":"product_cat-sin-categorizar","7":"nodate","8":"item-wrap","10":"first","11":"instock","12":"shipping-taxable","13":"product-type-external"},"_links":{"self":[{"href":"https:\/\/lofimusic.com.es\/index.php\/wp-json\/wp\/v2\/product\/11081","targetHints":{"allow":["GET"]}}],"collection":[{"href":"https:\/\/lofimusic.com.es\/index.php\/wp-json\/wp\/v2\/product"}],"about":[{"href":"https:\/\/lofimusic.com.es\/index.php\/wp-json\/wp\/v2\/types\/product"}],"replies":[{"embeddable":true,"href":"https:\/\/lofimusic.com.es\/index.php\/wp-json\/wp\/v2\/comments?post=11081"}],"wp:featuredmedia":[{"embeddable":true,"href":"https:\/\/lofimusic.com.es\/index.php\/wp-json\/wp\/v2\/media\/11080"}],"wp:attachment":[{"href":"https:\/\/lofimusic.com.es\/index.php\/wp-json\/wp\/v2\/media?parent=11081"}],"wp:term":[{"taxonomy":"product_cat","embeddable":true,"href":"https:\/\/lofimusic.com.es\/index.php\/wp-json\/wp\/v2\/product_cat?post=11081"},{"taxonomy":"product_tag","embeddable":true,"href":"https:\/\/lofimusic.com.es\/index.php\/wp-json\/wp\/v2\/product_tag?post=11081"}],"curies":[{"name":"wp","href":"https:\/\/api.w.org\/{rel}","templated":true}]}}