{"id":11071,"date":"2025-02-08T22:15:09","date_gmt":"2025-02-08T22:15:09","guid":{"rendered":"https:\/\/lofimusic.com.es\/index.php\/producto\/b0dpx1cycz_es\/"},"modified":"2025-02-08T22:15:09","modified_gmt":"2025-02-08T22:15:09","slug":"b0dpx1cycz_es","status":"publish","type":"product","link":"https:\/\/lofimusic.com.es\/index.php\/producto\/b0dpx1cycz_es\/","title":{"rendered":"B0DPX1CYCZ_ES"},"content":{"rendered":"<p>&#8211; El paquete incluye: nuestra cinta para maleta con etiqueta para equipaje contiene 2 etiquetas de aluminio y 2 correas de embalaje de nailon.<br \/>\n&#8211; Material duradero: el cintur\u00f3n de equipaje est\u00e1 hecho de material PP de alta calidad, que es resistente al desgaste y resistente, y la longitud se puede ajustar y se fija con una hebilla de seguridad, que puede fijar eficazmente el equipaje.<br \/>\n&#8211; Longitud ajustable: nuestras correas de embalaje tienen 5 cm de ancho y hasta 200 cm de largo y se pueden utilizar para maletas de diferentes tama\u00f1os.<br \/>\n&#8211; Facilidad de uso: nuestras correas para equipaje f\u00e1ciles de usar son f\u00e1ciles de usar; Las hebillas de liberaci\u00f3n r\u00e1pida permiten una apertura y cierre convenientes en todo momento.<br \/>\n&#8211; Correa Maleta Multifuncional: Correa de equipaje es duradera y se puede utilizar para maletas, bolsos de mano, mochilas, bolsas de viaje y maletas trolley para que se sienta m\u00e1s c\u00f3modo durante los viajes, el turismo, el camping y la vida diaria.<\/p>\n","protected":false},"excerpt":{"rendered":"<p>Publicidad Correas para Maleta (2 Piezas), con 2 Etiqueta de Maleta, Correas de Equipaje Ajustables, para reconocer f\u00e1cil el Equipaje, Bolsa de Viaje, Negra<\/p>\n","protected":false},"featured_media":11070,"comment_status":"open","ping_status":"closed","template":"","meta":[],"product_cat":[15],"product_tag":[],"class_list":{"0":"post-11071","1":"product","2":"type-product","3":"status-publish","4":"has-post-thumbnail","6":"product_cat-sin-categorizar","7":"nodate","8":"item-wrap","10":"first","11":"instock","12":"shipping-taxable","13":"product-type-external"},"_links":{"self":[{"href":"https:\/\/lofimusic.com.es\/index.php\/wp-json\/wp\/v2\/product\/11071","targetHints":{"allow":["GET"]}}],"collection":[{"href":"https:\/\/lofimusic.com.es\/index.php\/wp-json\/wp\/v2\/product"}],"about":[{"href":"https:\/\/lofimusic.com.es\/index.php\/wp-json\/wp\/v2\/types\/product"}],"replies":[{"embeddable":true,"href":"https:\/\/lofimusic.com.es\/index.php\/wp-json\/wp\/v2\/comments?post=11071"}],"wp:featuredmedia":[{"embeddable":true,"href":"https:\/\/lofimusic.com.es\/index.php\/wp-json\/wp\/v2\/media\/11070"}],"wp:attachment":[{"href":"https:\/\/lofimusic.com.es\/index.php\/wp-json\/wp\/v2\/media?parent=11071"}],"wp:term":[{"taxonomy":"product_cat","embeddable":true,"href":"https:\/\/lofimusic.com.es\/index.php\/wp-json\/wp\/v2\/product_cat?post=11071"},{"taxonomy":"product_tag","embeddable":true,"href":"https:\/\/lofimusic.com.es\/index.php\/wp-json\/wp\/v2\/product_tag?post=11071"}],"curies":[{"name":"wp","href":"https:\/\/api.w.org\/{rel}","templated":true}]}}