{"id":11009,"date":"2025-02-08T11:40:24","date_gmt":"2025-02-08T11:40:24","guid":{"rendered":"https:\/\/lofimusic.com.es\/index.php\/producto\/b0dl39jqvs_es\/"},"modified":"2025-02-08T11:40:24","modified_gmt":"2025-02-08T11:40:24","slug":"b0dl39jqvs_es","status":"publish","type":"product","link":"https:\/\/lofimusic.com.es\/index.php\/producto\/b0dl39jqvs_es\/","title":{"rendered":"B0DL39JQVS_ES"},"content":{"rendered":"<p>&#8211; Usted recibir\u00e1 un cepillo cuadrado de madera de haya de pelo de caballo, tama\u00f1o del producto: 9.3*3.4*1.7CM.Hecho de pelo de caballo natural, especialmente suave.<br \/>\n&#8211; El mango de madera de haya es f\u00e1cil de agarrar, mango c\u00f3modo, mango largo, f\u00e1cil y bueno de usar, compacto y f\u00e1cil de llevar.<br \/>\n&#8211; Una vez aplicado el bet\u00fan a los zapatos, las part\u00edculas de cera del bet\u00fan comenzar\u00e1n a derretirse y entonces se utiliza el cepillo de crin de caballo para conseguir una superficie lisa como un espejo y un brillo impresionante en los zapatos.<br \/>\n&#8211; La crin de caballo es especialmente adecuada para cepillos de lustrado, absorbe bien y con facilidad el bet\u00fan y es lo suficientemente duradera como para utilizarla con frecuencia durante un largo periodo de tiempo.<br \/>\n&#8211; Este cepillo es vers\u00e1til y puede utilizarse para limpiar una gran variedad de art\u00edculos, como zapatos de cuero y ante, sombreros, chaquetas y muebles.<\/p>\n","protected":false},"excerpt":{"rendered":"<p>Publicidad 1 Pieza Cepillo Zapatos,Cepillo de Crin,Cepillo de pulir Hecho de Crin,Cepillo Abrillantador para Zapatos,Cepillos de Madera,Cepillo para Limpieza,para Cuidado del Calzado<\/p>\n","protected":false},"featured_media":11008,"comment_status":"open","ping_status":"closed","template":"","meta":[],"product_cat":[15],"product_tag":[],"class_list":{"0":"post-11009","1":"product","2":"type-product","3":"status-publish","4":"has-post-thumbnail","6":"product_cat-sin-categorizar","7":"nodate","8":"item-wrap","10":"first","11":"instock","12":"shipping-taxable","13":"product-type-external"},"_links":{"self":[{"href":"https:\/\/lofimusic.com.es\/index.php\/wp-json\/wp\/v2\/product\/11009","targetHints":{"allow":["GET"]}}],"collection":[{"href":"https:\/\/lofimusic.com.es\/index.php\/wp-json\/wp\/v2\/product"}],"about":[{"href":"https:\/\/lofimusic.com.es\/index.php\/wp-json\/wp\/v2\/types\/product"}],"replies":[{"embeddable":true,"href":"https:\/\/lofimusic.com.es\/index.php\/wp-json\/wp\/v2\/comments?post=11009"}],"wp:featuredmedia":[{"embeddable":true,"href":"https:\/\/lofimusic.com.es\/index.php\/wp-json\/wp\/v2\/media\/11008"}],"wp:attachment":[{"href":"https:\/\/lofimusic.com.es\/index.php\/wp-json\/wp\/v2\/media?parent=11009"}],"wp:term":[{"taxonomy":"product_cat","embeddable":true,"href":"https:\/\/lofimusic.com.es\/index.php\/wp-json\/wp\/v2\/product_cat?post=11009"},{"taxonomy":"product_tag","embeddable":true,"href":"https:\/\/lofimusic.com.es\/index.php\/wp-json\/wp\/v2\/product_tag?post=11009"}],"curies":[{"name":"wp","href":"https:\/\/api.w.org\/{rel}","templated":true}]}}