{"id":11005,"date":"2025-02-08T11:39:44","date_gmt":"2025-02-08T11:39:44","guid":{"rendered":"https:\/\/lofimusic.com.es\/index.php\/producto\/b0dmk5h4ts_es\/"},"modified":"2025-02-08T11:39:44","modified_gmt":"2025-02-08T11:39:44","slug":"b0dmk5h4ts_es","status":"publish","type":"product","link":"https:\/\/lofimusic.com.es\/index.php\/producto\/b0dmk5h4ts_es\/","title":{"rendered":"B0DMK5H4TS_ES"},"content":{"rendered":"<p>&#8211; Recibir\u00e1s una funda para palas de ping-pong de calabaza de color verde y blanco con capacidad para dos palas y un bolsillo exterior para tres pelotas.<br \/>\n&#8211; El cuerpo de la bolsa es de tejido de nailon con funci\u00f3n antisalpicaduras, que protege el contenido para que no se empape y se seca con una sola pasada.<br \/>\n&#8211; Gran capacidad de almacenamiento, bolsillo frontal para objetos peque\u00f1os, de f\u00e1cil acceso; raqueta en el bolsillo principal, antidesgaste de la raqueta.<br \/>\n&#8211; Cremallera personalizada, de alta resistencia, de tracci\u00f3n suave, sin enganches; con una correa para la mu\u00f1eca, f\u00e1cil de salir, se puede llevar en cualquier momento o colgar.<br \/>\n&#8211; El dise\u00f1o de tejido grueso puede proteger la raqueta sin importar el uso normal o el impacto de alta intensidad, perfecto para deportes al aire libre.<\/p>\n","protected":false},"excerpt":{"rendered":"<p>Publicidad JJHXM Bolsa de Tenis de Mesa para Bate,Bolsa de Almacenamiento para 2 Raqueta,Compartimiento para 3 Pelotas,Impermeable Funda para Raqueta de Tenis de Mesa,Unisex Adulto<\/p>\n","protected":false},"featured_media":11004,"comment_status":"open","ping_status":"closed","template":"","meta":[],"product_cat":[15],"product_tag":[],"class_list":{"0":"post-11005","1":"product","2":"type-product","3":"status-publish","4":"has-post-thumbnail","6":"product_cat-sin-categorizar","7":"nodate","8":"item-wrap","10":"first","11":"instock","12":"shipping-taxable","13":"product-type-external"},"_links":{"self":[{"href":"https:\/\/lofimusic.com.es\/index.php\/wp-json\/wp\/v2\/product\/11005","targetHints":{"allow":["GET"]}}],"collection":[{"href":"https:\/\/lofimusic.com.es\/index.php\/wp-json\/wp\/v2\/product"}],"about":[{"href":"https:\/\/lofimusic.com.es\/index.php\/wp-json\/wp\/v2\/types\/product"}],"replies":[{"embeddable":true,"href":"https:\/\/lofimusic.com.es\/index.php\/wp-json\/wp\/v2\/comments?post=11005"}],"wp:featuredmedia":[{"embeddable":true,"href":"https:\/\/lofimusic.com.es\/index.php\/wp-json\/wp\/v2\/media\/11004"}],"wp:attachment":[{"href":"https:\/\/lofimusic.com.es\/index.php\/wp-json\/wp\/v2\/media?parent=11005"}],"wp:term":[{"taxonomy":"product_cat","embeddable":true,"href":"https:\/\/lofimusic.com.es\/index.php\/wp-json\/wp\/v2\/product_cat?post=11005"},{"taxonomy":"product_tag","embeddable":true,"href":"https:\/\/lofimusic.com.es\/index.php\/wp-json\/wp\/v2\/product_tag?post=11005"}],"curies":[{"name":"wp","href":"https:\/\/api.w.org\/{rel}","templated":true}]}}