{"id":11001,"date":"2025-02-08T11:37:24","date_gmt":"2025-02-08T11:37:24","guid":{"rendered":"https:\/\/lofimusic.com.es\/index.php\/producto\/b0cp2dhpqm_es\/"},"modified":"2025-02-08T11:37:24","modified_gmt":"2025-02-08T11:37:24","slug":"b0cp2dhpqm_es","status":"publish","type":"product","link":"https:\/\/lofimusic.com.es\/index.php\/producto\/b0cp2dhpqm_es\/","title":{"rendered":"B0CP2DHPQM_ES"},"content":{"rendered":"<p>&#8211; \u2705 \ud835\uddd6\ud835\udde2\ud835\udde0\ud835\udde3\ud835\udddf\ud835\uddd8\ud835\udddd\ud835\udde2 \ud835\uddd9\ud835\udddc\ud835\udde7\ud835\udde2\ud835\udde7\ud835\uddd8\ud835\udde5\ud835\uddd4\ud835\udde3\u00c9\ud835\udde8\ud835\udde7\ud835\udddc\ud835\uddd6\ud835\udde2 \ud835\uddd8\ud835\uddd9\ud835\udddc\ud835\uddd6\ud835\uddd4\ud835\uddd6: Shilajit es una sustancia natural que se forma gradualmente a trav\u00e9s de la descomposici\u00f3n de ciertas plantas bajo la acci\u00f3n de microorganismos. Rico en \u00e1cido f\u00falvico, \u00e1cido h\u00famico y varios oligoelementos, Shilajit es considerado un remedio herbal y adapt\u00f3geno, que contiene elementos naturales para nutrir numerosas partes del cuerpo.<br \/>\n&#8211; \u2705 \ud835\uddd8\ud835\udde6\ud835\udde7\ud835\udddc\ud835\udde0\ud835\udde8\ud835\udddf\ud835\uddd4\ud835\udde1\ud835\udde7\ud835\uddd8 \ud835\udde1\ud835\uddd4\ud835\udde7\ud835\udde8\ud835\udde5\ud835\uddd4\ud835\udddf \ud835\uddd7\ud835\uddd8 \ud835\uddd8\ud835\udde1\ud835\uddd8\ud835\udde5\ud835\uddda\u00cd\ud835\uddd4: Shilajit es un excelente estimulante de energ\u00eda natural. Tu cuerpo estar\u00e1 energizado durante todo el d\u00eda. Esto te hace sentir m\u00e1s en\u00e9rgico por m\u00e1s tiempo y capaz de manejar todo lo que el d\u00eda te depare.<br \/>\n&#8211; \u2705 \ud835\udde8\ud835\udde6\ud835\udde2 \ud835\uddd6\ud835\udde2\ud835\udde1 \ud835\udddc\ud835\udde1\ud835\uddda\ud835\udde5\ud835\uddd8\ud835\uddd7\ud835\udddc\ud835\uddd8\ud835\udde1\ud835\udde7\ud835\uddd8\ud835\udde6 \ud835\uddd7\ud835\uddd8 \ud835\uddd4\ud835\udddf\ud835\udde7\ud835\uddd4 \ud835\uddd6\ud835\uddd4\ud835\udddf\ud835\udddc\ud835\uddd7\ud835\uddd4\ud835\uddd7: La resina de Shilajit es la forma m\u00e1s pura posible de Shilajit, obtenida a trav\u00e9s de un proceso completamente natural. No contiene metales pesados, rellenos ni aditivos. Nuestro proceso de extracci\u00f3n \u00fanico mantiene activos los nutrientes. Probamos nuestro Shilajit por pureza y eficacia.<br \/>\n&#8211; \u2705 \ud835\udddc\ud835\udde1\ud835\uddda\ud835\uddd8\ud835\udde6\ud835\udde7\ud835\uddd4 \ud835\uddec \ud835\uddd7\ud835\udde2\ud835\udde6\ud835\udddc\ud835\udde6: Un paquete de resina de Shilajit dura 2 meses. Recomendamos una porci\u00f3n de aproximadamente 500 mg al d\u00eda, equivalente a una cantidad del tama\u00f1o de un guisante. Puedes disolverlo en agua tibia, leche, t\u00e9 u otras bebidas, remover y consumir. Alternativamente, puedes tomarlo directamente debajo de la lengua para lograr una excelente absorci\u00f3n sublingual.<br \/>\n&#8211; \u2705 \ud835\uddd4\ud835\udddf\ud835\udde7\ud835\udde2\ud835\udde6 \ud835\uddd8\ud835\udde6\ud835\udde7\u00c1\ud835\udde1\ud835\uddd7\ud835\uddd4\ud835\udde5\ud835\uddd8\ud835\udde6 \ud835\uddd7\ud835\uddd8 \ud835\uddd9\ud835\uddd4\ud835\uddd5\ud835\udde5\ud835\udddc\ud835\uddd6\ud835\uddd4\ud835\uddd6\ud835\udddc\u00d3\ud835\udde1: Nuestro producto es vegano y libre de ingredientes da\u00f1inos como gluten, OMG, productos l\u00e1cteos, soja, trigo o sabores artificiales. Nuestro objetivo es liberar el verdadero poder de la naturaleza y ofrecerte un suplemento de Shilajit de alta calidad.<\/p>\n","protected":false},"excerpt":{"rendered":"<p>Publicidad Mumijo Shilajit Resina en Vidrio | Premium +2 Meses | Fuente Himalaya de Alta Potencia con \u00c1cido F\u00falvico | \u00c1cido H\u00famico y Oligoelementos | Para Apoyar el Sistema Inmunol\u00f3gico y la Energ\u00eda<\/p>\n","protected":false},"featured_media":11000,"comment_status":"open","ping_status":"closed","template":"","meta":[],"product_cat":[15],"product_tag":[],"class_list":{"0":"post-11001","1":"product","2":"type-product","3":"status-publish","4":"has-post-thumbnail","6":"product_cat-sin-categorizar","7":"nodate","8":"item-wrap","10":"first","11":"instock","12":"shipping-taxable","13":"product-type-external"},"_links":{"self":[{"href":"https:\/\/lofimusic.com.es\/index.php\/wp-json\/wp\/v2\/product\/11001","targetHints":{"allow":["GET"]}}],"collection":[{"href":"https:\/\/lofimusic.com.es\/index.php\/wp-json\/wp\/v2\/product"}],"about":[{"href":"https:\/\/lofimusic.com.es\/index.php\/wp-json\/wp\/v2\/types\/product"}],"replies":[{"embeddable":true,"href":"https:\/\/lofimusic.com.es\/index.php\/wp-json\/wp\/v2\/comments?post=11001"}],"wp:featuredmedia":[{"embeddable":true,"href":"https:\/\/lofimusic.com.es\/index.php\/wp-json\/wp\/v2\/media\/11000"}],"wp:attachment":[{"href":"https:\/\/lofimusic.com.es\/index.php\/wp-json\/wp\/v2\/media?parent=11001"}],"wp:term":[{"taxonomy":"product_cat","embeddable":true,"href":"https:\/\/lofimusic.com.es\/index.php\/wp-json\/wp\/v2\/product_cat?post=11001"},{"taxonomy":"product_tag","embeddable":true,"href":"https:\/\/lofimusic.com.es\/index.php\/wp-json\/wp\/v2\/product_tag?post=11001"}],"curies":[{"name":"wp","href":"https:\/\/api.w.org\/{rel}","templated":true}]}}