{"id":10995,"date":"2025-02-08T04:57:11","date_gmt":"2025-02-08T04:57:11","guid":{"rendered":"https:\/\/lofimusic.com.es\/index.php\/producto\/b0ddc1nzlt_fr\/"},"modified":"2025-02-08T04:57:11","modified_gmt":"2025-02-08T04:57:11","slug":"b0ddc1nzlt_fr","status":"publish","type":"product","link":"https:\/\/lofimusic.com.es\/index.php\/producto\/b0ddc1nzlt_fr\/","title":{"rendered":"B0DDC1NZLT_FR"},"content":{"rendered":"<p>&#8211; Oeuf Vibrant Femme \u00e0 Distance du Point G : Les Vibromasseurs Feminin \u00e0 Distance s&#8217;Adaptent Parfaitement \u00e0 Votre Vagin Clitoridien Et Stimulent Avec Pr\u00e9cision Le Point g. De Multiples Vibrations Et Coups Vous Donneront Une Sensation Plus Forte Orgasme Clitoridien, Qui Maximisera Votre Orgasme Et Votre Plaisir Sexuel !Vous Pouvez l&#8217;Utiliser Comme Masseur Personnel, Godemichet Vibrant\uff0cStimulateur Clitoridien Vibromasseur, \u0152uf Vibrant Ou Comme Vibromasseur F\u00e9minin Classique Pour Point g.<br \/>\n&#8211; Vibromasseur, Femme Clitoridien Puissant Avec Vibration 3 en 1:Vous Pouvez Utiliser Ces Vibromasseur Femmes Comme Vous Le Souhaitez Via Des Boutons, Une T\u00e9l\u00e9commande Ou Un T\u00e9l\u00e9phone Portable. 6 Interfaces De Contr\u00f4le d&#8217;Application Diff\u00e9rentes, 9 Modes De Contr\u00f4le Et Des Courbes De Vibration Personnalisables Exclusives Vous Attendent Pour Exp\u00e9rimenter Le Plaisir. Vous Pouvez Emporter Le Vibromasseur, Femme Clitoridien Puissant Silencieux n&#8217;Importe O\u00f9 Sans Que Personne Ne Le Remarque.<br \/>\n&#8211; Sex Toy\u0301s Femme De Contr\u00f4le Par APP &amp; Vibromasseurs Feminin \u00e0 Distance: Le Gode Vibro-Masseur Se Connecte \u00e0 l&#8217;App Via Bluetooth. Scannez Le Code Qr Sur Le Manuel d&#8217;Instructions, T\u00e9l\u00e9chargez l&#8217;Application Lovespouse Et Ajoutez Votre Amoureux Pour D\u00e9marrer Le Mode T\u00e9l\u00e9commande. M\u00eame Dans Diff\u00e9rents Pays, Vous Pouvez Interagir \u00c9troitement Avec Votre Amoureux, Mais Vous Pouvez Voir Le Visage De La Femme Et Entendre Ses G\u00e9missements De Satisfaction \u00e0 Travers La Vid\u00e9o De l&#8217;App.<br \/>\n&#8211; Vibromasseurs Chargement Magn\u00e9tique&amp;Emballage \u00c9tanche &amp; Protection De La Vie Priv\u00e9e : Ce Sextoyse Femme Clitoridienne Est Charg\u00e9 Magn\u00e9tiquement Pour Plus De Commodit\u00e9. Une Fois Compl\u00e8tement Charg\u00e9, Il Peut Durer Jusqu&#8217;\u00e0 60 Minutes De Stimulation. 100 % \u00c9tanche, Pour Que Vous Puissiez Vous Amuser Dans La Baignoire Ou La Piscine. Parce Que Votre Plaisir Intime Est Important Pour Nous, Tous Nos Produits Sont Livr\u00e9s Dans Un Emballage Discret, Vous Ne Vous Sentirez Donc Pas G\u00ean\u00e9 Lorsque Vous Recevoir Sex Toys .<br \/>\n&#8211; Vibromasseurs Feminin \u00e0 Distance Cadeau Id\u00e9al Pour Votre Partenaire: Ces Sex Toy\u0301s Couple Plaisir Pour Femmes Peuvent \u00catre Utilis\u00e9s Dans Le Salon, La Chambre, La Cuisine, La Salle De Bain, l&#8217;H\u00f4tel Et d&#8217;Autres Endroits Pour Satisfaire Votre D\u00e9sir Sexuel. De Petite Taille Et Facile \u00e0 Ranger, c&#8217;Est Un Incontournable Pour Vos Voyages Et Vacances. La Bo\u00eete Exquise Et La Pochette En Velours Sont Parfaites Comme Cadeau.<\/p>\n","protected":false},"excerpt":{"rendered":"<p>publicit\u00e9Vibromasseurs Feminin Oeuf Vibrant Femme \u00e0 Distance Vibromasseur, Femme Clitoridien Puissant Sex Toy\u0301s Femme Couple Plaisir Gode Vibro-masseur Vibro Avec Telecommande Silencieux 9 Modes(Violet)<\/p>\n","protected":false},"featured_media":10994,"comment_status":"open","ping_status":"closed","template":"","meta":[],"product_cat":[15],"product_tag":[],"class_list":{"0":"post-10995","1":"product","2":"type-product","3":"status-publish","4":"has-post-thumbnail","6":"product_cat-sin-categorizar","7":"nodate","8":"item-wrap","10":"first","11":"instock","12":"shipping-taxable","13":"product-type-external"},"_links":{"self":[{"href":"https:\/\/lofimusic.com.es\/index.php\/wp-json\/wp\/v2\/product\/10995","targetHints":{"allow":["GET"]}}],"collection":[{"href":"https:\/\/lofimusic.com.es\/index.php\/wp-json\/wp\/v2\/product"}],"about":[{"href":"https:\/\/lofimusic.com.es\/index.php\/wp-json\/wp\/v2\/types\/product"}],"replies":[{"embeddable":true,"href":"https:\/\/lofimusic.com.es\/index.php\/wp-json\/wp\/v2\/comments?post=10995"}],"wp:featuredmedia":[{"embeddable":true,"href":"https:\/\/lofimusic.com.es\/index.php\/wp-json\/wp\/v2\/media\/10994"}],"wp:attachment":[{"href":"https:\/\/lofimusic.com.es\/index.php\/wp-json\/wp\/v2\/media?parent=10995"}],"wp:term":[{"taxonomy":"product_cat","embeddable":true,"href":"https:\/\/lofimusic.com.es\/index.php\/wp-json\/wp\/v2\/product_cat?post=10995"},{"taxonomy":"product_tag","embeddable":true,"href":"https:\/\/lofimusic.com.es\/index.php\/wp-json\/wp\/v2\/product_tag?post=10995"}],"curies":[{"name":"wp","href":"https:\/\/api.w.org\/{rel}","templated":true}]}}