{"id":10969,"date":"2025-02-07T22:48:59","date_gmt":"2025-02-07T22:48:59","guid":{"rendered":"https:\/\/lofimusic.com.es\/index.php\/producto\/b0dcvq2hl6_es-2\/"},"modified":"2025-02-07T22:48:59","modified_gmt":"2025-02-07T22:48:59","slug":"b0dcvq2hl6_es-2","status":"publish","type":"product","link":"https:\/\/lofimusic.com.es\/index.php\/producto\/b0dcvq2hl6_es-2\/","title":{"rendered":"B0DCVQ2HL6_ES"},"content":{"rendered":"<p>&#8211; [Compacto y port\u00e1til]-Herramienta para cadena de bicicleta La cadena de bicicleta es peque\u00f1a y liviana, con una longitud de mango de 107 mm y una varilla en espiral de 96 mm. Es negra y f\u00e1cil de transportar en una bolsa de reparaci\u00f3n de bicicletas o en una alforja. Removedor de remaches Esto significa que puede llevarlo consigo cuando monte en bicicleta o viaje, asegur\u00e1ndose de tener las herramientas necesarias para solucionar cualquier problema que pueda surgir con su cadena.<br \/>\n&#8211; [F\u00e1cil de operar]-La herramienta para cadenas de bicicleta facilita el mantenimiento de la cadena, permiti\u00e9ndole quitar y reemplazar los eslabones de la cadena con facilidad. Empuje de rosca y perno suave y potente con agarre antideslizante. Ya sea que necesite limpiar su cadena, reemplazar un eslab\u00f3n da\u00f1ado o instalar una cadena nueva, las herramientas para cadenas hacen que todo el proceso sea r\u00e1pido y sencillo.<br \/>\n&#8211; [Durable y duradero]-Los rompecadenas de alta calidad est\u00e1n dise\u00f1ados para durar. El acero al carbono se templa y endurece para mejorar la resistencia al desgaste y la tenacidad. El cuerpo principal est\u00e1 forjado de aleaci\u00f3n y el mango ergon\u00f3mico es duradero. Tiene un agarre c\u00f3modo y un dise\u00f1o sin tornillo de ajuste, que absorbe los golpes y es antideslizante, lo que facilita el uso de la fuerza.<br \/>\n&#8211; [Eficiencia econ\u00f3mica]-Herramienta quitacadenas de bicicleta Invertir en un quitacadenas puede ahorrarle dinero a largo plazo. Puedes reparar o reemplazar la cadena t\u00fa mismo con la ayuda de un rompecadenas sin necesidad de llevar tu bicicleta a un taller de reparaci\u00f3n. Esto le ahorrar\u00e1 tiempo y dinero, especialmente si anda en bicicleta con frecuencia o posee m\u00e1s de una bicicleta.<br \/>\n&#8211; [Ampliamente utilizado]-nuestra herramienta profesional para remachar cadenas de bicicletas es adecuada para la mayor\u00eda de cadenas de bicicletas de una sola velocidad de 1 a 11 velocidades, con una gran compatibilidad para todo tipo de bicicletas, bicicletas de carretera y de monta\u00f1a.<\/p>\n","protected":false},"excerpt":{"rendered":"<p>Publicidad YPYMOD Tronchacadenas Bicicleta, Herramienta de Cadena de Bicicleta para Cadenas de 1-11Velocidades, Herramienta de Reparaci\u00f3n de Cadena de Bicicleta de Carretera y Monta\u00f1a<\/p>\n","protected":false},"featured_media":10968,"comment_status":"open","ping_status":"closed","template":"","meta":[],"product_cat":[15],"product_tag":[],"class_list":{"0":"post-10969","1":"product","2":"type-product","3":"status-publish","4":"has-post-thumbnail","6":"product_cat-sin-categorizar","7":"nodate","8":"item-wrap","10":"first","11":"instock","12":"shipping-taxable","13":"product-type-external"},"_links":{"self":[{"href":"https:\/\/lofimusic.com.es\/index.php\/wp-json\/wp\/v2\/product\/10969","targetHints":{"allow":["GET"]}}],"collection":[{"href":"https:\/\/lofimusic.com.es\/index.php\/wp-json\/wp\/v2\/product"}],"about":[{"href":"https:\/\/lofimusic.com.es\/index.php\/wp-json\/wp\/v2\/types\/product"}],"replies":[{"embeddable":true,"href":"https:\/\/lofimusic.com.es\/index.php\/wp-json\/wp\/v2\/comments?post=10969"}],"wp:featuredmedia":[{"embeddable":true,"href":"https:\/\/lofimusic.com.es\/index.php\/wp-json\/wp\/v2\/media\/10968"}],"wp:attachment":[{"href":"https:\/\/lofimusic.com.es\/index.php\/wp-json\/wp\/v2\/media?parent=10969"}],"wp:term":[{"taxonomy":"product_cat","embeddable":true,"href":"https:\/\/lofimusic.com.es\/index.php\/wp-json\/wp\/v2\/product_cat?post=10969"},{"taxonomy":"product_tag","embeddable":true,"href":"https:\/\/lofimusic.com.es\/index.php\/wp-json\/wp\/v2\/product_tag?post=10969"}],"curies":[{"name":"wp","href":"https:\/\/api.w.org\/{rel}","templated":true}]}}