{"id":10947,"date":"2025-02-07T22:40:11","date_gmt":"2025-02-07T22:40:11","guid":{"rendered":"https:\/\/lofimusic.com.es\/index.php\/producto\/b0dnm3c51s_es\/"},"modified":"2025-02-07T22:40:11","modified_gmt":"2025-02-07T22:40:11","slug":"b0dnm3c51s_es","status":"publish","type":"product","link":"https:\/\/lofimusic.com.es\/index.php\/producto\/b0dnm3c51s_es\/","title":{"rendered":"B0DNM3C51S_ES"},"content":{"rendered":"<p>&#8211; [Material de alta calidad]-El material es pl\u00e1stico + acero al carbono. La hoja de acero al carbono es afilada, no se desafila f\u00e1cilmente, es resistente y duradera, y tiene un dise\u00f1o ajustable, que proporciona diferentes longitudes de punta de l\u00e1piz.<br \/>\n&#8211; [Informaci\u00f3n del producto]-Sacapuntas manual, tama\u00f1o del producto: 6,5 x 8,5 x 5 cm. M\u00e1s compacto y m\u00e1s f\u00e1cil de transportar. Adecuado para l\u00e1pices 2B, l\u00e1pices de colores y l\u00e1pices de cejas.<br \/>\n&#8211; [Sacapuntas ajustable]-La punta del l\u00e1piz es ajustable a 3 niveles de grosor. Al girar la perilla de ajuste en el mango posterior del sacapuntas, puede afilar l\u00e1pices de diferentes grosores para satisfacer las necesidades de dibujar y estudiar.<br \/>\n&#8211; [Negro simple]-El aspecto de nuestro sacapuntas es muy simple y moderno, y su calidad y portabilidad satisfar\u00e1n las necesidades de afilado est\u00e1ndar de cualquier estudiante, profesor, artista o administrador.<br \/>\n&#8211; [Almacenamiento de gran capacidad]-Contenedor de recolecci\u00f3n grande para recolectar virutas y desechos de molienda, minimizando la limpieza despu\u00e9s del afilado, almohadilla antideslizante en la parte inferior, aumentando la fricci\u00f3n con la mesa, afilando l\u00e1pices de manera m\u00e1s estable, ideal para escuelas, hogares y oficinas.<\/p>\n","protected":false},"excerpt":{"rendered":"<p>Publicidad Neoreser Sacapuntas de Escritorio, Estudiantes de Arte Profesional Utilizan, Oficina Sal\u00f3n de Clases Dibujo y Hogar Regalo Del D\u00eda de Los Ni\u00f1os Estudiante Ni\u00f1os Artista(Negro)<\/p>\n","protected":false},"featured_media":10946,"comment_status":"open","ping_status":"closed","template":"","meta":[],"product_cat":[15],"product_tag":[],"class_list":{"0":"post-10947","1":"product","2":"type-product","3":"status-publish","4":"has-post-thumbnail","6":"product_cat-sin-categorizar","7":"nodate","8":"item-wrap","10":"first","11":"instock","12":"shipping-taxable","13":"product-type-external"},"_links":{"self":[{"href":"https:\/\/lofimusic.com.es\/index.php\/wp-json\/wp\/v2\/product\/10947","targetHints":{"allow":["GET"]}}],"collection":[{"href":"https:\/\/lofimusic.com.es\/index.php\/wp-json\/wp\/v2\/product"}],"about":[{"href":"https:\/\/lofimusic.com.es\/index.php\/wp-json\/wp\/v2\/types\/product"}],"replies":[{"embeddable":true,"href":"https:\/\/lofimusic.com.es\/index.php\/wp-json\/wp\/v2\/comments?post=10947"}],"wp:featuredmedia":[{"embeddable":true,"href":"https:\/\/lofimusic.com.es\/index.php\/wp-json\/wp\/v2\/media\/10946"}],"wp:attachment":[{"href":"https:\/\/lofimusic.com.es\/index.php\/wp-json\/wp\/v2\/media?parent=10947"}],"wp:term":[{"taxonomy":"product_cat","embeddable":true,"href":"https:\/\/lofimusic.com.es\/index.php\/wp-json\/wp\/v2\/product_cat?post=10947"},{"taxonomy":"product_tag","embeddable":true,"href":"https:\/\/lofimusic.com.es\/index.php\/wp-json\/wp\/v2\/product_tag?post=10947"}],"curies":[{"name":"wp","href":"https:\/\/api.w.org\/{rel}","templated":true}]}}