{"id":1037,"date":"2024-09-14T04:19:03","date_gmt":"2024-09-14T04:19:03","guid":{"rendered":"https:\/\/lofimusic.com.es\/index.php\/producto\/b0dfgwztbp_de\/"},"modified":"2024-09-14T04:19:03","modified_gmt":"2024-09-14T04:19:03","slug":"b0dfgwztbp_de","status":"publish","type":"product","link":"https:\/\/lofimusic.com.es\/index.php\/producto\/b0dfgwztbp_de\/","title":{"rendered":"B0DFGWZTBP_DE"},"content":{"rendered":"<p>&#8211; Verbesserte Bluetooth 5.3 Verbindung: Ausgestattet mit Wireless Bluetooth 5.3 Chip erreichen die Wireless Earbuds Bluetooth Kopfh\u00f6rer eine 2x schnellere \u00dcbertragungsgeschwindigkeit, stabilere Konnektivit\u00e4t ohne Signalverlust oder Musikunterbrechung. Sie werden eine glattere und klarere Musikwiedergabe und Anrufe als je zuvor erleben. Wenn Sie die kabellosen Ohrh\u00f6rer aus der Ladeschale nehmen, werden sie sofort gekoppelt und verbinden sich automatisch mit dem zuletzt gekoppelten Ger\u00e4t.<br \/>\n&#8211; Au\u00dfergew\u00f6hnliche Klangqualit\u00e4t und klarer Anruf: Die in ear kopfh\u00f6rer bluetooth noise cancelling sind mit 13mm vibrierenden Membran-Lautsprechern und HD-Rendering-Technologie ausgestattet, die kristallklare hohe Klangqualit\u00e4t und das ergonomisch versiegelte In-Ear-Design bietet einen Ger\u00e4uschisolationseffekt f\u00fcr einen klareren Klang und sorgt f\u00fcr qualitativ hochwertige Musik und kristallklare Telefonate selbst bei lautem Hintergrund. Unterst\u00fctzt Einzel-\/Doppelohrmodus.<\/p>\n","protected":false},"excerpt":{"rendered":"<p>Werbung<br \/>\nKopfh\u00f6rer Kabellos Bluetooth 5.3, Bluetooth Kopfh\u00f6rer mit ENC Mic, 48Std Spielzeit Touch Control In Ear Kopfh\u00f6rer mit LED-Anzeige, Noise Cancelling IPX7 wasserdichte Ohrh\u00f6rer Blassrosa<\/p>\n","protected":false},"featured_media":1036,"comment_status":"open","ping_status":"closed","template":"","meta":[],"product_cat":[15],"product_tag":[],"class_list":{"0":"post-1037","1":"product","2":"type-product","3":"status-publish","4":"has-post-thumbnail","6":"product_cat-sin-categorizar","7":"nodate","8":"item-wrap","10":"first","11":"instock","12":"shipping-taxable","13":"product-type-external"},"_links":{"self":[{"href":"https:\/\/lofimusic.com.es\/index.php\/wp-json\/wp\/v2\/product\/1037","targetHints":{"allow":["GET"]}}],"collection":[{"href":"https:\/\/lofimusic.com.es\/index.php\/wp-json\/wp\/v2\/product"}],"about":[{"href":"https:\/\/lofimusic.com.es\/index.php\/wp-json\/wp\/v2\/types\/product"}],"replies":[{"embeddable":true,"href":"https:\/\/lofimusic.com.es\/index.php\/wp-json\/wp\/v2\/comments?post=1037"}],"wp:featuredmedia":[{"embeddable":true,"href":"https:\/\/lofimusic.com.es\/index.php\/wp-json\/wp\/v2\/media\/1036"}],"wp:attachment":[{"href":"https:\/\/lofimusic.com.es\/index.php\/wp-json\/wp\/v2\/media?parent=1037"}],"wp:term":[{"taxonomy":"product_cat","embeddable":true,"href":"https:\/\/lofimusic.com.es\/index.php\/wp-json\/wp\/v2\/product_cat?post=1037"},{"taxonomy":"product_tag","embeddable":true,"href":"https:\/\/lofimusic.com.es\/index.php\/wp-json\/wp\/v2\/product_tag?post=1037"}],"curies":[{"name":"wp","href":"https:\/\/api.w.org\/{rel}","templated":true}]}}