{"id":1011,"date":"2024-09-14T03:49:03","date_gmt":"2024-09-14T03:49:03","guid":{"rendered":"https:\/\/lofimusic.com.es\/index.php\/producto\/b0d21l3rpl_de\/"},"modified":"2024-09-14T03:49:03","modified_gmt":"2024-09-14T03:49:03","slug":"b0d21l3rpl_de","status":"publish","type":"product","link":"https:\/\/lofimusic.com.es\/index.php\/producto\/b0d21l3rpl_de\/","title":{"rendered":"B0D21L3RPL_DE"},"content":{"rendered":"<p>&#8211; 100% sicherer Ultraschallmodus \u2705 Im Vergleich zu herk\u00f6mmlichen M\u00fcckenspulen oder Insektenschutzspray hat dieses Ultraschall-M\u00fcckenschutzmittel keine Gifte, Chemikalien, Fallen und t\u00f6tet, was bedeutet, dass es keinen Schaden f\u00fcr Kinder und Haustiere hat. Verwenden Sie physikalische, ungiftige und umweltfreundliche Methoden, um Sch\u00e4dlinge und M\u00e4use im Haus zu beseitigen.<br \/>\n&#8211; Selten \u2705 Stimuliert das sensorische und Nervensystem von Insekten und M\u00e4usen mit Ultraschallfrequenzen und verhindert, dass sie Immunit\u00e4t und Anpassungsf\u00e4higkeit entwickeln und Sie und Ihre Familie effektiv sch\u00fctzen. Das Wichtigste ist, dass es keine Ger\u00e4usche hat, die Ihren Schlaf st\u00f6ren und keinen Einfluss auf Ihr t\u00e4gliches Leben haben.<br \/>\n&#8211; Einfach zu bedienen \u2705 Kleines Design, einfach zu bedienen, stecken Sie es einfach in jede Steckdose, stellen Sie sicher, dass Sie es vertikal installieren, 80-120 cm \u00fcber dem Boden. Es sind keine komplizierten Installationsverfahren erforderlich und Sie k\u00f6nnen innerhalb von 2-3 Wochen das Verschwinden von Sch\u00e4dlingen oder Nagetieren feststellen.<br \/>\n&#8211; NEUES UPDATE 2023 \u2705 In der warmen Jahreszeit ist dies ein Muss f\u00fcr jedes Zuhause oder B\u00fcro. Verbessert und aktualisiert, verwendet es exklusive Ultraschall, um eine Vielzahl von Insekten und Nagetieren zu behandeln, einschlie\u00dflich M\u00e4use, Eichh\u00f6rnchen, Ameisen, Insekten, Kakerlaken, M\u00fccken, Fruchtfliegen, Fl\u00f6he, Grillen, Bienen, Maulw\u00fcrfe, Schlangen, Skorpione, Flederm\u00e4use, Wespen und mehr, usw. Effiziente Entsorgung<br \/>\n&#8211; Breites Anwendungsspektrum \u2705 Der effektive Abdeckungsbereich des Ultraschall-M\u00fcckenschutzes betr\u00e4gt 1200 m\u00b2. Es kann weit verbreitet in Haus, Wohnzimmer, Schlafzimmer, K\u00fcche, Flur, Lager, Wohnung, B\u00fcro, Garten, Hotel, Keller usw. verwendet werden. Da Ultraschallwellen nicht durch W\u00e4nde gelangen k\u00f6nnen, empfehlen wir Ihnen, jeden Raum mit einem Insektenschutzmittel auszustatten.<\/p>\n","protected":false},"excerpt":{"rendered":"<p>Werbung<br \/>\nUltraschall-Abwehrmittel f\u00fcr M\u00e4use, Insekten, M\u00fccken, Kakerlaken, Ratten, Ameisen, Spinnen \u2013 4 St\u00fcck, Ultraschall gegen M\u00fccken, Ultraschall f\u00fcr den Innenbereich<\/p>\n","protected":false},"featured_media":1010,"comment_status":"open","ping_status":"closed","template":"","meta":[],"product_cat":[15],"product_tag":[],"class_list":{"0":"post-1011","1":"product","2":"type-product","3":"status-publish","4":"has-post-thumbnail","6":"product_cat-sin-categorizar","7":"nodate","8":"item-wrap","10":"first","11":"instock","12":"shipping-taxable","13":"product-type-external"},"_links":{"self":[{"href":"https:\/\/lofimusic.com.es\/index.php\/wp-json\/wp\/v2\/product\/1011","targetHints":{"allow":["GET"]}}],"collection":[{"href":"https:\/\/lofimusic.com.es\/index.php\/wp-json\/wp\/v2\/product"}],"about":[{"href":"https:\/\/lofimusic.com.es\/index.php\/wp-json\/wp\/v2\/types\/product"}],"replies":[{"embeddable":true,"href":"https:\/\/lofimusic.com.es\/index.php\/wp-json\/wp\/v2\/comments?post=1011"}],"wp:featuredmedia":[{"embeddable":true,"href":"https:\/\/lofimusic.com.es\/index.php\/wp-json\/wp\/v2\/media\/1010"}],"wp:attachment":[{"href":"https:\/\/lofimusic.com.es\/index.php\/wp-json\/wp\/v2\/media?parent=1011"}],"wp:term":[{"taxonomy":"product_cat","embeddable":true,"href":"https:\/\/lofimusic.com.es\/index.php\/wp-json\/wp\/v2\/product_cat?post=1011"},{"taxonomy":"product_tag","embeddable":true,"href":"https:\/\/lofimusic.com.es\/index.php\/wp-json\/wp\/v2\/product_tag?post=1011"}],"curies":[{"name":"wp","href":"https:\/\/api.w.org\/{rel}","templated":true}]}}