{"id":1007,"date":"2024-09-14T03:44:04","date_gmt":"2024-09-14T03:44:04","guid":{"rendered":"https:\/\/lofimusic.com.es\/index.php\/producto\/b0d3pqpczd_de\/"},"modified":"2024-09-14T03:44:04","modified_gmt":"2024-09-14T03:44:04","slug":"b0d3pqpczd_de","status":"publish","type":"product","link":"https:\/\/lofimusic.com.es\/index.php\/producto\/b0d3pqpczd_de\/","title":{"rendered":"B0D3PQPCZD_DE"},"content":{"rendered":"<p>&#8211; EINFACH ZU INSTALLIEREN: Sie h\u00e4ngen den solaren Tierabwehr einfach an eine Wand oder in den Boden. Stellen Sie sicher, dass Sie unser Tierabwehrmittel auf den Bereich richten, den Sie am besten sch\u00fctzen m\u00f6chten. Das Ger\u00e4t sendet hochfrequente T\u00f6ne unterschiedlicher H\u00f6he aus, die f\u00fcr Menschen nicht h\u00f6rbar sind.<br \/>\n&#8211; SOLARBETRIEBEN UND WASSERDICHT: Katzenschreck Ultraschall mit einem Solarpanel auf der Oberseite, das Sonnenenergie sammeln kann. Material des solaren Tierabwehrmittels ist eine hochwertige ABS-Kunststoffkonstruktion, die robuste Hartschale ist vor Regen, Schnee und Wind gesch\u00fctzt und f\u00fcr raue Wetterbedingungen geeignet.<br \/>\n&#8211; LEISTUNGSSTARKE ULTRASCHALL: Der integrierte PIR-sensor erkennt eine pr\u00e4senz im frontbereich im umkreis von 120\u00b0 bis zu 12 metern. Das tierabwehrmittel wird automatisch aktiviert und sendet ultraschall aus, wenn tiere in seinen erfassungsbereich kommen.<br \/>\n&#8211; MEHRERE GELEGENHEITEN: Dieser tiervertreiber kann \u00fcberall zum schutz vor st\u00f6renden wildtieren verwendet werden und bietet 24-Stunden-Schutz f\u00fcr Ihren Bauernhof, Garten, Hof, Rasen, Terrasse, Garage, Kabine, Schuppen oder wo immer eine sichere und effektive Sch\u00e4dlingsbek\u00e4mpfung ist erforderlich.<br \/>\n&#8211; NACHHALTIGES LADE-SOLARDESIGN: Dieser wasserdichte, solarbetriebene Katzenvertreiber hat oben ein Solarpanel, sodass Sie sich keine Gedanken \u00fcber zus\u00e4tzliche Batterien machen m\u00fcssen, da er mit Solarladung wiederverwendet werden kann.<\/p>\n","protected":false},"excerpt":{"rendered":"<p>Werbung<br \/>\nUltraschall Katzenschreck 2024, Outdoor-Vertreiber f\u00fcr Tiere,USB, vertreibt Tiere im Freien wie Katzen, Ratten, Hunde, V\u00f6gel, F\u00fcchse, Solar-Ultraschall-Katzenvertreiber<\/p>\n","protected":false},"featured_media":1006,"comment_status":"open","ping_status":"closed","template":"","meta":[],"product_cat":[15],"product_tag":[],"class_list":{"0":"post-1007","1":"product","2":"type-product","3":"status-publish","4":"has-post-thumbnail","6":"product_cat-sin-categorizar","7":"nodate","8":"item-wrap","10":"first","11":"instock","12":"shipping-taxable","13":"product-type-external"},"_links":{"self":[{"href":"https:\/\/lofimusic.com.es\/index.php\/wp-json\/wp\/v2\/product\/1007","targetHints":{"allow":["GET"]}}],"collection":[{"href":"https:\/\/lofimusic.com.es\/index.php\/wp-json\/wp\/v2\/product"}],"about":[{"href":"https:\/\/lofimusic.com.es\/index.php\/wp-json\/wp\/v2\/types\/product"}],"replies":[{"embeddable":true,"href":"https:\/\/lofimusic.com.es\/index.php\/wp-json\/wp\/v2\/comments?post=1007"}],"wp:featuredmedia":[{"embeddable":true,"href":"https:\/\/lofimusic.com.es\/index.php\/wp-json\/wp\/v2\/media\/1006"}],"wp:attachment":[{"href":"https:\/\/lofimusic.com.es\/index.php\/wp-json\/wp\/v2\/media?parent=1007"}],"wp:term":[{"taxonomy":"product_cat","embeddable":true,"href":"https:\/\/lofimusic.com.es\/index.php\/wp-json\/wp\/v2\/product_cat?post=1007"},{"taxonomy":"product_tag","embeddable":true,"href":"https:\/\/lofimusic.com.es\/index.php\/wp-json\/wp\/v2\/product_tag?post=1007"}],"curies":[{"name":"wp","href":"https:\/\/api.w.org\/{rel}","templated":true}]}}